MONTHLY CLIMATOLOGICAL SUMMARY for APR. 2018

NAME: Stenimachos   CITY: Naousa STATE: Imathia
ELEV: 140 LAT: 040:36:00 LONG: -022:07:00

                            TEMPERATURE ( C), RAIN (mm), WIND SPEED (kmh)

                                               HEAT     COOL           AVG
      MEAN                                     DEG      DEG            WIND                       DOM
DAY   TEMP    HIGH   TIME     LOW    TIME      DAYS     DAYS    RAIN   SPEED    HIGH    TIME      DIR
----------------------------------------------------------------------------------------------------------------------------------------------------------
01    14.7    20.1   14:17    10.3   07:34     03.6     00.0    00.5   10.9     53.6    14:24      W 
02    14.4    21.2   16:13    09.7   07:46     03.9     00.0    00.0   08.1     37.0    03:17     WSW
03    13.8    21.3   16:07    07.1   07:43     04.5     00.0    00.0   07.5     20.4    05:14     WSW
04    14.1    21.8   17:19    07.7   07:23     04.2     00.0    00.0   07.0     16.6    07:37     WSW
05    15.4    21.8   15:22    10.3   05:07     02.9     00.0    00.0   03.9     14.8    23:15     WSW
06    15.5    20.8   17:33    11.8   00:00     02.8     00.0    02.8   05.6     27.8    12:21     WNW
07    14.9    21.3   16:57    10.7   01:16     03.4     00.0    00.3   05.6     20.4    23:53     WSW
08    17.6    25.9   16:53    11.0   07:37     00.7     00.0    00.0   06.9     20.4    04:21     WSW
09    16.5    24.5   15:56    09.5   07:10     01.8     00.0    00.0   07.4     18.5    15:33     WSW
10    15.5    23.0   15:31    08.6   07:31     02.8     00.0    00.0   06.2     16.6    07:25     WSW
11    14.7    21.0   17:43    10.1   07:32     03.6     00.0    00.0   05.5     16.6    23:17     WSW
12    16.3    24.7   16:36    08.6   07:27     02.0     00.0    00.0   05.1     16.6    04:07     WSW
13    17.1    25.1   15:56    10.5   07:18     01.2     00.0    00.0   04.9     16.6    22:07     WSW
14    18.7    26.8   16:28    11.8   06:44     00.0     00.4    00.0   05.0     16.6    16:36     WSW
15    18.1    23.5   15:51    13.4   07:20     00.2     00.0    00.0   05.5     16.6    21:33     WSW
16    15.3    18.8   16:38    12.8   21:55     03.0     00.0    03.9   03.3     14.8    22:28     WSW
17    16.6    23.6   16:43    11.3   06:18     01.7     00.0    00.0   04.9     18.5    23:57     WSW
18    19.1    25.1   17:47    13.7   05:06     00.0     00.8    00.0   05.0     20.4    00:35     WSW
19    18.7    24.9   15:10    14.6   00:58     00.0     00.4    01.7   04.9     20.4    22:13      W 
20    19.4    27.0   15:13    13.5   00:00     00.0     01.1    00.0   08.7     27.8    16:16      NW
21    16.8    23.9   17:12    09.7   07:11     01.5     00.0    00.0   06.1     22.2    13:46     WSW
22    17.6    27.1   16:15    09.2   07:06     00.7     00.0    00.0   07.3     18.5    22:20     WSW
23    17.4    29.0   16:42    10.9   07:02     00.9     00.0    00.0   06.9     20.4    20:46     WSW
24    19.8    28.6   15:51    11.8   06:42     00.0     01.5    00.0   05.1     18.5    06:51     WSW
25    20.8    29.0   16:56    14.2   07:28     00.0     02.5    00.0   09.1     16.6    21:29     WSW
----------------------------------------------------------------------------------------------------------------------------------------------------------
16.8 (17.5)   29.0  day 23     07.1  day 03   045.3    006.7   009.2   06.3     53.7   day 01     WSW
Min <=   30: 25
Max Rain: 3.9 ON 16-04-18
Days of Rain: 5 (> .2mm) 2 (> 2mm) 0 (> 20mm)