MONTHLY CLIMATOLOGICAL SUMMARY for OCT. 2009

NAME: Stenimachos   CITY: Naoussa STATE: Imathia
ELEV: 140 LAT: 040:36:14 LONG: 0022:07:25

                            TEMPERATURE ( C), RAIN (mm), WIND SPEED (kmh)

                                                 HEAT     COOL           AVG
      MEAN                                       DEG      DEG            WIND                        DOM
DAY   TEMP    HIGH   TIME      LOW     TIME      DAYS     DAYS   RAIN    SPEED    HIGH    TIME       DIR
----------------------------------------------------------------------------------------------------------------------------------------------------------
01    20.6    27.4   16:01    14.9   07:10     00.0     02.3    00.0   08.1     20.4    03:50     WSW
02    19.4    23.7   17:02    15.1   06:09     00.0     01.1    00.3   06.8     18.5    07:49      W 
03    17.6    19.9   14:52    14.6   00:00     00.7     00.0    11.6   03.3     14.8    18:02      NW
04    16.9    21.9   16:24    13.6   07:33     01.4     00.0    00.0   04.4     16.6    23:53      S 
05    18.2    24.6   18:05    13.7   07:10     00.1     00.0    00.0   08.5     18.5    23:12     WSW
06    19.4    25.9   15:37    14.9   07:39     00.0     01.1    00.0   08.0     18.5    23:34     WSW
07    19.3    25.9   17:05    14.4   07:41     00.0     01.0    00.0   08.5     20.4    06:21     WSW
08    19.3    25.9   15:59    14.0   07:55     00.0     01.0    00.0   08.7     20.4    22:13     WSW
09    19.7    27.2   17:15    14.0   07:36     00.0     01.4    00.0   09.1     20.4    21:05     WSW
10    20.2    26.9   16:14    15.2   07:38     00.0     01.9    00.0   08.2     18.5    07:11     WSW
11    18.8    25.7   17:12    14.4   07:38     00.0     00.5    00.0   09.0     18.5    07:28     WSW
12    18.7    22.9   14:54    15.4   05:48     00.0     00.4    00.0   06.0     16.6    04:41      W 
14    14.3    21.5   13:37    05.7   07:51     04.0     00.0    00.3   08.5     53.6    14:41     WNW
15    09.6    14.4   17:01    04.7   08:17     08.7     00.0    04.6   06.2     18.5    00:05     WSW
16    11.3    14.2   15:00    09.3   02:38     07.0     00.0    06.6   02.4     14.8    16:52      S 
17    11.7    15.8   16:45    08.7   08:24     06.6     00.0    08.3   03.4     16.6    22:52      SW
18    12.6    14.9   15:55    09.5   02:19     05.7     00.0    00.0   04.6     14.8    03:55      W 
19    13.9    17.8   17:48    11.6   00:34     04.4     00.0    00.0   05.3     20.4    22:26     WSW
20    14.1    18.7   15:15    10.1   08:07     04.2     00.0    00.0   06.9     22.2    10:00     WSW
21    13.7    20.1   16:02    08.2   08:16     04.6     00.0    00.0   08.5     20.4    22:09     WSW
22    13.5    18.7   15:55    09.0   07:55     04.8     00.0    00.0   07.7     20.4    02:11     WSW
23    15.2    17.9   15:58    11.9   03:35     03.1     00.0    05.2   04.7     20.4    03:36      W 
24    15.7    17.6   16:43    14.5   08:53     02.6     00.0    119.7   03.0     18.5    22:00      NW
25    16.0    17.7   13:44    15.1   09:48     02.3     00.0    33.5   06.2     18.5    10:52      W 
26    17.0    19.6   15:29    15.9   02:02     01.3     00.0    00.5   08.0     20.4    11:52      W 
27    17.3    19.7   16:42    14.2   07:14     01.0     00.0    00.0   05.5     16.6    07:05      W 
28    15.1    19.7   14:48    10.3   23:45     03.2     00.0    00.0   07.3     20.4    18:48      W 
29    12.2    17.0   15:19    08.9   04:22     06.1     00.0    00.0   07.8     18.5    23:29     WSW
30    12.2    16.5   12:17    08.8   22:31     06.1     00.0    00.0   07.8     25.9    12:37     WNW
31    09.5    13.7   14:37    06.5   08:21     08.8     00.0    00.0   04.6     12.9    18:38     WSW
----------------------------------------------------------------------------------------------------------------------------------------------------------
15.8 (16.2)   27.4  day 01     04.7  day 15   086.7    010.5   190.9   06.6     53.7   day 13     WSW
Min <=   30: 30
Max Rain: 119.7 ON 24-10-09
Days of Rain: 10 (> .2mm) 7 (> 2mm) 2 (> 20mm)