MONTHLY CLIMATOLOGICAL SUMMARY for OCT. 2012

NAME: Stenimachos   CITY: Naousa STATE: Imathia
ELEV: 140 LAT: 040:36:00 LONG: -022:07:00

                            TEMPERATURE ( C), RAIN (mm), WIND SPEED (kmh)

                                               HEAT     COOL           AVG
      MEAN                                     DEG      DEG            WIND                       DOM
DAY   TEMP    HIGH   TIME     LOW    TIME      DAYS     DAYS    RAIN   SPEED    HIGH    TIME      DIR
----------------------------------------------------------------------------------------------------------------------------------------------------------
01    24.0    32.0   16:39    18.4   07:08     00.0     05.7    00.0   08.8     20.4    05:41     WSW
02    22.1    28.3   15:26    16.9   08:03     00.0     03.8    00.0   08.3     18.5    01:23     WSW
03    21.8    28.9   17:36    16.2   06:27     00.0     03.5    00.0   08.5     18.5    22:31     WSW
04    21.7    27.3   15:47    17.6   06:27     00.0     03.4    00.0   08.7     20.4    07:18      W 
05    21.2    28.5   16:24    15.6   07:26     00.0     02.9    00.0   08.2     18.5    23:48     WSW
06    20.7    27.1   16:54    15.6   07:45     00.0     02.4    00.0   08.4     18.5    23:59     WSW
07    19.6    27.0   17:01    14.8   14:00     00.0     01.3    00.0   09.5     20.4    01:46     WSW
08    19.7    24.4   15:12    13.8   23:40     00.0     01.4    00.0   08.8     31.5    14:08     WNW
09    15.7    21.0   16:01    11.8   08:06     02.6     00.0    00.0   05.8     14.8    23:59     WSW
10    15.8    19.1   17:07    12.5   03:46     02.5     00.0    00.5   06.6     16.7    04:22      SW
11    17.6    24.0   15:59    12.5   08:21     00.7     00.0    00.0   08.0     18.5    21:17      SW
12    17.8    21.8   15:51    13.6   05:46     00.5     00.0    00.0   06.7     14.8    06:10      W 
13    20.0    25.0   15:59    16.4   08:20     00.0     01.7    00.0   05.9     14.8    19:45      W 
14    19.6    22.0   16:46    17.6   08:39     00.0     01.3    01.0   04.9     14.8    21:08      W 
15    18.1    22.6   16:54    16.0   22:58     00.2     00.0    01.6   08.2     18.5    22:07     WSW
16    17.3    20.0   16:18    14.9   06:42     01.0     00.0    06.2   06.2     11.1    07:21     WSW
17    19.6    26.4   17:10    15.4   06:23     00.0     01.3    00.3   07.4     20.4    22:45     WSW
18    19.0    24.7   15:26    14.2   08:09     00.0     00.7    00.0   08.8     18.5    22:18     WSW
19    18.9    25.9   17:16    14.4   08:13     00.0     00.6    00.0   08.3     18.5    22:54     WSW
20    18.2    25.2   16:58    13.7   08:05     00.1     00.0    00.0   08.6     18.5    20:27     WSW
21    18.6    24.8   16:42    14.9   00:00     00.0     00.3    00.0   06.0     20.4    22:42      W 
22    17.2    23.3   15:13    12.7   06:57     01.1     00.0    00.0   09.2     20.4    19:26     WSW
23    17.8    23.7   17:31    13.5   06:45     00.5     00.0    00.0   08.8     18.5    22:41     WSW
24    16.6    22.2   17:24    12.8   00:00     01.7     00.0    00.0   08.7     18.5    20:32     WSW
25    14.4    21.3   16:17    10.6   08:11     03.9     00.0    00.0   08.8     18.5    22:04     WSW
26    15.4    22.2   16:27    10.7   08:12     02.9     00.0    00.0   08.7     20.4    20:24     WSW
27    14.4    16.3   14:10    12.5   05:53     03.9     00.0    06.9   05.8     16.7    04:16     WSW
28    16.3    18.2   13:44    14.5   00:40     02.0     00.0    19.1   05.0     13.0    03:59     WNW
29    17.3    21.5   14:59    13.2   23:17     01.0     00.0    03.8   05.9     20.4    21:32      W 
30    15.2    19.6   15:56    09.6   23:39     03.1     00.0    00.0   09.1     22.2    04:36      W 
31    12.6    18.0   13:14    07.8   05:30     05.7     00.0    00.0   08.5     20.4    06:19     WSW
----------------------------------------------------------------------------------------------------------------------------------------------------------
18.2 (18.8)   32.0  day 01     07.8  day 31   033.4    030.2   039.4   07.7     31.5   day 30     WSW
Max >=  30: 1
Min <=   30: 31
Max Rain: 19.1 ON 28-10-12
Days of Rain: 8 (> .2mm) 4 (> 2mm) 0 (> 20mm)