MONTHLY CLIMATOLOGICAL SUMMARY for OCT. 2016

NAME: Stenimachos   CITY: Naousa STATE: Imathia
ELEV: 140 LAT: 040:36:00 LONG: -022:07:00

                            TEMPERATURE ( C), RAIN (mm), WIND SPEED (kmh)

                                               HEAT     COOL           AVG
      MEAN                                     DEG      DEG            WIND                       DOM
DAY   TEMP    HIGH   TIME     LOW    TIME      DAYS     DAYS    RAIN   SPEED    HIGH    TIME      DIR
----------------------------------------------------------------------------------------------------------------------------------------------------------
01    18.5    26.2   15:25    12.5   07:59     00.0     00.2    00.0   07.3     20.4    00:00     WSW
02    19.2    26.3   15:41    14.0   07:25     00.0     00.9    00.0   06.4     18.5    20:07     WSW
03    20.6    28.2   15:12    15.7   08:08     00.0     02.3    00.0   07.2     22.2    20:32     WSW
04    20.1    27.4   14:46    15.1   00:00     00.0     01.8    00.0   05.9     20.4    07:03     WSW
05    16.5    22.2   13:16    11.8   07:50     01.8     00.0    00.0   06.1     24.1    13:32      W 
06    14.6    21.3   15:47    09.2   06:19     03.7     00.0    00.0   06.0     16.6    22:59     WSW
07    15.3    19.9   13:39    12.1   06:58     03.0     00.0    04.9   05.8     18.5    22:43     WSW
08    15.4    20.5   16:18    10.8   00:00     02.9     00.0    00.0   05.3     20.4    00:49     WSW
09    13.9    20.8   16:23    08.5   07:57     04.4     00.0    00.0   07.2     18.5    20:19     WSW
10    15.3    16.7   18:53    13.2   00:09     03.0     00.0    04.9   02.8     16.6    01:00     WSW
11    16.3    17.9   17:37    15.2   06:18     02.0     00.0    06.4   01.1     12.9    23:42     WSW
12    16.2    20.9   16:53    10.8   00:00     02.1     00.0    00.0   03.1     18.5    21:23     WSW
13    12.9    20.0   16:29    07.6   07:57     05.4     00.0    00.0   05.9     18.5    23:57     WSW
14    14.6    21.7   16:03    09.3   07:45     03.7     00.0    00.0   06.7     20.4    00:13     WSW
15    15.5    20.8   14:14    11.3   05:55     02.8     00.0    00.0   04.6     16.6    01:18     WSW
16    16.9    20.8   14:06    15.1   21:28     01.4     00.0    00.0   02.2     14.8    22:47      W 
17    15.6    18.4   12:24    13.9   23:50     02.7     00.0    01.9   03.5     20.4    13:12     WSW
18    12.7    14.0   00:40    11.7   11:02     05.6     00.0    01.4   01.0     11.1    23:24     WNW
19    12.6    14.5   16:45    10.9   08:29     05.7     00.0    00.3   01.1     09.3    09:55      W 
21    14.4    16.0   12:00    14.1   00:00     03.9     00.0    00.0   00.0     03.7    12:00      S 
22    15.3    17.4   15:41    14.1   06:02     03.0     00.0    09.6   00.8     11.1    15:45      W 
23    16.1    19.6   17:04    12.7   08:02     02.2     00.0    00.0   04.8     14.8    08:23     WSW
24    17.0    20.9   13:50    13.9   08:09     01.3     00.0    00.0   03.4     14.8    21:16     WSW
25    16.7    20.1   13:29    13.6   08:20     01.6     00.0    00.0   02.2     12.9    07:31     WSW
26    16.4    18.2   16:32    14.5   21:49     01.9     00.0    00.0   00.7     12.9    21:30     WNW
27    15.5    16.8   13:15    14.5   00:00     02.8     00.0    04.9   01.8     14.8    03:13     WSW
28    12.4    14.5   00:26    10.6   00:00     05.9     00.0    02.2   01.8     14.8    19:29      W 
29    11.3    16.1   16:26    08.0   08:43     07.0     00.0    00.0   04.3     16.6    20:21     WSW
30    11.4    18.6   14:32    07.6   02:20     06.9     00.0    00.0   06.1     16.6    04:30     WSW
31    10.2    15.7   13:41    06.1   00:00     08.1     00.0    00.0   06.4     31.4    05:40     WNW
----------------------------------------------------------------------------------------------------------------------------------------------------------
15.4 (15.8)   28.2  day 03     06.1  day 31   099.5    007.8   037.1   04.0     31.5   day 04     WSW
Min <=   30: 32
Max Rain: 9.6 ON 22-10-16
Days of Rain: 10 (> .2mm) 6 (> 2mm) 0 (> 20mm)