MONTHLY CLIMATOLOGICAL SUMMARY for NOV. 2009

NAME: Stenimachos   CITY: Naoussa STATE: Imathia
ELEV: 140 LAT: 040:36:14 LONG: 0022:07:25

                            TEMPERATURE ( C), RAIN (mm), WIND SPEED (kmh)

                                                 HEAT     COOL           AVG
      MEAN                                       DEG      DEG            WIND                        DOM
DAY   TEMP    HIGH   TIME      LOW     TIME      DAYS     DAYS   RAIN    SPEED    HIGH    TIME       DIR
----------------------------------------------------------------------------------------------------------------------------------------------------------
01    07.3    12.1   15:17    03.3   06:58     11.0     00.0    00.0   07.3     18.5    22:10     WSW
02    05.8    10.5   16:15    02.0   06:53     12.5     00.0    00.0   07.7     18.5    18:54     WSW
03    06.3    07.8   20:37    05.2   00:56     12.0     00.0    23.7   05.0     14.8    22:12      W 
04    10.2    16.2   16:00    05.8   07:41     08.1     00.0    04.5   06.7     20.4    20:47     WSW
05    11.9    16.8   14:15    07.8   06:53     06.4     00.0    00.0   06.7     18.5    00:32     WSW
06    14.6    16.5   14:29    12.4   07:12     03.7     00.0    00.3   04.5     14.8    03:23      W 
07    16.4    18.2   11:56    14.8   05:11     01.9     00.0    01.3   04.4     14.8    06:12      W 
08    16.0    17.3   15:55    13.3   00:00     02.3     00.0    15.1   02.6     16.6    23:35     WSW
09    13.9    15.2   13:15    12.1   04:43     04.4     00.0    01.7   05.6     16.6    04:24      W 
10    12.9    14.6   12:42    09.6   23:42     05.4     00.0    03.0   06.3     22.2    08:46      W 
11    10.9    15.0   16:02    08.5   03:37     07.4     00.0    00.0   07.3     20.4    00:32     WSW
12    08.6    10.5   18:09    07.4   00:00     09.7     00.0    00.0   11.6     18.5    22:14     WSW
13    10.6    17.5   15:44    06.2   05:08     07.7     00.0    00.0   09.6     20.4    20:56     WSW
14    09.4    14.5   14:50    06.0   07:14     08.9     00.0    00.0   08.6     20.4    22:04     WSW
15    10.1    14.6   16:22    06.3   05:41     08.2     00.0    00.0   07.1     18.5    01:39     WSW
16    13.5    19.7   14:39    09.6   06:38     04.8     00.0    00.0   07.5     20.4    21:16     WSW
17    13.3    20.9   15:54    08.7   06:09     05.0     00.0    00.0   08.9     20.4    21:15     WSW
18    12.9    17.7   14:56    10.4   00:10     05.4     00.0    00.0   06.5     18.5    23:02     WSW
19    13.6    20.2   16:03    09.9   04:17     04.7     00.0    00.0   08.8     20.4    21:24     WSW
20    12.7    20.6   15:27    08.6   07:51     05.6     00.0    00.0   09.9     22.2    23:12     WSW
21    11.8    19.0   15:34    07.4   07:31     06.5     00.0    00.0   09.5     22.2    19:59     WSW
22    11.2    18.4   15:40    07.5   07:46     07.1     00.0    00.0   09.8     20.4    20:40     WSW
23    10.7    17.0   15:20    07.1   07:41     07.6     00.0    00.0   08.9     22.2    20:13     WSW
24    11.0    16.2   15:33    07.0   06:30     07.3     00.0    00.0   09.1     20.4    07:53     WSW
25    12.0    18.9   14:08    08.4   04:51     06.3     00.0    00.0   09.6     20.4    23:43     WSW
26    10.9    18.2   15:37    07.2   08:03     07.4     00.0    00.0   09.6     20.4    23:11     WSW
27    09.7    14.4   15:59    06.3   07:33     08.6     00.0    00.0   09.4     20.4    00:41     WSW
28    11.0    15.1   15:12    07.0   08:06     07.3     00.0    00.0   06.2     16.6    21:14     WSW
29    12.6    18.5   14:42    08.5   08:34     05.7     00.0    00.0   07.7     20.4    20:54     WSW
30    11.0    13.7   16:11    07.7   04:37     07.3     00.0    00.0   06.8     18.5    02:07     WSW
----------------------------------------------------------------------------------------------------------------------------------------------------------
11.4 (12.1)   20.9  day 17     02.0  day 02   206.1    000.0   049.5   07.6     22.2   day 25     WSW
Min <=   30: 30
Max Rain: 23.7 ON 3-11-09
Days of Rain: 7 (> .2mm) 4 (> 2mm) 1 (> 20mm)