MONTHLY CLIMATOLOGICAL SUMMARY for NOV. 2010

NAME: Stenimachos   CITY: Naoussa STATE: Imathia
ELEV: 140 LAT: 040:36:14 LONG: 0022:07:25

                            TEMPERATURE ( C), RAIN (mm), WIND SPEED (kmh)

                                                 HEAT     COOL           AVG
      MEAN                                       DEG      DEG            WIND                        DOM
DAY   TEMP    HIGH   TIME      LOW     TIME      DAYS     DAYS   RAIN    SPEED    HIGH    TIME       DIR
----------------------------------------------------------------------------------------------------------------------------------------------------------
01    10.5    15.9   15:17    05.4   06:58     11.0     00.0    00.0   07.3     18.5    22:10     WSW
02    10.1    15.9   16:15    06.0   06:53     12.5     00.0    00.0   07.7     18.5    18:54     WSW
03    12.2    18.6   20:37    07.7   00:56     12.0     00.0    00.0   05.0     14.8    22:12      W 
04    14.9    22.0   16:00    10.8   07:41     08.1     00.0    00.0   06.7     20.4    20:47     WSW
05    16.1    24.3   14:15    11.7   06:53     06.4     00.0    00.0   06.7     18.5    00:32     WSW
06    16.2    23.9   14:29    12.2   07:12     03.7     00.0    00.0   04.5     14.8    03:23      W 
07    14.6    21.2   11:56    10.7   05:11     01.9     00.0    00.0   04.4     14.8    06:12      W 
08    13.8    14.4   15:55    12.7   00:00     02.3     00.0    18.9   02.6     16.6    23:35     WSW
09    14.6    19.5   13:15    12.7   04:43     04.4     00.0    02.7   05.6     16.6    04:24      W 
10    17.6    23.4   12:42    12.9   23:42     05.4     00.0    00.0   06.3     22.2    08:46      W 
11    16.9    20.1   16:02    14.6   03:37     07.4     00.0    00.0   07.3     20.4    00:32     WSW
12    16.2    21.3   18:09    12.4   00:00     09.7     00.0    00.0   11.6     18.5    22:14     WSW
13    14.6    20.3   15:44    10.9   05:08     07.7     00.0    00.0   09.6     20.4    20:56     WSW
14    15.5    22.6   14:50    11.3   07:14     08.9     00.0    00.0   08.6     20.4    22:04     WSW
15    16.6    23.1   16:22    12.7   05:41     08.2     00.0    00.0   07.1     18.5    01:39     WSW
16    15.1    19.4   14:39    11.9   06:38     04.8     00.0    00.0   07.5     20.4    21:16     WSW
17    13.2    15.2   15:54    10.6   06:09     05.0     00.0    01.0   08.9     20.4    21:15     WSW
18    13.4    18.4   14:56    10.6   00:10     05.4     00.0    00.0   06.5     18.5    23:02     WSW
19    13.8    18.3   16:03    10.2   04:17     04.7     00.0    00.0   08.8     20.4    21:24     WSW
20    12.9    17.7   15:27    10.0   07:51     05.6     00.0    00.0   09.9     22.2    23:12     WSW
21    12.1    16.6   15:34    08.2   07:31     06.5     00.0    00.0   09.5     22.2    19:59     WSW
22    13.7    15.2   15:40    12.2   07:46     07.1     00.0    00.0   09.8     20.4    20:40     WSW
23    14.9    19.0   15:20    11.5   07:41     07.6     00.0    01.0   08.9     22.2    20:13     WSW
24    13.6    17.0   15:33    10.4   06:30     07.3     00.0    00.0   09.1     20.4    07:53     WSW
25    10.8    14.9   14:08    06.2   04:51     06.3     00.0    00.0   09.6     20.4    23:43     WSW
26    09.3    10.9   15:37    08.2   08:03     07.4     00.0    12.8   09.6     20.4    23:11     WSW
27    11.5    17.5   15:59    07.5   07:33     08.6     00.0    00.3   09.4     20.4    00:41     WSW
28    12.4    15.9   15:12    09.5   08:06     07.3     00.0    00.0   06.2     16.6    21:14     WSW
29    16.7    21.7   14:42    12.7   08:34     05.7     00.0    02.2   07.7     20.4    20:54     WSW
30    14.4    18.1   16:11    10.8   04:37     07.3     00.0    00.0   06.8     18.5    02:07     WSW
----------------------------------------------------------------------------------------------------------------------------------------------------------
13.9 (14.6)   24.3  day 05     05.4  day 01   131.0    000.0   038.9   07.1     53.7   day 09     WSW
Min <=   30: 30
Max Rain: 18.9 ON 08-11-10
Days of Rain: 7 (> .2mm) 4 (> 2mm) 0 (> 20mm)