MONTHLY CLIMATOLOGICAL SUMMARY for NOV. 2011

NAME: Stenimachos   CITY: Naousa STATE: Imathia
ELEV: 140 LAT: 040:36:00 LONG: -022:07:00

                            TEMPERATURE ( C), RAIN (mm), WIND SPEED (kmh)

                                               HEAT     COOL           AVG
      MEAN                                     DEG      DEG            WIND                       DOM
DAY   TEMP    HIGH   TIME     LOW    TIME      DAYS     DAYS    RAIN   SPEED    HIGH    TIME      DIR
----------------------------------------------------------------------------------------------------------------------------------------------------------
01    09.1    15.4   16:10    04.6   06:55     09.2     00.0    00.0   08.9     18.5    22:05     WSW
02    10.0    16.4   15:02    05.7   06:23     08.3     00.0    00.0   08.9     18.5    20:47     WSW
03    10.0    16.6   14:52    05.5   07:08     08.3     00.0    00.0   08.7     16.6    20:42     WSW
04    10.2    16.0   14:27    06.5   03:44     08.1     00.0    00.0   08.2     16.6    22:04     WSW
05    11.0    15.9   13:56    07.8   00:00     07.3     00.0    00.0   07.1     18.5    21:22     WSW
06    11.0    14.7   15:01    07.4   01:36     07.3     00.0    00.0   05.6     16.6    01:19     WSW
07    10.9    11.7   03:41    10.3   06:23     07.4     00.0    00.0   03.0     09.3    23:22      W 
08    11.8    13.3   13:35    10.7   07:27     06.5     00.0    00.3   02.3     07.4    21:00      W 
09    12.6    16.8   15:15    09.7   07:43     05.7     00.0    00.0   05.9     16.6    21:39     WSW
10    12.9    15.6   11:38    11.0   23:41     05.4     00.0    04.3   05.0     14.8    22:13     WSW
11    09.4    11.1   00:37    07.0   00:00     08.9     00.0    20.8   03.7     12.9    14:03      NW
12    05.6    07.1   07:49    04.4   20:20     12.7     00.0    04.4   04.1     12.9    23:41      W 
13    05.8    09.3   13:05    01.3   07:44     12.5     00.0    00.0   06.9     16.6    04:42     WSW
14    06.8    11.5   15:18    03.7   00:00     11.5     00.0    00.0   07.8     16.6    22:19     WSW
15    03.8    08.5   16:18   -00.3   07:49     14.5     00.0    00.0   09.8     18.5    20:18     WSW
16    04.1    10.4   15:51    00.3   07:24     14.2     00.0    00.0   09.1     18.5    21:28     WSW
17    05.0    10.8   14:59    01.1   07:46     13.3     00.0    00.0   09.3     18.5    20:36     WSW
18    04.6    10.1   15:27    01.3   07:22     13.7     00.0    00.0   09.7     18.5    20:54     WSW
19    04.8    11.6   15:56    01.0   07:26     13.5     00.0    00.0   09.7     20.4    18:22     WSW
20    05.2    11.7   15:48    01.3   07:37     13.1     00.0    00.0   09.9     18.5    23:54     WSW
21    05.2    11.6   15:48    01.6   07:13     13.1     00.0    00.0   09.9     20.4    18:09     WSW
22    06.4    10.1   15:55    02.4   07:22     11.9     00.0    00.0   07.3     18.5    00:22     WSW
23    08.3    10.4   12:31    05.7   06:23     10.0     00.0    01.6   04.9     12.9    07:58     WSW
24    07.6    08.7   02:22    06.1   20:11     10.7     00.0    05.3   03.7     14.8    22:25     WNW
25    07.6    08.8   15:37    06.7   07:39     10.7     00.0    00.0   04.7     11.1    11:42      W 
26    07.2    10.8   15:55    03.7   23:31     11.1     00.0    00.0   05.7     18.5    22:10     WSW
27    04.9    09.8   15:59    01.4   07:55     13.4     00.0    00.0   09.7     20.4    12:46     WSW
28    06.8    13.9   15:23    02.1   07:21     11.5     00.0    00.0   08.1     20.4    22:01     WSW
29    08.5    13.4   14:44    04.9   06:27     09.8     00.0    00.0   08.5     18.5    19:40     WSW
30    07.1    13.0   15:46    03.8   07:06     11.2     00.0    00.0   09.3     18.5    21:37     WSW
----------------------------------------------------------------------------------------------------------------------------------------------------------
07.8 (8.4)   16.8  day 09    -00.3  day 15   314.8    000.0   034.5   07.2     20.4   day 30     WSW
Min <=   30: 30
Max Rain: 20.8 ON 11-11-11
Days of Rain: 6 (> .2mm) 4 (> 2mm) 1 (> 20mm)