MONTHLY CLIMATOLOGICAL SUMMARY for NOV. 2012

NAME: Stenimachos   CITY: Naousa STATE: Imathia
ELEV: 140 LAT: 040:36:00 LONG: -022:07:00

                            TEMPERATURE ( C), RAIN (mm), WIND SPEED (kmh)

                                               HEAT     COOL           AVG
      MEAN                                     DEG      DEG            WIND                       DOM
DAY   TEMP    HIGH   TIME     LOW    TIME      DAYS     DAYS    RAIN   SPEED    HIGH    TIME      DIR
----------------------------------------------------------------------------------------------------------------------------------------------------------
01    13.5    14.9   18:36    12.3   06:14     04.8     00.0    09.3   05.3     16.7    23:49     WSW
02    16.1    21.7   16:02    13.0   01:55     02.2     00.0    00.3   08.2     16.7    22:05     WSW
03    16.2    22.5   14:32    11.6   07:31     02.1     00.0    00.0   09.0     18.5    02:02     WSW
04    14.7    20.0   16:17    11.3   06:59     03.6     00.0    00.0   08.5     18.5    22:07     WSW
05    14.8    19.4   16:03    11.5   07:43     03.5     00.0    00.0   06.3     16.7    21:21     WSW
06    17.9    23.7   16:10    14.9   07:28     00.4     00.0    00.3   05.8     27.8    20:08     WSW
07    15.4    19.7   14:13    09.6   00:00     02.9     00.0    01.4   05.8     16.7    14:44      SW
08    09.6    16.5   14:46    04.7   07:44     08.7     00.0    00.0   08.0     18.5    21:30     WSW
09    10.0    15.6   15:32    04.7   06:31     08.3     00.0    00.0   07.1     16.7    23:29     WSW
10    11.6    16.6   13:15    07.3   07:47     06.7     00.0    00.0   08.1     18.5    06:36     WSW
11    10.3    16.6   15:26    05.6   07:08     08.0     00.0    00.0   08.1     20.4    00:28     WSW
12    10.9    16.3   14:07    07.0   06:59     07.4     00.0    00.0   07.1     16.7    22:08     WSW
13    11.5    17.7   14:25    07.8   08:03     06.8     00.0    00.0   08.4     18.5    20:01     WSW
14    11.1    13.3   10:36    09.1   06:05     07.2     00.0    01.6   04.6     16.7    04:35     WSW
15    11.1    13.4   14:19    10.2   09:05     07.2     00.0    02.8   04.9     13.0    23:08      W 
16    12.7    15.4   13:50    11.1   05:32     05.6     00.0    00.0   06.1     14.8    21:43     WSW
17    12.4    14.0   16:16    10.2   21:17     05.9     00.0    00.0   05.6     18.5    03:18      W 
18    12.0    13.4   14:17    10.6   07:17     06.3     00.0    00.0   04.3     11.1    23:49     WSW
19    12.3    14.3   14:20    10.6   06:14     06.0     00.0    05.0   04.4     14.8    18:12     WSW
20    12.0    12.6   00:00    11.6   06:51     06.3     00.0    64.7   03.9     09.3    00:54     WNW
21    12.2    12.7   02:07    11.9   08:32     06.1     00.0    44.9   03.7     03.7    00:00      NW
22    11.5    15.9   15:09    09.8   22:48     06.8     00.0    00.0   05.9     13.0    23:11      W 
23    12.3    14.7   15:27    09.8   05:52     06.0     00.0    00.0   04.6     14.8    03:18     WSW
24    12.7    16.8   14:38    10.0   07:30     05.6     00.0    00.0   05.2     14.8    18:48     WSW
25    11.3    13.8   14:00    08.7   00:00     07.0     00.0    00.0   05.1     18.5    21:32     WSW
26    09.7    13.7   16:12    07.5   07:13     08.6     00.0    00.0   07.8     16.7    23:43     WSW
27    10.8    14.0   16:00    07.6   01:47     07.5     00.0    00.0   06.9     16.7    02:03     WSW
28    12.0    14.9   15:34    09.0   05:10     06.3     00.0    00.0   05.6     16.7    05:10     WSW
29    12.4    13.8   16:00    09.5   23:02     05.9     00.0    23.6   05.7     20.4    23:55      W 
30    12.3    15.6   15:42    09.3   02:12     06.0     00.0    00.0   07.7     20.4    00:27     WSW
----------------------------------------------------------------------------------------------------------------------------------------------------------
12.5 (12.9)   23.7  day 06     04.7  day 09   175.4    000.0   153.5   06.3     27.8   day 06     WSW
Min <=   30: 30
Max Rain: 64.7 ON 20-11-12
Days of Rain: 10 (> .2mm) 6 (> 2mm) 3 (> 20mm)