MONTHLY CLIMATOLOGICAL SUMMARY for NOV. 2013

NAME: Stenimachos   CITY: Naousa STATE: Imathia
ELEV: 140 LAT: 040:36:00 LONG: -022:07:00

                            TEMPERATURE ( C), RAIN (mm), WIND SPEED (kmh)

                                               HEAT     COOL           AVG
      MEAN                                     DEG      DEG            WIND                       DOM
DAY   TEMP    HIGH   TIME     LOW    TIME      DAYS     DAYS    RAIN   SPEED    HIGH    TIME      DIR
----------------------------------------------------------------------------------------------------------------------------------------------------------
01    15.4    19.9   15:16    11.9   07:20     02.9     00.0    00.0   04.5     16.6    21:00     WSW
02    15.0    19.9   16:20    11.6   05:50     03.3     00.0    00.0   05.7     14.8    21:08     WSW
03    14.6    20.5   16:11    10.4   07:07     03.7     00.0    00.0   07.3     16.6    23:41     WSW
04    16.0    19.2   14:15    12.6   04:45     02.3     00.0    00.0   04.0     16.6    01:33      W 
05    16.6    19.0   14:55    14.1   06:43     01.7     00.0    00.0   02.8     12.9    06:59      W 
06    16.8    19.7   16:08    14.8   07:40     01.5     00.0    03.6   02.6     12.9    23:29      W 
07    15.3    22.7   16:14    10.0   06:31     03.0     00.0    00.0   09.3     20.4    20:12     WSW
08    13.9    20.3   15:26    09.3   07:17     04.4     00.0    00.0   08.4     18.5    04:16     WSW
09    14.5    19.2   14:13    11.6   05:45     03.8     00.0    00.0   06.2     18.5    21:14     WSW
10    14.8    19.4   15:14    12.5   08:05     03.5     00.0    00.0   04.7     14.8    17:38     WSW
11    14.8    15.6   16:30    14.1   11:26     03.5     00.0    15.3   01.2     11.1    08:17      W 
12    15.9    17.1   16:42    15.0   00:13     02.4     00.0    47.9   03.8     25.9    16:21      SW
13    15.1    16.6   13:09    13.8   23:32     03.2     00.0    00.3   02.5     12.9    02:28      W 
14    12.8    13.9   00:43    11.1   00:00     05.5     00.0    03.5   02.7     12.9    20:02      W 
15    11.3    12.6   15:07    10.3   08:06     07.0     00.0    00.5   03.5     16.6    19:35     WSW
16    11.0    14.8   16:14    08.0   23:38     07.3     00.0    00.3   06.7     18.5    21:54     WSW
17    10.3    14.4   16:03    08.0   08:00     08.0     00.0    00.0   07.7     18.5    20:34     WSW
18    09.8    15.2   13:41    06.2   06:56     08.5     00.0    00.0   08.1     18.5    21:41     WSW
19    10.4    12.7   13:08    09.1   02:36     07.9     00.0    01.9   03.1     14.8    00:21     WSW
20    11.7    14.1   15:14    10.3   22:06     06.6     00.0    03.0   03.6     14.8    22:37      W 
21    12.5    14.8   14:00    10.9   04:34     05.8     00.0    00.0   05.6     14.8    23:16     WSW
22    12.9    18.1   14:32    09.4   08:23     05.4     00.0    00.0   07.6     16.6    19:40     WSW
23    12.2    15.5   14:47    09.0   03:55     06.1     00.0    00.8   06.2     18.5    22:13     WSW
24    10.0    11.4   15:02    08.6   00:00     08.3     00.0    08.1   04.7     20.4    02:00     WSW
25    09.7    12.5   15:02    07.9   01:35     08.6     00.0    00.9   04.2     14.8    00:11     WSW
26    07.2    08.6   00:55    05.9   10:04     11.1     00.0    00.3   02.2     09.3    20:43     SSE
27    05.8    10.9   14:33    02.0   23:50     12.5     00.0    01.1   04.4     14.8    08:08     WSW
28    03.8    09.4   14:01    01.1   23:50     14.5     00.0    00.0   08.0     16.6    08:02     WSW
29    03.2    11.7   15:18    00.4   08:34     15.1     00.0    00.0   07.3     16.6    20:52     WSW
----------------------------------------------------------------------------------------------------------------------------------------------------------
12.2 (12.8)   22.7  day 07     00.4  day 29   177.2    000.0   091.3   05.1     25.9   day 24     WSW
Min <=   30: 29
Max Rain: 47.9 ON 12-11-13
Days of Rain: 14 (> .2mm) 6 (> 2mm) 1 (> 20mm)