MONTHLY CLIMATOLOGICAL SUMMARY for NOV. 2014

NAME: Stenimachos   CITY: Naousa STATE: Imathia
ELEV: 140 LAT: 040:36:00 LONG: -022:07:00

                            TEMPERATURE ( C), RAIN (mm), WIND SPEED (kmh)

                                               HEAT     COOL           AVG
      MEAN                                     DEG      DEG            WIND                       DOM
DAY   TEMP    HIGH   TIME     LOW    TIME      DAYS     DAYS    RAIN   SPEED    HIGH    TIME      DIR
----------------------------------------------------------------------------------------------------------------------------------------------------------
01    09.3    15.1   15:43    05.2   07:11     09.0     00.0    00.0   07.2     16.6    00:00     WSW
02    08.7    14.7   15:53    04.7   07:37     09.6     00.0    00.0   08.9     20.4    20:29     WSW
03    09.6    14.7   15:35    06.0   07:36     08.7     00.0    00.0   07.9     20.4    00:42     WSW
04    11.3    15.1   14:45    07.9   00:17     07.0     00.0    00.0   06.2     18.5    21:57     WSW
05    12.6    15.1   15:07    10.1   03:11     05.7     00.0    00.0   03.9     12.9    21:02     WSW
06    14.0    15.7   14:57    11.9   08:27     04.3     00.0    00.0   03.5     11.1    03:55     WSW
07    15.1    16.4   13:18    14.3   06:01     03.2     00.0    05.2   02.2     09.3    22:30      W 
08    15.1    15.9   14:56    14.4   07:53     03.2     00.0    102.8   03.0     12.9    22:02     NNW
09    14.3    16.1   14:03    13.6   23:28     04.0     00.0    13.4   03.7     14.8    21:44      W 
10    13.4    17.6   15:37    10.3   07:43     04.9     00.0    00.0   07.7     16.6    22:18     WSW
11    13.6    14.9   15:13    11.7   01:00     04.7     00.0    00.0   01.8     12.9    00:37     WSW
12    13.4    14.4   13:05    12.1   06:03     04.9     00.0    02.2   02.8     12.9    01:06      W 
13    13.2    15.3   13:11    11.1   00:00     05.1     00.0    20.5   02.7     14.8    23:49     WSW
14    14.0    16.2   14:42    11.1   00:07     04.3     00.0    06.9   06.3     16.6    19:28     WSW
15    14.3    16.2   12:44    13.1   07:22     04.0     00.0    00.0   04.0     12.9    12:34     WSW
16    13.8    14.6   13:54    13.2   07:47     04.5     00.0    01.9   01.2     09.3    11:20     NNW
17    13.0    14.1   16:15    11.9   19:10     05.3     00.0    14.8   03.8     11.1    22:40      NW
18    13.5    15.4   15:27    10.7   05:57     04.8     00.0    00.0   04.2     16.6    06:01     WSW
19    14.2    16.1   14:26    12.3   19:37     04.1     00.0    27.3   04.8     33.3    23:51      W 
20    12.3    15.7   11:31    08.4   07:11     06.0     00.0    00.0   08.9     24.1    11:43     WNW
21    10.5    14.5   12:38    07.0   07:25     07.8     00.0    00.0   10.3     27.8    13:45     WNW
22    07.5    12.3   15:16    03.3   07:40     10.8     00.0    00.0   07.9     18.5    06:29     WSW
23    06.0    10.9   15:41    02.1   07:43     12.3     00.0    00.0   08.4     18.5    23:57     WSW
24    06.3    10.2   15:44    02.5   08:11     12.0     00.0    00.0   07.5     16.6    19:57     WSW
25    07.2    10.7   14:15    03.7   07:10     11.1     00.0    00.0   05.4     16.6    21:34     WSW
26    06.9    08.5   15:24    05.7   00:10     11.4     00.0    00.0   03.3     11.1    07:38     WSW
27    06.1    06.8   00:16    05.7   07:09     12.2     00.0    01.8   01.3     07.4    00:40     ENE
28    08.4    10.4   14:52    06.5   03:05     09.9     00.0    00.0   01.1     09.3    15:20     WSW
29    10.3    12.5   14:53    09.0   07:55     08.0     00.0    00.0   02.9     12.9    19:50     WSW
30    11.4    13.9   15:20    09.7   00:42     06.9     00.0    00.5   03.5     11.1    21:28     WSW
----------------------------------------------------------------------------------------------------------------------------------------------------------
11.3 (11.5)   17.6  day 10     02.1  day 23   209.6    000.0   198.0   04.9     33.3   day 19     WSW
Min <=   30: 30
Max Rain: 102.8 ON 8-11-14
Days of Rain: 11 (> .2mm) 8 (> 2mm) 3 (> 20mm)