MONTHLY CLIMATOLOGICAL SUMMARY for NOV. 2015

NAME: Stenimachos   CITY: Naousa STATE: Imathia
ELEV: 140 LAT: 040:36:00 LONG: -022:07:00

                            TEMPERATURE ( C), RAIN (mm), WIND SPEED (kmh)

                                               HEAT     COOL           AVG
      MEAN                                     DEG      DEG            WIND                       DOM
DAY   TEMP    HIGH   TIME     LOW    TIME      DAYS     DAYS    RAIN   SPEED    HIGH    TIME      DIR
----------------------------------------------------------------------------------------------------------------------------------------------------------
01    09.8    14.9   14:14    06.4   07:43     08.5     00.0    00.0   07.7     22.2    19:39     WSW
02    09.1    16.8   14:57    04.3   07:34     09.2     00.0    00.0   09.2     18.5    21:38     WSW
03    10.6    18.1   13:53    06.2   07:23     07.7     00.0    00.0   09.3     20.4    18:33     WSW
04    11.1    19.2   14:48    06.5   07:33     07.2     00.0    00.0   09.8     20.4    22:07     WSW
05    12.5    19.0   14:34    07.5   02:33     05.8     00.0    00.0   09.0     20.4    21:08     WSW
06    11.4    18.8   14:46    07.0   07:10     06.9     00.0    00.0   09.4     20.4    20:12     WSW
07    11.0    17.6   14:23    06.1   07:49     07.3     00.0    00.0   09.4     18.5    05:39     WSW
08    10.8    15.8   20:21    07.1   07:35     07.5     00.0    00.0   09.5     18.5    19:38     WSW
09    16.2    23.7   14:14    10.9   07:17     02.1     00.0    00.0   08.7     22.2    21:21     WSW
10    19.4    23.7   14:06    16.3   23:14     00.0     01.1    00.0   09.0     27.8    11:10     WNW
11    19.4    26.5   14:12    15.0   06:00     00.0     01.1    00.0   09.2     24.1    06:20     WSW
12    17.4    23.4   14:12    12.8   00:00     00.9     00.0    00.0   08.0     18.5    18:22     WSW
13    15.1    21.6   14:59    11.2   03:24     03.2     00.0    00.0   07.0     18.5    21:25     WSW
14    13.9    18.8   14:37    09.9   07:19     04.4     00.0    00.0   07.9     18.5    22:22     WSW
15    12.2    17.0   15:42    09.1   00:00     06.1     00.0    00.0   08.2     18.5    21:59     WSW
16    13.9    20.4   15:11    08.2   06:31     04.4     00.0    00.0   07.7     22.2    19:23     WSW
17    14.5    19.9   14:15    10.8   07:40     03.8     00.0    00.0   08.7     22.2    03:15     WSW
18    13.2    18.7   14:50    09.9   05:24     05.1     00.0    00.0   08.0     18.5    19:22     WSW
19    13.7    21.5   14:28    09.5   07:37     04.6     00.0    00.0   08.3     22.2    19:08     WSW
20    10.9    16.2   14:34    07.2   07:53     07.4     00.0    00.0   07.3     18.5    22:02     WSW
21    11.9    13.5   14:20    10.3   00:05     06.4     00.0    00.0   02.8     12.9    20:31      W 
22    16.7    22.3   14:01    10.8   00:52     01.6     00.0    00.0   07.5     46.3    11:22      S 
23    15.2    19.4   15:07    12.7   21:40     03.1     00.0    00.0   06.9     20.4    08:38     WSW
24    14.8    19.0   16:02    12.4   07:34     03.5     00.0    00.0   05.4     25.9    23:47      W 
25    12.7    16.3   00:18    10.1   00:00     05.6     00.0    09.6   03.7     18.5    00:09     WSW
26    10.7    13.7   14:52    07.7   08:09     07.6     00.0    00.3   05.6     20.4    05:21     WSW
27    11.5    13.0   16:29    09.4   23:43     06.8     00.0    05.0   02.6     12.9    18:52     WSW
28    09.5    12.9   14:48    06.2   23:47     08.8     00.0    00.0   03.5     16.6    14:04      SW
29    07.0    11.9   11:33    03.4   23:09     11.3     00.0    00.0   05.2     16.6    20:12      W 
30    06.4    13.4   14:40    01.9   08:05     11.9     00.0    00.0   07.7     16.6    23:09     WSW
----------------------------------------------------------------------------------------------------------------------------------------------------------
12.8 (13.6)   26.5  day 11     01.9  day 30   168.7    002.2   014.9   07.4     46.3   day 22     WSW
Min <=   30: 30
Max Rain: 9.6 ON 25-11-15
Days of Rain: 3 (> .2mm) 2 (> 2mm) 0 (> 20mm)