MONTHLY CLIMATOLOGICAL SUMMARY for NOV. 2016

NAME: Stenimachos   CITY: Naousa STATE: Imathia
ELEV: 140 LAT: 040:36:00 LONG: -022:07:00

                            TEMPERATURE ( C), RAIN (mm), WIND SPEED (kmh)

                                               HEAT     COOL           AVG
      MEAN                                     DEG      DEG            WIND                       DOM
DAY   TEMP    HIGH   TIME     LOW    TIME      DAYS     DAYS    RAIN   SPEED    HIGH    TIME      DIR
----------------------------------------------------------------------------------------------------------------------------------------------------------
01    08.7    16.9   14:12    02.1   06:58     09.6     00.0    00.0   07.7     20.4    17:48     WSW
03    10.8    17.7   13:30    04.3   07:26     07.5     00.0    00.0   07.8     20.4    22:34     WSW
04    12.0    16.8   13:46    08.6   04:22     06.3     00.0    00.0   05.2     18.5    01:31      SW
05    12.5    17.7   15:22    08.5   07:16     05.8     00.0    00.0   07.6     20.4    20:49     WSW
06    14.6    19.2   13:05    11.3   00:08     03.7     00.0    00.0   05.9     16.6    19:31     WSW
07    16.2    21.2   15:21    12.5   01:53     02.1     00.0    00.0   05.3     16.6    22:07      W 
08    18.8    25.4   14:04    15.0   07:43     00.0     00.5    08.2   06.7     48.1    19:09     WSW
09    14.6    17.4   10:30    11.2   21:56     03.7     00.0    12.0   05.1     38.9    11:28     WSW
10    13.1    17.4   14:03    10.0   08:17     05.2     00.0    00.0   07.0     42.5    00:03      W 
11    13.8    19.7   13:18    09.7   06:48     04.5     00.0    00.0   05.4     18.5    21:27     WSW
12    13.0    17.2   14:10    10.4   20:52     05.3     00.0    01.6   06.4     40.7    21:05     WSW
13    12.1    18.6   13:54    05.6   00:00     06.2     00.0    00.0   07.3     59.2    03:56      SW
14    06.5    11.3   14:30    03.0   07:41     11.8     00.0    00.0   05.4     16.6    00:56     WSW
15    05.3    07.0   13:21    03.8   00:14     13.0     00.0    00.0   02.0     11.1    15:34     SSW
16    04.2    09.1   14:54    00.4   07:48     14.1     00.0    00.0   06.0     16.6    21:57     WSW
17    05.3    11.4   15:21    01.4   07:35     13.0     00.0    00.0   07.9     18.5    18:03     WSW
18    07.2    13.5   14:36    03.4   08:00     11.1     00.0    00.0   07.6     18.5    20:02     WSW
19    08.6    14.4   14:58    04.9   07:46     09.7     00.0    00.0   07.4     18.5    19:01     WSW
20    09.2    15.5   15:03    05.8   07:27     09.1     00.0    00.0   08.1     20.4    23:36     WSW
21    08.8    14.5   14:35    05.2   07:03     09.5     00.0    00.0   08.0     18.5    00:12     WSW
22    09.8    13.5   15:20    06.7   04:23     08.5     00.0    00.0   05.8     16.6    19:57     WSW
23    10.5    14.3   13:30    07.5   21:48     07.8     00.0    00.0   05.1     16.6    21:01      SW
24    10.0    13.9   14:59    05.7   00:00     08.3     00.0    00.0   04.4     16.6    18:38     WSW
25    07.1    10.7   14:23    04.4   04:56     11.2     00.0    00.0   05.6     16.6    02:29     WSW
26    07.4    10.1   12:14    04.1   06:44     10.9     00.0    00.8   04.0     12.9    03:34     WSW
27    09.9    13.0   13:35    06.7   06:22     08.4     00.0    00.6   04.2     14.8    06:45     WSW
28    10.7    13.3   14:41    08.0   00:00     07.6     00.0    05.6   01.7     14.8    18:12      S 
29    03.6    08.0   00:08    01.3   00:00     14.7     00.0    09.0   03.9     20.4    21:19     SSW
30    01.5    04.4   14:18   -01.7   00:00     16.8     00.0    03.3   06.6     22.2    00:15      W 
----------------------------------------------------------------------------------------------------------------------------------------------------------
09.9 (10.4)   25.4  day 08    -01.7  day 30   245.3    000.5   041.2   05.9     59.2   day 08     WSW
Min <=   30: 29
Max Rain: 12.0 ON 9-11-16
Days of Rain: 8 (> .2mm) 5 (> 2mm) 0 (> 20mm)