MONTHLY CLIMATOLOGICAL SUMMARY for NOV. 2017

NAME: Stenimachos   CITY: Naousa STATE: Imathia
ELEV: 140 LAT: 040:36:00 LONG: -022:07:00

                            TEMPERATURE ( C), RAIN (mm), WIND SPEED (kmh)

                                               HEAT     COOL           AVG
      MEAN                                     DEG      DEG            WIND                       DOM
DAY   TEMP    HIGH   TIME     LOW    TIME      DAYS     DAYS    RAIN   SPEED    HIGH    TIME      DIR
----------------------------------------------------------------------------------------------------------------------------------------------------------
01    07.9    14.4   14:02    03.1   05:46     10.4     00.0    00.0   07.6     18.5    22:37      W 
02    08.3    16.1   14:55    02.8   07:37     10.0     00.0    00.0   07.8     20.4    20:55      W 
03    09.8    14.9   15:32    05.1   04:42     08.5     00.0    00.0   06.2     18.5    06:56      W 
04    11.5    15.6   14:52    08.6   00:00     06.8     00.0    00.3   05.8     18.5    18:34      W 
05    10.2    16.2   15:17    06.2   07:11     08.1     00.0    00.0   06.7     18.5    19:16      W 
06    10.9    14.8   15:13    05.6   06:31     07.4     00.0    00.0   05.1     18.5    06:52      W 
07    11.8    12.6   18:06    11.3   04:13     06.5     00.0    00.0   00.5     07.4    17:27      NW
08    12.3    14.4   14:11    09.1   00:00     06.0     00.0    02.5   02.6     16.6    23:14     WNW
09    11.0    16.8   14:23    07.4   07:12     07.3     00.0    00.0   07.3     18.5    22:47      W 
10    11.2    16.5   15:23    06.8   07:40     07.1     00.0    00.0   05.6     18.5    01:43      W 
11    11.5    14.0   14:59    09.2   01:29     06.8     00.0    11.7   02.6     14.8    00:58      W 
12    12.8    16.0   14:55    10.0   07:37     05.5     00.0    00.3   02.9     14.8    19:26      W 
13    14.1    16.6   15:31    12.3   20:31     04.2     00.0    00.5   02.8     16.6    20:12      W 
14    14.1    16.7   14:57    11.3   07:03     04.2     00.0    03.7   03.8     14.8    01:37      W 
15    14.4    15.5   14:24    13.8   03:19     03.9     00.0    30.1   00.6     09.3    15:21     NNW
16    12.6    14.3   00:07    11.7   11:16     05.7     00.0    120.9   01.4     14.8    11:01      NW
17    11.4    12.1   00:12    11.0   10:20     06.9     00.0    55.1   01.3     09.3    23:03     WNW
18    12.0    13.6   16:45    10.9   00:00     06.3     00.0    03.9   02.1     14.8    21:15      W 
19    11.3    14.3   14:48    08.8   00:00     07.0     00.0    00.0   02.4     16.6    23:54     WSW
20    08.5    11.4   12:39    05.6   23:22     09.8     00.0    06.3   10.9     48.1    12:05     NNW
21    05.8    12.0   14:52    01.7   06:46     12.5     00.0    00.0   08.0     18.5    23:40      W 
22    07.1    13.3   15:46    03.4   08:20     11.2     00.0    00.0   07.6     18.5    23:43      W 
23    08.8    15.8   14:43    04.5   07:08     09.5     00.0    00.0   07.7     22.2    01:43      W 
24    08.7    15.0   14:36    04.7   07:53     09.6     00.0    00.0   08.2     18.5    22:57      W 
25    08.6    14.8   13:53    05.2   06:53     09.7     00.0    00.0   07.5     18.5    23:28      W 
26    09.2    14.2   14:29    05.1   07:51     09.1     00.0    00.0   06.2     18.5    00:30      W 
27    07.6    09.7   09:07    02.3   23:00     10.7     00.0    14.3   03.9     16.6    23:12      W 
28    04.1    09.4   14:20    00.3   00:00     14.2     00.0    00.0   05.6     16.6    21:45      W 
29    02.9    08.0   15:59   -00.8   04:18     15.4     00.0    00.0   05.7     14.8    19:16      W 
30    07.4    10.3   14:59    03.8   00:06     10.9     00.0    00.0   01.4     14.8    18:12      W 
----------------------------------------------------------------------------------------------------------------------------------------------------------
09.9 (10.3)   16.8  day 09    -00.8  day 29   251.1    000.0   249.3   04.9     48.1   day 20      W 
Min <=   30: 30
Max Rain: 120.9 ON 16-11-17
Days of Rain: 12 (> .2mm) 9 (> 2mm) 3 (> 20mm)