MONTHLY CLIMATOLOGICAL SUMMARY for NOV. 2018 NAME: Stenimachos CITY: Naousa STATE: Imathia ELEV: 140 LAT: 040:36:00 LONG: -022:07:00 TEMPERATURE ( °C), RAIN (mm), WIND SPEED (kmh) HEAT COOL AVG MEAN DEG DEG WIND DOM DAY TEMP HIGH TIME LOW TIME DAYS DAYS RAIN SPEED HIGH TIME DIR ---------------------------------------------------------------------------------------------------------------------------------------------------------- 01 18.2 22.7 13:53 14.8 03:52 00.1 00.0 00.0 03.3 14.8 19:32 WSW 02 19.5 25.1 13:13 15.6 00:00 00.0 01.2 00.0 04.8 18.5 19:57 WSW 03 15.7 21.3 16:00 11.8 07:09 02.6 00.0 00.0 04.2 14.8 22:10 W 04 15.1 20.1 15:18 11.7 00:00 03.2 00.0 00.0 03.4 16.6 20:04 W 05 13.5 18.6 12:47 10.1 07:29 04.8 00.0 00.0 05.4 22.2 21:17 WSW 06 13.1 20.1 15:22 08.2 07:21 05.2 00.0 00.0 06.2 16.6 22:04 WSW 07 13.8 17.2 14:49 10.6 02:45 04.5 00.0 00.0 02.6 14.8 03:13 WSW 08 14.4 17.4 14:23 12.6 19:51 03.9 00.0 00.0 01.3 09.3 19:40 WNW 09 13.9 17.5 16:58 11.7 21:03 04.4 00.0 00.0 03.2 16.6 19:15 WSW 10 13.0 17.0 13:57 09.9 08:32 05.3 00.0 00.0 05.2 16.6 05:33 WSW 11 12.4 17.1 12:59 09.6 07:55 05.9 00.0 00.0 04.8 18.5 22:13 WSW 12 11.7 18.4 15:28 06.9 07:29 06.6 00.0 00.0 06.0 16.6 20:42 WSW 13 11.3 17.5 13:58 07.2 07:10 07.0 00.0 00.0 06.4 16.6 07:03 WSW 14 11.5 17.7 15:24 06.6 07:25 06.8 00.0 00.0 05.6 18.5 18:00 WSW 15 12.0 17.4 13:01 08.0 01:48 06.3 00.0 00.0 07.7 24.1 12:14 WNW 16 08.3 10.7 14:33 05.9 07:12 10.0 00.0 03.8 02.3 16.6 00:54 WSW 17 06.6 07.7 13:38 05.6 00:00 11.7 00.0 03.5 02.4 12.9 16:11 WSW 18 07.1 08.0 00:00 05.6 00:22 11.2 00.0 27.4 02.2 16.6 00:36 W 19 09.3 13.2 15:02 05.9 07:58 09.0 00.0 00.5 01.4 12.9 20:05 WSW 20 11.0 12.8 23:58 08.9 04:32 07.3 00.0 01.6 00.1 05.5 22:23 WNW 21 13.4 16.5 14:07 10.9 23:49 04.9 00.0 08.6 01.0 12.9 17:40 WSW 22 10.5 13.1 12:58 07.7 22:38 07.8 00.0 00.0 03.8 12.9 20:09 SW 23 09.6 14.0 14:00 06.1 07:51 08.7 00.0 00.0 05.8 16.6 13:09 WSW 24 10.1 11.2 16:29 08.5 00:00 08.2 00.0 00.0 00.6 11.1 23:54 WSW 25 10.1 12.1 11:03 07.5 05:24 08.2 00.0 00.3 02.6 14.8 01:14 WSW 26 12.9 16.2 14:44 10.5 01:39 05.4 00.0 13.1 01.3 16.6 20:36 WSW 27 12.5 13.8 15:36 10.9 07:29 05.8 00.0 01.3 02.3 14.8 21:39 W 28 10.5 14.1 10:48 06.3 00:00 07.8 00.0 00.0 03.2 18.5 12:18 SW 29 05.4 06.3 00:02 04.2 00:00 12.9 00.0 04.7 00.6 11.1 14:33 W 30 03.7 06.2 15:56 00.5 00:00 14.6 00.0 00.0 03.6 16.6 11:42 SW ---------------------------------------------------------------------------------------------------------------------------------------------------------- 11.7 (12.0) 25.1 day 02 00.5 day 30 200.4 001.2 065.1 03.4 24.1 day 15 WSW Min <= 30: 30 Max Rain: 27.4 ON 18-11-18 Days of Rain: 10 (> .2mm) 6 (> 2mm) 1 (> 20mm)