MONTHLY CLIMATOLOGICAL SUMMARY for NOV. 2022 NAME: Stenimachos CITY: Naousa STATE: Imathia ELEV: 140 LAT: 040:36:00 LONG: -022:07:00 TEMPERATURE ( °C), RAIN (mm), WIND SPEED (kmh) HEAT COOL AVG MEAN DEG DEG WIND DOM DAY TEMP HIGH TIME LOW TIME DAYS DAYS RAIN SPEED HIGH TIME DIR -------------------------------------------------------------------------------------------------------- 01 16.6 24.5 16:04 12.5 07:49 01.7 00.0 00.0 07.0 18.5 19:42 WSW 02 16.6 25.8 15:43 11.8 07:25 01.7 00.0 00.0 07.8 22.2 20:49 W 03 17.2 25.8 15:45 12.9 07:16 01.1 00.0 00.0 06.8 18.5 18:00 WSW 04 15.2 20.7 14:06 10.9 07:35 03.1 00.0 00.0 05.6 16.6 06:26 W 05 15.4 18.4 16:07 12.3 06:00 02.9 00.0 00.5 03.3 16.6 05:42 W 06 15.0 16.7 10:57 13.7 21:47 03.3 00.0 55.9 02.1 18.5 13:41 NW 07 14.4 19.9 15:53 11.3 07:49 03.9 00.0 00.0 07.1 20.4 05:16 WSW 08 13.2 18.6 15:30 10.0 07:44 05.1 00.0 00.0 07.2 18.5 22:58 W 09 13.9 16.2 16:32 10.8 03:14 04.4 00.0 00.0 02.4 14.8 01:45 WSW 10 13.5 18.6 15:13 09.8 07:10 04.8 00.0 00.0 05.5 18.5 22:09 WSW 11 13.0 19.1 15:28 09.4 06:30 05.3 00.0 00.0 05.8 18.5 19:05 W 12 11.6 15.6 14:12 09.4 02:42 06.7 00.0 00.8 03.9 18.5 01:50 W 13 12.4 13.8 19:13 10.8 00:40 05.9 00.0 00.8 06.3 20.4 07:58 W 14 12.6 17.7 14:24 09.2 07:52 05.7 00.0 00.0 05.8 18.5 21:01 WSW 15 13.2 14.8 13:50 11.1 00:05 05.1 00.0 00.0 00.3 09.3 00:11 SW 16 13.4 16.5 16:23 11.5 08:21 04.9 00.0 00.0 02.0 20.4 19:28 WSW 17 14.3 19.4 15:30 12.2 03:51 04.0 00.0 00.0 04.3 16.6 23:16 W 18 14.7 19.3 15:42 11.5 08:38 03.6 00.0 00.0 04.5 12.9 21:24 W 19 17.5 22.0 15:48 14.4 07:37 00.8 00.0 00.0 02.5 16.6 17:13 WSW 20 17.1 19.2 15:36 14.7 00:00 01.2 00.0 08.6 02.3 14.8 21:09 W 21 14.5 18.4 15:25 10.8 23:03 03.8 00.0 00.0 06.4 35.1 19:29 W 22 09.5 11.7 15:35 06.9 07:36 08.8 00.0 07.0 02.9 24.1 03:10 W 23 11.8 16.1 14:03 09.1 00:00 06.5 00.0 00.3 04.4 22.2 03:27 W 24 10.5 16.5 15:02 06.9 07:48 07.8 00.0 00.0 04.9 18.5 07:56 WSW 25 10.1 15.7 14:56 06.1 00:00 08.2 00.0 00.0 09.1 31.4 09:52 WNW 26 07.5 13.9 15:12 03.4 07:27 10.8 00.0 00.0 07.1 20.4 02:08 WSW 27 07.4 08.2 06:10 06.1 00:00 10.9 00.0 01.8 04.2 20.4 11:38 W 28 06.7 08.9 16:52 05.3 08:10 11.6 00.0 04.2 02.3 14.8 09:27 W 29 07.8 09.3 16:20 06.3 00:08 10.5 00.0 00.0 01.3 12.9 00:15 WSW 30 09.3 10.4 23:37 08.2 04:25 09.0 00.0 30.4 01.3 14.8 07:07 W -------------------------------------------------------------------------------------------------------- 12.9 (13.5) 25.8 day 03 03.4 day 26 163.3 000.0 111.9 04.5 35.2 day 21 W Min <= 30: 30 Max Rain: 55.9 ON 6-11-22 Days of Rain: 10 (> .2mm) 5 (> 2mm) 2 (> 20mm)