MONTHLY CLIMATOLOGICAL SUMMARY for JAN. 2010

NAME: Stenimachos   CITY: Naoussa STATE: Imathia
ELEV: 140 LAT: 040:36:14 LONG: 0022:07:25

                            TEMPERATURE ( C), RAIN (mm), WIND SPEED (kmh)

                                                 HEAT     COOL           AVG
      MEAN                                       DEG      DEG            WIND                        DOM
DAY   TEMP    HIGH   TIME      LOW     TIME      DAYS     DAYS   RAIN    SPEED    HIGH    TIME       DIR
----------------------------------------------------------------------------------------------------------------------------------------------------------
01    14.1    20.0   11:01    08.0   04:47     04.2     00.0    00.3   13.0     68.5    19:30      W 
02    13.0    15.5   15:52    09.2   05:34     05.3     00.0    01.3   11.9     61.0    13:14      W 
03    08.4    12.7   12:38    00.5   23:04     09.9     00.0    00.0   06.7     31.4    01:51     SSW
04    01.9    05.1   14:55   -01.6   04:38     16.4     00.0    00.0   07.0     20.4    11:37      SW
05    02.6    04.3   00:00    00.5   09:13     15.7     00.0    00.8   01.6     14.8    06:18      W 
06    07.0    10.2   15:13    03.3   03:44     11.3     00.0    00.0   02.3     16.6    20:13     WNW
07    11.4    15.6   15:52    08.2   02:42     06.9     00.0    00.0   07.5     22.2    18:26     WSW
08    11.5    13.7   12:40    09.2   01:20     06.8     00.0    00.0   05.8     20.4    00:35     WSW
09    12.5    15.0   14:39    11.1   23:40     05.8     00.0    00.9   05.8     16.6    19:49      W 
10    12.0    15.4   14:24    08.8   23:32     06.3     00.0    00.0   09.6     37.0    21:18      W 
11    10.2    13.3   14:13    06.1   07:20     08.1     00.0    00.0   05.4     31.4    00:45      W 
12    07.1    09.4   00:05    05.1   00:00     11.2     00.0    02.1   06.0     16.6    08:11      W 
13    04.7    05.4   00:56    03.8   00:00     13.6     00.0    00.0   08.4     14.8    03:03     WSW
14    06.3    08.1   14:55    05.0   08:43     12.0     00.0    02.1   05.9     16.6    07:09      W 
15    05.6    06.5   16:32    05.0   09:04     12.7     00.0    05.1   01.8     11.1    01:54      W 
16    04.2    05.6   00:27    03.3   00:00     14.1     00.0    09.1   04.4     22.2    05:53      W 
17    04.0    05.0   17:39    03.2   01:25     14.3     00.0    00.0   02.0     11.1    23:38      W 
18    05.2    08.3   15:38    02.7   23:33     13.1     00.0    00.0   06.2     20.4    22:03     WSW
19    03.5    07.0   11:42    00.5   08:20     14.8     00.0    00.0   08.7     31.4    13:57     WNW
20    03.1    06.3   15:07    00.4   08:09     15.2     00.0    00.0   06.5     14.8    16:23      SW
21    03.1    06.3   14:59   -00.4   08:15     15.2     00.0    00.0   05.7     14.8    14:02     WSW
22    02.6    03.4   15:57    01.6   00:00     15.7     00.0    04.3   07.8     18.5    02:35      W 
23   -00.4    01.6   00:03   -01.9   06:00     18.7     00.0    03.0   04.5     18.5    02:25     SSE
24   -02.0    01.1   15:46   -05.1   08:01     20.3     00.0    00.0   06.2     16.6    21:27     WSW
25   -01.4    01.3   16:22   -04.8   07:13     19.7     00.0    00.0   06.3     20.4    11:51     WSW
26   -01.3   -00.5   00:04   -01.9   09:23     19.6     00.0    00.3   03.0     11.1    11:29      NE
27   -00.6    00.1   16:19   -01.1   09:44     18.9     00.0    00.3   01.5     07.4    07:55     NNE
28    00.4    02.3   16:26   -01.1   05:30     17.9     00.0    00.8   00.8     09.3    12:57      E 
29    03.2    06.1   14:26    01.0   02:44     15.1     00.0    01.6   02.7     12.9    09:14     WSW
30    05.5    08.3   16:31    02.5   02:23     12.8     00.0    00.0   05.4     14.8    22:10     WSW
31    09.4    14.9   15:49    05.8   07:04     08.9     00.0    01.0   07.0     48.1    19:52     WSW
----------------------------------------------------------------------------------------------------------------------------------------------------------
05.4 (5.4)   20.0  day 01    -05.1  day 24   400.4    000.0   032.9   05.7     68.5   day 02      W 
Max <=   0: 1
Min <=   30: 31
Min <=  -5: 1
Max Rain: 9.1 ON 16-01-10
Days of Rain: 15 (> .2mm) 6 (> 2mm) 0 (> 20mm)