MONTHLY CLIMATOLOGICAL SUMMARY for JAN. 2011

NAME: Stenimachos   CITY: Naoussa STATE: Imathia
ELEV: 140 LAT: 040:36:14 LONG: 0022:07:25

                            TEMPERATURE ( C), RAIN (mm), WIND SPEED (kmh)

                                               HEAT     COOL           AVG
      MEAN                                     DEG      DEG            WIND                       DOM
DAY   TEMP    HIGH   TIME     LOW    TIME      DAYS     DAYS    RAIN   SPEED    HIGH    TIME      DIR
----------------------------------------------------------------------------------------------------------------------------------------------------------
01    02.8    09.0   16:08   -00.5   07:44     15.5     00.0    00.0   09.1     18.5    21:50     WSW
02    05.1    09.5   14:01    00.8   04:30     13.2     00.0    00.8   06.1     18.5    01:15     WSW
03    04.8    06.2   06:55    03.1   00:00     13.5     00.0    03.0   02.2     11.1    14:12     ESE
04    02.1    03.1   01:23    01.4   08:35     16.2     00.0    00.0   02.7     11.1    10:06      SE
05    02.6    04.6   13:55    00.5   00:00     15.7     00.0    00.0   04.2     14.8    23:42     WSW
06    03.1    06.5   16:08    00.2   02:09     15.2     00.0    00.0   08.3     18.5    21:27     WSW
07    03.7    09.4   16:17    00.4   07:48     14.6     00.0    00.0   09.5     18.5    23:32     WSW
08    04.9    10.7   16:17    01.5   08:19     13.4     00.0    00.0   08.7     18.5    04:19     WSW
09    06.2    13.3   16:14    02.4   06:28     12.1     00.0    00.0   08.9     18.5    19:05     WSW
10    06.0    09.9   16:24    03.0   07:51     12.3     00.0    00.0   08.5     18.5    03:29     WSW
11    08.9    11.9   15:27    04.8   00:25     09.4     00.0    00.0   06.1     16.6    03:06     WSW
12    09.0    10.3   13:09    07.9   08:29     09.3     00.0    11.7   03.6     16.6    20:20     WSW
13    09.3    13.3   14:30    06.3   00:00     09.0     00.0    01.3   05.4     18.5    22:13     WSW
14    10.0    16.1   15:51    05.3   04:54     08.3     00.0    00.0   07.5     18.5    00:00     WSW
15    11.4    15.1   15:38    07.7   07:41     06.9     00.0    00.3   07.1     20.4    23:55     WSW
16    11.1    14.1   13:08    05.4   23:19     07.2     00.0    00.0   13.6     42.5    07:33      NW
17    06.7    12.9   16:08    03.0   07:47     11.6     00.0    00.0   09.2     18.5    22:38     WSW
18    05.9    13.4   16:28    02.6   08:00     12.4     00.0    00.0   10.0     20.4    04:05     WSW
19    06.5    13.1   16:22    03.0   08:27     11.8     00.0    00.0   09.2     18.5    23:56     WSW
20    07.3    11.9   15:28    03.8   05:15     11.0     00.0    00.0   09.0     18.5    21:16     WSW
21    08.0    09.6   17:02    05.8   04:07     10.3     00.0    02.2   06.1     16.6    02:41     WSW
22    07.2    08.9   12:36    05.3   23:45     11.1     00.0    05.3   04.2     16.6    18:18     SSE
23    05.4    08.2   12:47    03.3   08:15     12.9     00.0    00.3   04.4     16.6    22:23      SE
24    02.5    04.9   15:48    01.0   23:14     15.8     00.0    00.0   04.9     14.8    14:40     SSW
25    01.0    05.3   14:40   -03.1   23:06     17.3     00.0    00.0   05.1     14.8    20:50      SW
26   -01.6    03.5   16:42   -05.6   08:14     19.9     00.0    00.0   09.0     18.5    23:14     WSW
27    00.6    05.6   15:01   -03.4   07:16     17.7     00.0    00.0   08.0     18.5    04:50     WSW
28    04.0    06.6   21:21    02.3   09:19     14.3     00.0    13.5   08.3     22.2    22:26     WSW
29    04.8    06.6   01:23    03.2   08:46     13.5     00.0    00.0   05.5     18.5    01:02      SW
30    04.3    06.1   17:04    02.4   07:09     14.0     00.0    00.0   05.9     12.9    21:12     WSW
31    04.0    07.0   16:01    01.1   23:24     14.3     00.0    00.0   05.8     14.8    21:17     SSW
----------------------------------------------------------------------------------------------------------------------------------------------------------
05.4 (5.8)   16.1  day 14    -05.6  day 26   399.6    000.0   038.4   07.0     42.6   day 16     WSW
Min <=   30: 31
Min <=  -5: 1
Max Rain: 13.5 ON 28-01-11
Days of Rain: 9 (> .2mm) 5 (> 2mm) 0 (> 20mm)