MONTHLY CLIMATOLOGICAL SUMMARY for JAN. 2012

NAME: Stenimachos   CITY: Naousa STATE: Imathia
ELEV: 140 LAT: 040:36:00 LONG: -022:07:00

                            TEMPERATURE ( C), RAIN (mm), WIND SPEED (kmh)

                                               HEAT     COOL           AVG
      MEAN                                     DEG      DEG            WIND                       DOM
DAY   TEMP    HIGH   TIME     LOW    TIME      DAYS     DAYS    RAIN   SPEED    HIGH    TIME      DIR
----------------------------------------------------------------------------------------------------------------------------------------------------------
01    02.6    08.0   16:05   -00.3   00:00     15.7     00.0    00.0   10.1     20.4    07:18     WSW
02    01.8    07.8   15:29   -01.6   08:04     16.5     00.0    00.0   09.5     18.5    21:49     WSW
03    03.3    09.8   15:59   -00.1   06:12     15.0     00.0    00.0   09.9     20.4    22:17     WSW
04    04.1    10.5   15:46    01.3   07:37     14.2     00.0    00.0   08.9     18.5    23:00     WSW
05    04.9    10.7   15:30    01.2   08:20     13.4     00.0    00.0   08.6     18.5    19:11     WSW
06    06.0    08.1   12:15    03.7   22:13     12.3     00.0    12.3   09.6     48.1    16:31      NW
07    05.8    07.5   15:34    03.1   22:03     12.5     00.0    00.5   14.7     46.3    12:33     NNW
08    03.4    08.3   14:53    00.5   07:06     14.9     00.0    00.0   08.0     16.6    20:54     WSW
09    05.0    08.5   14:03    00.6   03:23     13.3     00.0    00.0   10.7     33.3    11:24     NNW
10    05.7    08.2   13:52    01.9   00:00     12.6     00.0    00.0   07.7     24.1    13:54     NNW
11    04.2    08.0   14:53    00.6   05:54     14.1     00.0    00.0   11.9     27.8    15:25      NW
12    04.7    09.7   16:59    01.1   07:28     13.6     00.0    00.0   09.7     22.2    14:40      W 
13    03.3    09.1   15:03   -00.9   07:14     15.0     00.0    00.0   08.5     18.5    07:37     WSW
14    04.0    06.7   16:02   -00.3   23:28     14.3     00.0    00.5   08.8     22.2    16:10      W 
15    01.3    05.7   13:16   -01.9   07:29     17.0     00.0    00.0   09.9     24.1    13:18     WNW
16    00.1    03.5   15:28   -03.9   00:00     18.2     00.0    00.0   10.7     29.6    13:35     WNW
17   -01.9    03.9   15:27   -06.2   04:47     20.2     00.0    00.0   09.1     20.4    11:34      W 
18   -00.2    06.8   14:58   -05.2   07:13     18.5     00.0    00.0   10.0     22.2    19:28      W 
19    01.0    07.4   15:11   -03.5   07:31     17.3     00.0    00.0   08.7     20.4    22:30     WSW
20    02.9    06.6   13:24   -00.9   01:18     15.4     00.0    00.0   06.0     16.6    08:08     WSW
21    05.2    08.9   15:14    00.6   22:53     13.1     00.0    00.3   11.8     51.8    12:35      NW
22    02.8    08.4   14:34   -01.6   07:36     15.5     00.0    00.0   09.2     20.4    23:27     WSW
23    05.9    13.6   16:31    01.2   04:48     12.4     00.0    00.0   08.4     22.2    02:43     WSW
24    06.6    08.5   16:34    05.1   23:02     11.7     00.0    01.4   04.5     12.9    21:24     WSW
25    04.3    06.1   07:36    00.9   00:00     14.0     00.0    01.0   06.4     18.5    19:01     WSW
26    01.8    06.0   12:17   -01.2   23:47     16.5     00.0    00.0   09.2     22.2    14:10      W 
27    01.9    08.1   15:09   -02.1   04:55     16.4     00.0    00.0   07.5     16.6    01:48     WSW
28    00.4    04.0   14:51   -03.4   08:17     17.9     00.0    00.0   07.1     16.6    01:46     WSW
29    01.5    02.0   17:31    01.0   06:55     16.8     00.0    00.8   05.5     12.9    17:24      W 
30    00.9    03.0   16:06   -00.6   00:00     17.4     00.0    00.0   03.9     11.1    17:57     WNW
31   -00.9    03.2   16:08   -04.4   23:54     19.2     00.0    00.0   05.1     18.5    19:56     WSW
----------------------------------------------------------------------------------------------------------------------------------------------------------
03.0 (3.4)   13.6  day 23    -06.2  day 17   474.7    000.0   016.8   08.7     51.8   day 07      W 
Min <=   30: 31
Min <=  -5: 2
Max Rain: 12.3 ON 6-01-12
Days of Rain: 7 (> .2mm) 1 (> 2mm) 0 (> 20mm)