MONTHLY CLIMATOLOGICAL SUMMARY for JAN. 2013

NAME: Stenimachos   CITY: Naousa STATE: Imathia
ELEV: 140 LAT: 040:36:00 LONG: -022:07:00

                            TEMPERATURE ( C), RAIN (mm), WIND SPEED (kmh)

                                               HEAT     COOL           AVG
      MEAN                                     DEG      DEG            WIND                       DOM
DAY   TEMP    HIGH   TIME     LOW    TIME      DAYS     DAYS    RAIN   SPEED    HIGH    TIME      DIR
----------------------------------------------------------------------------------------------------------------------------------------------------------
01    06.2    10.3   15:56    03.6   00:00     12.1     00.0    00.3   06.7     18.5    23:11     WSW
02    05.9    10.9   15:55    02.4   08:25     12.4     00.0    00.0   08.2     18.5    20:09     WSW
03    07.4    14.8   14:21    04.6   00:00     10.9     00.0    00.0   06.8     22.2    18:42     WSW
04    08.6    15.5   14:04    02.9   03:25     09.7     00.0    00.0   08.4     31.5    14:33      W 
05    09.4    12.7   16:03    05.3   07:15     08.9     00.0    00.0   08.0     24.1    23:53      W 
06    05.9    10.2   00:07    00.7   23:55     12.4     00.0    00.0   14.8     51.8    07:06     NNW
07    02.9    07.0   15:08    00.1   02:34     15.4     00.0    00.0   09.6     31.5    13:19      NW
08   -00.6    03.4   14:58   -04.4   08:18     18.9     00.0    00.0   09.3     25.9    02:06      W 
09   -02.1    01.1   15:23   -06.1   06:45     20.4     00.0    00.0   06.4     16.7    07:43     WSW
10    00.7    05.7   14:45   -03.6   07:59     17.6     00.0    00.0   06.8     18.5    06:42     WSW
11    05.5    10.0   15:54    03.1   00:00     12.8     00.0    00.0   05.2     18.5    23:00     WSW
12    05.5    10.4   14:29    01.4   23:34     12.8     00.0    04.9   06.2     22.2    14:24      SW
13    02.7    07.9   16:33   -01.4   08:18     15.6     00.0    00.0   07.4     16.7    23:55     WSW
14    05.8    09.0   16:02    01.7   04:03     12.5     00.0    00.0   07.0     18.5    03:38     WSW
15    08.5    10.6   16:22    05.3   03:41     09.8     00.0    00.0   05.5     14.8    04:39     WSW
16    09.2    13.3   16:02    06.7   07:55     09.1     00.0    04.7   06.8     25.9    04:31      W 
17    07.9    09.8   03:16    05.3   08:51     10.4     00.0    00.3   06.3     25.9    03:06     WSW
18    08.5    11.8   13:51    06.3   23:31     09.8     00.0    00.3   06.3     29.6    20:34      W 
19    08.3    13.2   15:55    03.3   08:32     10.0     00.0    00.0   08.2     59.2    15:06      W 
20    08.9    12.8   16:52    05.4   07:08     09.4     00.0    00.0   06.3     18.5    19:16     WSW
21    09.6    14.0   15:27    07.2   04:45     08.7     00.0    06.9   06.8     18.5    02:37     WSW
22    09.8    12.8   13:11    07.1   05:46     08.5     00.0    00.0   06.3     20.4    23:24      W 
23    11.8    16.4   15:33    07.7   07:19     06.5     00.0    00.0   09.4     31.5    04:54     WSW
24    06.4    10.5   00:16    04.1   23:09     11.9     00.0    14.5   06.7     20.4    22:03     WSW
25    05.7    07.7   14:45    03.0   07:58     12.6     00.0    19.3   05.0     16.7    06:44      W 
26    05.3    07.0   01:06    03.4   22:29     13.0     00.0    00.8   04.1     16.7    00:11     SSE
27    02.4    03.6   00:09    01.1   07:51     15.9     00.0    00.0   03.8     13.0    12:21      SE
28    03.3    08.2   16:56   -00.5   07:58     15.0     00.0    00.0   06.9     18.5    18:56     WSW
29    04.5    09.9   16:35    01.1   08:06     13.8     00.0    00.0   07.8     16.7    23:55     WSW
30    06.3    13.1   15:47    00.3   06:39     12.0     00.0    00.0   07.0     20.4    21:53     WSW
31    08.8    13.4   13:34    03.8   07:20     09.5     00.0    00.0   10.1     44.4    20:10     WNW
----------------------------------------------------------------------------------------------------------------------------------------------------------
06.1 (6.4)   16.4  day 23    -06.1  day 09   378.2    000.0   051.8   07.2     59.2   day 06      W 
Min <=   30: 31
Min <=  -5: 1
Max Rain: 19.3 ON 25-01-13
Days of Rain: 9 (> .2mm) 5 (> 2mm) 0 (> 20mm)