MONTHLY CLIMATOLOGICAL SUMMARY for JAN. 2014

NAME: Stenimachos   CITY: Naousa STATE: Imathia
ELEV: 140 LAT: 040:36:00 LONG: -022:07:00

                            TEMPERATURE ( C), RAIN (mm), WIND SPEED (kmh)

                                               HEAT     COOL           AVG
      MEAN                                     DEG      DEG            WIND                       DOM
DAY   TEMP    HIGH   TIME     LOW    TIME      DAYS     DAYS    RAIN   SPEED    HIGH    TIME      DIR
----------------------------------------------------------------------------------------------------------------------------------------------------------
01    05.7    06.6   15:50    04.9   23:55     20.3     00.0    01.9   05.6     20.4    22:48     WSW
02    06.0    07.9   15:20    04.0   08:14     21.6     00.0    00.0   07.5     16.6    22:03     WSW
03    07.0    10.4   13:59    03.6   01:44     12.9     00.0    00.0   07.2     20.4    10:53     WSW
04    06.9    11.0   15:09    02.7   09:01     11.9     00.0    00.6   06.3     17.6    16:47     WNW
05    07.5    09.3   00:06    03.7   23:00     14.8     00.0    00.0   13.5     18.0    13:34     NNW
06    09.3    10.8   13:16    07.8   01:30     16.5     00.0    02.2   11.6     14.0    12:32     NNW
07    10.7    14.5   13:59    06.8   00:00     18.4     00.0    00.0   09.8     18.0    14:00      NW
08    09.9    14.9   15:15    04.8   08:09     20.6     00.0    00.0   07.6     19.5    05:24     WSW
09    09.1    14.6   15:36    03.5   08:20     18.0     00.0    00.0   07.1     19.4    07:53     WSW
10    07.1    11.2   14:50    03.0   04:17     13.2     00.0    00.0   04.9     17.6    19:41     WSW
11    08.8    13.6   16:10    03.9   05:57     08.8     00.0    00.0   08.1     17.6    20:54     WSW
12    09.2    14.2   00:39    04.1   19:52     10.9     00.0    00.0   13.8     17.6    11:27     NNW
13    09.3    14.0   16:18    04.6   06:51     13.4     00.0    00.0   09.9     17.6    00:55     WSW
14    08.7    12.4   15:57    05.0   08:16     14.4     00.0    00.0   10.0     19.4    23:10     WSW
15    09.7    10.3   15:12    09.1   03:54     11.1     00.0    03.0   10.2     09.7    10:11      W 
16    11.0    14.0   15:45    08.0   08:29     12.4     00.0    00.0   09.3     19.8    22:22     WSW
17    09.3    13.4   16:03    05.1   08:30     12.7     00.0    00.0   08.9     19.8    20:22     WSW
18    09.1    11.8   16:27    06.4   04:16     11.8     00.0    00.0   06.1     17.6    07:55     WSW
19    08.2    11.1   16:37    05.3   05:45     09.2     00.0    00.3   03.9     17.3    23:26      W 
20    10.6    12.4   15:08    08.7   21:06     08.2     00.0    00.0   05.2     15.1    23:48     WSW
21    12.7    17.1   14:53    08.3   23:54     06.8     00.0    00.0   05.9     56.9    22:27     WSW
22    10.7    14.0   13:50    07.4   05:58     07.8     00.0    00.0   06.2     25.2    03:28     WSW
23    11.5    15.6   15:57    07.3   00:00     06.3     00.0    00.0   06.3     17.6    16:10     WSW
24    09.2    11.3   13:34    07.1   08:22     08.8     00.0    07.3   05.6     16.9    01:02     WSW
25    09.4    12.7   14:49    06.0   22:03     09.0     00.0    08.8   04.6     17.6    20:26     SSW
26    03.3    06.0   15:46    00.6   07:04     12.1     00.0    03.3   01.4     16.9    20:56     ESE
27    01.3    03.2   14:45   -00.6   23:52     11.8     00.0    02.7   03.6     13.7    22:48     WSW
28    01.7    04.0   15:37   -00.6   06:18     12.2     00.0    07.9   04.4     15.5    22:24     SSW
29    08.0    13.7   16:01    02.3   23:31     12.3     00.0    00.3   03.9     19.4    23:22      W 
30    07.4    12.2   22:30    02.5   02:10     11.5     00.0    00.0   05.1     14.8    23:20      W 
31    07.1    11.4   02:42    02.7   21:51     09.6     00.0    04.6   04.3     20.9    02:20      W 
----------------------------------------------------------------------------------------------------------------------------------------------------------
08.2 (8.2)   17.1  day 21    -00.6  day 27   389.2    000.0   042.3   07.0     56.9   day 21      W 
Min <=   30: 31
Min <=  -5: 4
Max Rain: 08.8 ON 25-01-14
Days of Rain: 11 (> .2mm) 3 (> 2mm) 1 (> 20mm)