MONTHLY CLIMATOLOGICAL SUMMARY for JAN. 2015

NAME: Stenimachos   CITY: Naousa STATE: Imathia
ELEV: 140 LAT: 040:36:00 LONG: -022:07:00

                            TEMPERATURE ( C), RAIN (mm), WIND SPEED (kmh)

                                               HEAT     COOL           AVG
      MEAN                                     DEG      DEG            WIND                       DOM
DAY   TEMP    HIGH   TIME     LOW    TIME      DAYS     DAYS    RAIN   SPEED    HIGH    TIME      DIR
----------------------------------------------------------------------------------------------------------------------------------------------------------
01   -02.0    01.7   15:50   -05.3   23:55     20.3     00.0    00.0   05.6     20.4    22:48     WSW
02   -03.3    01.9   15:20   -07.5   08:14     21.6     00.0    00.0   07.5     16.6    22:03     WSW
03    05.4    14.4   13:59   -02.4   01:44     12.9     00.0    00.0   07.2     20.4    10:53     WSW
04    06.4    10.7   15:09    03.9   09:01     11.9     00.0    00.6   06.3     37.0    16:47     WNW
05    03.5    05.7   00:06    00.0   23:00     14.8     00.0    00.0   13.5     42.5    13:34     NNW
06    01.8    03.8   13:16   -00.7   01:30     16.5     00.0    00.0   11.6     42.5    12:32     NNW
07   -00.1    03.1   13:59   -05.0   00:00     18.4     00.0    00.0   09.8     33.3    14:00      NW
08   -02.3    02.5   15:15   -06.6   08:09     20.6     00.0    00.0   07.6     18.5    05:24     WSW
09    00.3    06.0   15:36   -04.8   08:20     18.0     00.0    00.0   07.1     16.6    07:53     WSW
10    05.1    10.4   14:50    00.2   04:17     13.2     00.0    00.0   04.9     14.8    19:41     WSW
11    09.5    15.0   16:10    06.0   05:57     08.8     00.0    00.0   08.1     22.2    20:54     WSW
12    07.4    10.4   00:39    05.5   19:52     10.9     00.0    00.0   13.8     55.5    11:27     NNW
13    04.9    10.3   16:18    00.9   06:51     13.4     00.0    00.0   09.9     25.9    00:55     WSW
14    03.9    11.5   15:57    00.2   08:16     14.4     00.0    00.0   10.0     20.4    23:10     WSW
15    07.2    15.3   15:12    00.6   03:54     11.1     00.0    00.0   10.2     31.4    10:11      W 
16    05.9    12.9   15:45    02.1   08:29     12.4     00.0    00.0   09.3     20.4    22:22     WSW
17    05.6    12.3   16:03    01.7   08:30     12.7     00.0    00.0   08.9     18.5    20:22     WSW
18    06.5    09.4   16:27    03.2   04:16     11.8     00.0    00.0   06.1     16.6    07:55     WSW
19    09.1    10.1   16:37    07.8   05:45     09.2     00.0    00.3   03.9     11.1    23:26      W 
20    10.1    11.7   15:08    08.7   21:06     08.2     00.0    00.0   05.2     14.8    23:48     WSW
21    11.5    15.0   14:53    08.9   23:54     06.8     00.0    00.0   05.9     18.5    22:27     WSW
22    10.5    13.2   13:50    07.9   05:58     07.8     00.0    00.0   06.2     16.6    03:28     WSW
23    12.0    15.6   15:57    08.7   00:00     06.3     00.0    03.8   06.3     31.4    16:10     WSW
24    09.5    13.2   13:34    06.5   08:22     08.8     00.0    00.8   05.6     16.6    01:02     WSW
25    09.3    12.3   14:49    06.1   22:03     09.0     00.0    00.3   04.6     12.9    20:26     SSW
26    06.2    07.4   15:46    05.1   07:04     12.1     00.0    05.1   01.4     09.3    20:56     ESE
27    06.5    08.5   14:45    04.3   23:52     11.8     00.0    01.6   03.6     14.8    22:48     WSW
28    06.1    08.1   15:37    03.9   06:18     12.2     00.0    00.6   04.4     14.8    22:24     SSW
29    06.0    08.4   16:01    04.0   23:31     12.3     00.0    01.3   03.9     16.6    23:22      W 
30    06.8    09.2   22:30    03.5   02:10     11.5     00.0    00.3   05.1     14.8    23:20      W 
31    08.7    11.4   02:42    06.1   21:51     09.6     00.0    29.6   04.3     29.6    02:20      W 
----------------------------------------------------------------------------------------------------------------------------------------------------------
05.7 (6.0)   15.6  day 23    -07.5  day 02   389.2    000.0   044.5   07.0     55.5   day 12      W 
Min <=   30: 31
Min <=  -5: 4
Max Rain: 29.6 ON 31-01-15
Days of Rain: 11 (> .2mm) 3 (> 2mm) 1 (> 20mm)