MONTHLY CLIMATOLOGICAL SUMMARY for JAN. 2016

NAME: Stenimachos   CITY: Naousa STATE: Imathia
ELEV: 140 LAT: 040:36:00 LONG: -022:07:00

                            TEMPERATURE ( C), RAIN (mm), WIND SPEED (kmh)

                                               HEAT     COOL           AVG
      MEAN                                     DEG      DEG            WIND                       DOM
DAY   TEMP    HIGH   TIME     LOW    TIME      DAYS     DAYS    RAIN   SPEED    HIGH    TIME      DIR
----------------------------------------------------------------------------------------------------------------------------------------------------------
01   -04.8   -00.3   14:38   -08.7   07:58     23.1     00.0    00.0   06.5     16.6    07:14     WSW
02   -01.4    03.7   14:45   -05.7   07:32     19.7     00.0    00.0   06.9     16.6    20:57     WSW
03    01.2    01.9   13:41   -00.3   02:02     17.1     00.0    06.2   02.9     09.3    09:01     WSW
04    02.9    04.1   00:00    01.3   01:15     15.4     00.0    00.0   01.2     11.1    23:52     WNW
05    07.1    10.8   13:57    04.1   00:01     11.2     00.0    00.5   02.4     14.8    04:47      SW
06    09.7    11.2   18:10    08.0   00:38     08.6     00.0    03.9   01.7     11.1    23:27      SW
07    10.9    15.4   14:27    06.0   23:39     07.4     00.0    00.0   07.2     46.3    11:22     WNW
08    06.8    13.4   14:43    02.4   08:25     11.5     00.0    00.0   07.3     18.5    22:28     WSW
09    08.2    13.0   13:35    03.9   08:21     10.1     00.0    00.0   05.8     14.8    06:31     WSW
10    08.7    12.0   15:09    07.0   08:39     09.6     00.0    00.0   05.4     20.4    21:57     WSW
11    09.8    14.4   22:59    06.8   06:15     08.5     00.0    00.0   04.2     24.1    22:38     WSW
12    14.1    22.1   14:09    09.4   05:35     04.2     00.0    00.0   07.0     40.7    13:55     WNW
13    10.3    14.4   11:57    06.6   23:58     08.0     00.0    00.0   07.6     51.8    18:56     WSW
14    08.3    14.2   13:53    04.0   04:34     10.0     00.0    00.0   07.7     20.4    04:31     WSW
15    08.5    11.6   11:23    06.3   08:09     09.8     00.0    00.0   04.1     11.1    21:02     WSW
16    08.1    10.1   12:58    04.8   00:00     10.2     00.0    27.7   02.9     20.4    16:34      S 
17    03.8    07.9   14:11    00.9   00:00     14.5     00.0    03.3   04.0     25.9    14:42     WNW
18    00.5    03.3   13:02   -03.6   00:00     17.8     00.0    00.0   06.7     27.8    13:39     NNW
19   -02.1    03.0   14:48   -05.7   08:26     20.4     00.0    00.0   06.5     16.6    06:27     WSW
20   -00.2    03.5   15:42   -04.4   01:45     18.5     00.0    00.0   04.8     16.6    01:48     WSW
21    02.4    07.7   14:38   -02.3   08:26     15.9     00.0    00.0   07.4     18.5    21:07     WSW
22    01.8    06.6   14:54   -03.8   00:00     16.5     00.0    00.0   05.4     16.6    12:02     WSW
23   -02.8    02.7   14:13   -06.8   08:21     21.1     00.0    00.0   07.3     18.5    21:28     WSW
24   -01.8    03.0   14:38   -07.1   08:17     20.1     00.0    00.0   05.2     14.8    08:21     WSW
25    02.4    07.9   15:12   -01.3   04:56     15.9     00.0    00.0   05.3     18.5    22:08      SW
26    06.0    14.2   14:21   -00.5   01:34     12.3     00.0    00.0   06.4     37.0    15:52      W 
27    07.1    12.9   15:46    03.0   08:16     11.2     00.0    00.0   06.8     16.6    21:54     WSW
28    07.9    14.7   15:18    03.5   05:44     10.4     00.0    00.0   07.9     18.5    23:40     WSW
29    10.0    16.0   15:23    05.1   06:29     08.3     00.0    00.0   06.9     20.4    22:07     WSW
30    11.6    17.7   14:59    06.4   23:50     06.7     00.0    00.0   08.4     22.2    03:43     WSW
31    09.8    15.1   15:07    05.3   02:43     08.5     00.0    00.0   05.7     16.6    00:04     WSW
----------------------------------------------------------------------------------------------------------------------------------------------------------
05.3 (5.7)   22.1  day 12    -08.7  day 01   402.5    000.0   041.6   05.7     51.8   day 13     WSW
Max <=   0: 1
Min <=   30: 31
Min <=  -5: 5
Max Rain: 27.7 ON 16-01-16
Days of Rain: 5 (> .2mm) 4 (> 2mm) 1 (> 20mm)