MONTHLY CLIMATOLOGICAL SUMMARY for JAN. 2017

NAME: Stenimachos   CITY: Naousa STATE: Imathia
ELEV: 140 LAT: 040:36:00 LONG: -022:07:00

                            TEMPERATURE ( C), RAIN (mm), WIND SPEED (kmh)

                                               HEAT     COOL           AVG
      MEAN                                     DEG      DEG            WIND                       DOM
DAY   TEMP    HIGH   TIME     LOW    TIME      DAYS     DAYS    RAIN   SPEED    HIGH    TIME      DIR
----------------------------------------------------------------------------------------------------------------------------------------------------------
01    01.1    06.7   14:48   -03.1   08:44     17.2     00.0    00.0   06.2     18.5    21:11     WSW
02    00.9    07.4   14:47   -02.7   08:34     17.4     00.0    00.0   09.0     18.5    23:10     WSW
03    03.4    08.8   14:55   -01.1   05:42     14.9     00.0    00.0   07.1     20.4    03:00     WSW
04    05.4    10.4   15:04    02.8   08:41     12.9     00.0    00.0   06.0     20.4    21:30     WSW
05    05.1    08.8   13:34    01.7   07:28     13.2     00.0    06.6   04.5     16.6    05:40     WSW
06    00.3    03.8   00:01   -04.2   00:00     18.0     00.0    01.4   07.9     44.4    11:56     NNW
07   -05.6   -04.0   00:46   -07.5   00:00     23.9     00.0    00.3   04.4     22.2    14:26     NNW
08   -07.5   -02.1   14:55   -12.0   08:30     25.8     00.0    00.0   05.3     14.8    22:51     WSW
09   -05.6   -02.2   14:23   -09.1   08:03     23.9     00.0    00.0   06.3     22.2    12:02     WNW
10   -05.6   -02.4   15:29   -08.2   23:53     23.9     00.0    00.0   03.5     14.8    23:40      SW
11   -05.2   -02.7   15:31   -08.1   00:07     23.5     00.0    00.3   03.1     14.8    23:04     WSW
12   -03.3    01.7   15:47   -07.1   08:23     21.6     00.0    00.0   05.5     18.5    05:58     WSW
13    00.2    04.7   15:51   -04.2   06:45     18.1     00.0    00.0   05.1     16.6    02:04     WSW
14    05.0    09.7   14:35    01.0   03:38     13.3     00.0    00.3   05.4     24.1    20:11     WSW
15    03.8    08.9   13:43    00.1   07:57     14.5     00.0    00.0   06.7     18.5    07:46      SW
16    02.5    03.5   11:25    01.4   08:55     15.8     00.0    12.2   04.0     14.8    02:15     WSW
17    04.0    05.3   22:11    01.8   01:40     14.3     00.0    14.3   05.0     16.6    16:57     WSW
18    04.7    06.3   11:01    03.0   00:00     13.6     00.0    26.3   04.3     12.9    19:46      W 
19    03.7    05.4   12:44    02.1   04:13     14.6     00.0    13.8   04.0     14.8    16:50      W 
20    03.9    06.1   14:14    00.9   00:00     14.4     00.0    00.5   03.3     14.8    20:20     WSW
21    01.7    06.3   15:00   -01.1   07:35     16.6     00.0    00.0   05.6     12.9    22:05     WSW
22    00.8    05.3   15:00   -02.3   08:16     17.5     00.0    00.0   04.8     14.8    20:39     WSW
23    02.9    04.8   14:55    01.5   08:02     15.4     00.0    00.0   03.0     09.3    23:51     WSW
24    03.3    04.7   18:09    01.7   08:26     15.0     00.0    01.1   02.7     11.1    06:25     WSW
25    02.6    03.7   00:43    01.0   00:00     15.7     00.0    02.8   03.6     14.8    11:01      SE
26   -00.1    01.0   00:03   -00.8   09:06     18.4     00.0    00.0   04.0     16.6    12:42     SSE
27   -00.2    04.0   15:39   -04.2   08:20     18.5     00.0    00.3   06.0     18.5    20:26     WSW
28   -00.2    06.0   14:33   -04.5   07:36     18.5     00.0    00.0   08.0     18.5    23:35     WSW
29    01.9    04.9   11:36   -01.4   02:07     16.4     00.0    00.0   05.5     16.6    02:51     WSW
30    03.4    04.5   18:07    02.1   01:05     14.9     00.0    00.0   02.7     09.3    00:49      W 
31    02.9    03.9   18:08    02.1   08:46     15.4     00.0    00.3   01.5     07.4    23:57     WSW
----------------------------------------------------------------------------------------------------------------------------------------------------------
01.0 (1.2)   10.4  day 04    -12.0  day 08   536.9    000.0   080.7   05.0     44.4   day 06     WSW
Max <=   0: 5
Min <=   30: 31
Min <=  -5: 6
Min <= -10: 1
Max Rain: 26.3 ON 18-01-17
Days of Rain: 14 (> .2mm) 6 (> 2mm) 1 (> 20mm)