MONTHLY CLIMATOLOGICAL SUMMARY for JAN. 2018

NAME: Stenimachos   CITY: Naousa STATE: Imathia
ELEV: 140 LAT: 040:36:00 LONG: -022:07:00

                            TEMPERATURE ( C), RAIN (mm), WIND SPEED (kmh)

                                               HEAT     COOL           AVG
      MEAN                                     DEG      DEG            WIND                       DOM
DAY   TEMP    HIGH   TIME     LOW    TIME      DAYS     DAYS    RAIN   SPEED    HIGH    TIME      DIR
----------------------------------------------------------------------------------------------------------------------------------------------------------
01    05.8    11.8   14:26    01.7   07:38     12.5     00.0    00.0   07.4     18.5    23:15     WSW
02    08.7    14.7   15:48    04.9   06:46     09.6     00.0    00.3   04.3     22.2    06:47     WSW
03    08.7    13.5   14:26    04.4   22:33     09.6     00.0    00.0   06.7     31.4    06:05     WNW
04    07.2    11.9   13:49    03.8   00:00     11.1     00.0    04.8   08.8     37.0    15:35      NW
05    05.5    11.6   14:57    01.5   08:01     12.8     00.0    00.0   08.5     20.4    03:10     WSW
06    05.9    12.1   15:12    02.2   08:30     12.4     00.0    00.0   08.5     20.4    20:42      W 
07    07.5    12.7   14:05    04.8   03:29     10.8     00.0    00.0   08.1     18.5    23:50     WSW
08    07.3    11.2   15:01    04.5   08:17     11.0     00.0    00.0   06.5     18.5    00:18      W 
09    06.8    09.7   13:58    04.2   07:00     11.5     00.0    00.0   05.6     16.6    06:52      W 
10    08.2    09.0   13:14    07.4   08:18     10.1     00.0    00.0   00.8     11.1    02:33      W 
11    08.7    10.7   15:19    06.2   08:48     09.6     00.0    00.3   01.8     12.9    19:02     WSW
12    08.2    09.1   11:58    07.8   00:00     10.1     00.0    14.8   01.2     11.1    00:52      W 
13    06.4    07.8   00:17    05.0   00:00     11.9     00.0    14.0   03.2     14.8    09:32      W 
14    04.5    05.5   11:16    03.5   00:00     13.8     00.0    03.6   01.7     11.1    16:29      W 
15    03.3    04.4   17:56    02.0   23:19     15.0     00.0    02.5   00.6     12.9    22:24      NW
16    04.8    08.4   15:17    01.0   08:26     13.5     00.0    00.0   02.4     14.8    21:29      W 
17    05.7    10.4   00:00    04.0   08:55     12.6     00.0    01.4   01.9     51.8    22:23      NW
18    06.5    10.4   00:02    01.6   00:00     11.8     00.0    02.8   15.2     74.0    11:28      NW
19    03.9    10.7   15:06   -00.6   07:50     14.4     00.0    00.0   08.3     20.4    23:55     WSW
20    06.5    11.3   14:22    02.3   03:46     11.8     00.0    00.0   05.0     20.4    01:40     WSW
21    05.5    09.1   15:39    03.1   05:46     12.8     00.0    00.0   02.1     14.8    20:22     WSW
22    05.9    08.8   13:47    00.9   21:28     12.4     00.0    02.5   11.2     38.9    08:50     NNW
23    02.7    08.2   14:40   -02.1   07:47     15.6     00.0    00.0   07.5     18.5    04:20     WSW
24    02.6    07.2   13:41   -00.9   00:00     15.7     00.0    00.0   07.5     18.5    06:39     WSW
25    00.9    06.5   15:40   -03.3   07:59     17.4     00.0    00.0   07.9     20.4    02:12     WSW
26    01.8    08.2   15:56   -02.6   08:08     16.5     00.0    00.0   08.5     18.5    22:14     WSW
27    03.3    09.8   15:45   -00.7   06:44     15.0     00.0    00.0   08.2     18.5    23:51     WSW
28    04.5    11.4   15:38    00.4   08:09     13.8     00.0    00.0   08.2     20.4    23:08     WSW
29    08.3    17.5   15:40    02.5   04:00     10.0     00.0    00.0   08.4     22.2    02:40     WSW
30    10.3    17.1   15:14    04.0   03:00     08.0     00.0    00.0   07.9     24.1    22:34     WSW
31    08.6    15.1   14:16    04.2   08:07     09.7     00.0    00.0   08.0     20.4    19:44     WSW
----------------------------------------------------------------------------------------------------------------------------------------------------------
05.9 (6.5)   17.5  day 29    -03.3  day 25   382.9    000.0   046.9   06.2     74.0   day 18      W 
Min <=   30: 31
Max Rain: 14.8 ON 12-01-18
Days of Rain: 10 (> .2mm) 7 (> 2mm) 0 (> 20mm)