MONTHLY CLIMATOLOGICAL SUMMARY for JAN. 2019 NAME: Stenimachos CITY: Naousa STATE: Imathia ELEV: 140 LAT: 040:36:00 LONG: -022:07:00 TEMPERATURE ( °C), RAIN (mm), WIND SPEED (kmh) HEAT COOL AVG MEAN DEG DEG WIND DOM DAY TEMP HIGH TIME LOW TIME DAYS DAYS RAIN SPEED HIGH TIME DIR -------------------------------------------------------------------------------------------------------- 01 05.4 09.5 12:22 01.5 00:00 12.9 00.0 00.0 06.6 20.4 22:57 WSW 02 03.0 09.5 15:43 -02.1 06:43 15.3 00.0 00.0 06.8 18.5 07:45 WSW 03 02.1 04.6 02:13 00.3 00:00 16.2 00.0 09.0 08.0 29.6 17:48 WNW 04 00.2 01.9 12:49 -00.8 17:51 18.1 00.0 08.2 04.0 24.1 03:56 WNW 05 -01.5 01.1 14:02 -04.9 00:00 19.8 00.0 02.2 02.3 16.6 23:45 NNW 06 -00.5 06.0 14:45 -05.9 07:20 18.8 00.0 00.0 06.8 20.4 19:28 WNW 07 -00.5 03.2 11:25 -06.3 00:00 18.8 00.0 00.0 08.6 27.8 12:54 WNW 08 -05.3 -01.0 13:18 -08.7 08:53 23.6 00.0 00.0 07.3 18.5 20:05 WSW 09 -02.7 00.0 18:51 -05.8 00:06 21.0 00.0 07.1 01.5 12.9 01:08 NW 10 01.5 03.7 13:40 -01.0 00:57 16.8 00.0 00.8 02.9 14.8 22:33 NNW 11 02.6 06.4 14:05 00.6 08:30 15.7 00.0 00.0 02.8 16.6 03:13 WSW 12 00.8 03.4 15:14 -02.4 00:00 17.5 00.0 00.0 03.2 12.9 23:38 WSW 13 -00.0 04.8 15:09 -04.4 07:27 18.3 00.0 00.0 06.7 18.5 22:07 WSW 14 00.9 04.1 23:20 -02.8 07:51 17.4 00.0 00.0 05.0 16.6 07:48 WSW 15 04.1 06.4 12:05 00.1 19:58 14.2 00.0 00.0 13.2 44.4 13:57 N 16 03.4 09.6 14:43 -00.1 02:37 14.9 00.0 00.0 07.5 22.2 00:02 WSW 17 04.0 10.2 15:35 00.4 08:22 14.3 00.0 00.0 09.1 20.4 23:19 WSW 18 04.0 09.1 15:46 00.6 05:38 14.3 00.0 00.0 06.5 18.5 05:44 WSW 19 06.2 10.2 16:11 03.3 08:37 12.1 00.0 00.0 05.8 14.8 23:27 WSW 20 07.5 11.8 14:13 04.6 00:00 10.8 00.0 00.0 06.6 18.5 23:47 WSW 21 06.6 12.3 15:16 02.5 07:33 11.7 00.0 00.0 07.5 18.5 03:20 WSW 22 07.0 07.8 16:03 05.9 05:35 11.3 00.0 05.6 02.0 12.9 00:19 W 23 07.4 08.7 12:25 05.2 05:47 10.9 00.0 07.0 02.3 12.9 06:46 W 24 08.8 14.2 15:25 05.8 07:38 09.5 00.0 00.3 06.1 18.5 18:50 WSW 25 08.2 10.3 15:38 06.6 00:00 10.1 00.0 33.9 02.9 16.6 20:01 W 26 04.7 06.6 00:21 01.9 00:00 13.6 00.0 04.2 02.6 12.9 23:47 SW 27 03.7 09.1 16:18 00.6 08:03 14.6 00.0 00.0 07.0 18.5 22:06 WSW 28 05.2 09.3 15:18 02.1 07:36 13.1 00.0 00.0 05.6 16.6 01:47 WSW 29 08.0 11.3 14:31 05.1 02:31 10.3 00.0 12.6 03.2 14.8 02:26 WSW 30 08.3 11.7 12:42 04.8 23:28 10.0 00.0 04.3 02.8 16.6 21:06 W 31 06.6 09.9 21:35 03.7 06:53 11.7 00.0 01.1 02.4 33.3 21:04 WSW -------------------------------------------------------------------------------------------------------- 03.5 (3.8) 14.2 day 24 -08.7 day 08 457.9 000.0 096.3 05.3 44.4 day 15 W Max <= 0: 2 Min <= 30: 31 Min <= -5: 4 Max Rain: 33.9 ON 25-01-19 Days of Rain: 13 (> .2mm) 10 (> 2mm) 1 (> 20mm)