MONTHLY CLIMATOLOGICAL SUMMARY for DEC. 2009

NAME: Stenimachos   CITY: Naoussa STATE: Imathia
ELEV: 140 LAT: 040:36:14 LONG: 0022:07:25

                            TEMPERATURE ( C), RAIN (mm), WIND SPEED (kmh)

                                                 HEAT     COOL           AVG
      MEAN                                       DEG      DEG            WIND                        DOM
DAY   TEMP    HIGH   TIME      LOW     TIME      DAYS     DAYS   RAIN    SPEED    HIGH    TIME       DIR
----------------------------------------------------------------------------------------------------------------------------------------------------------
01    12.3    13.7   14:17    11.2   01:17     06.0     00.0    00.0   05.4     14.8    19:07      W 
02    12.1    14.7   12:13    10.7   06:13     06.2     00.0    59.0   06.5     16.6    16:35     WNW
03    12.4    16.0   12:39    08.9   00:00     05.9     00.0    13.0   06.3     22.2    23:24     WSW
05    10.9    13.5   15:03    07.7   08:09     07.4     00.0    00.8   07.1     18.5    22:17     WSW
06    10.7    13.4   12:59    07.4   00:00     07.6     00.0    00.0   06.8     14.8    03:49     WSW
07    09.1    13.8   15:39    06.7   04:45     09.2     00.0    00.0   09.9     20.4    21:04     WSW
08    09.2    12.4   13:36    06.2   05:19     09.1     00.0    00.0   06.9     18.5    00:45     WSW
09    09.9    10.9   13:55    08.7   00:00     08.4     00.0    15.7   03.0     12.9    22:17      W 
10    07.6    08.7   00:17    05.8   06:21     10.7     00.0    50.6   09.1     27.8    03:16     WNW
11    07.6    08.9   14:51    06.1   06:02     10.7     00.0    00.0   04.6     14.8    09:04      SW
12    04.5    07.1   00:12    03.1   07:36     13.8     00.0    16.8   05.3     14.8    19:47      W 
13    04.3    05.8   14:47    02.0   00:00     14.0     00.0    02.5   04.1     14.8    00:00      SW
14    04.1    06.5   12:06    01.4   02:59     14.2     00.0    02.7   05.1     18.5    02:50      W 
15    07.4    10.3   15:37    05.6   01:30     10.9     00.0    15.3   04.6     16.6    23:51     WSW
16    09.4    12.8   14:50    07.0   02:16     08.9     00.0    00.0   06.3     18.5    03:54     WSW
17    08.0    10.0   13:53    06.3   08:40     10.3     00.0    04.3   04.1     18.5    07:01      W 
18    06.1    09.0   11:05    00.6   00:00     12.2     00.0    00.8   06.5     22.2    15:33     SSW
19    01.2    04.6   00:00   -01.0   07:05     17.1     00.0    09.7   04.9     18.5    07:24      W 
20    06.6    10.8   15:17    00.8   00:00     11.7     00.0    08.3   05.2     22.2    23:45     WSW
21    01.2    05.3   15:59   -02.1   08:18     17.1     00.0    00.3   05.8     20.4    18:44     WSW
22    04.8    07.2   15:08    01.5   00:01     13.5     00.0    00.0   03.8     16.6    00:00     WSW
23    07.9    10.7   14:27    04.2   01:43     10.4     00.0    00.0   07.2     18.5    22:01      W 
24    09.9    12.7   15:40    07.5   06:16     08.4     00.0    00.0   04.1     16.6    04:26      W 
25    11.8    14.0   23:42    10.5   08:09     06.5     00.0    01.4   02.8     37.0    23:35     WNW
26    12.9    15.8   00:22    11.2   08:03     05.4     00.0    01.6   05.6     27.8    00:04      W 
27    13.4    16.4   15:45    11.8   05:08     04.9     00.0    01.8   04.4     20.4    18:51      W 
28    11.9    15.4   10:59    04.2   23:05     06.4     00.0    00.0   10.1     42.5    11:40     WNW
29    07.6    12.7   15:54    04.8   00:02     10.7     00.0    00.0   07.0     20.4    23:06     WSW
30    07.4    11.8   15:31    04.0   07:15     10.9     00.0    00.0   07.9     20.4    02:06     WSW
31    09.2    11.5   21:35    06.7   05:02     09.1     00.0    00.0   05.4     16.6    03:46      W 
----------------------------------------------------------------------------------------------------------------------------------------------------------
08.4 (8.4)   16.4  day 27    -02.1  day 21   297.6    000.0   204.6   05.9     42.6   day 28      W 
Min <=   30: 30
Max Rain: 59.0 ON 2-12-10
Days of Rain: 17 (> .2mm) 11 (> 2mm) 2 (> 20mm)