MONTHLY CLIMATOLOGICAL SUMMARY for DEC. 2010

NAME: Stenimachos   CITY: Naoussa STATE: Imathia
ELEV: 140 LAT: 040:36:14 LONG: 0022:07:25

                            TEMPERATURE ( C), RAIN (mm), WIND SPEED (kmh)

                                               HEAT     COOL           AVG
      MEAN                                     DEG      DEG            WIND                       DOM
DAY   TEMP    HIGH   TIME     LOW    TIME      DAYS     DAYS    RAIN   SPEED    HIGH    TIME      DIR
----------------------------------------------------------------------------------------------------------------------------------------------------------
01    14.3   017.3   14:47    12.2   04:25     04.0     00.0    00.0   05.9     18.5    22:23     WSW
02    20.3   025.3   12:25    14.7   00:29     00.0     02.0    00.0   08.2     37.0    07:14      S 
03    16.4   018.9   14:40    13.4   08:25     01.9     00.0    00.0   06.1     18.5    01:21     WSW
04    12.9   017.3   00:52    07.0   23:38     05.4     00.0    19.9   05.9     22.2    16:54     WSW
05    06.7   011.4   15:08    02.8   23:28     11.6     00.0    00.0   07.7     16.6    04:42      SW
06    05.8   011.6   15:33    02.4   06:36     12.5     00.0    00.0   08.1     16.6    23:26     WSW
07    08.1   013.8   15:48    04.7   07:42     10.2     00.0    00.0   07.1     16.6    00:03     WSW
08    09.5   015.0   15:46    06.1   07:47     08.8     00.0    00.0   07.9     16.6    18:35     WSW
09    09.9   011.7   14:38    07.7   08:14     08.4     00.0    00.0   03.7     12.9    07:16     WSW
10    04.8   010.7   01:30    01.0   23:39     13.5     00.0    02.4   12.8     38.9    05:25     NNW
11    00.7   002.9   13:46   -01.9   21:39     17.6     00.0    00.0   11.2     40.7    04:07     NNW
12    00.6   006.8   14:46   -02.7   03:54     17.7     00.0    00.0   06.8     18.5    17:46     WSW
13    02.0   004.0   14:38    00.4   09:04     16.3     00.0    08.2   03.4     16.6    03:37     WSW
14    02.1   004.7   14:39    00.1   08:21     16.2     00.0    00.0   05.9     14.8    23:51      SW
15   -00.9   001.7   15:10   -04.2   08:27     19.2     00.0    00.0   06.7     16.6    20:18     SSW
16   -01.6   -000.5   00:33   -02.8   06:52     19.9     00.0    04.8   02.3     14.8    02:05     NNW
17   -01.8   001.3   15:49   -03.9   07:29     20.1     00.0    00.3   06.1     18.5    03:43     WSW
18    01.0   005.8   13:25   -03.2   07:19     17.3     00.0    00.0   05.6     20.4    01:13     WSW
19    07.5   011.8   15:35    04.1   03:46     10.8     00.0    00.0   07.8     22.2    06:47      SW
20    08.5   011.4   16:01    04.9   08:09     09.8     00.0    00.0   06.2     16.6    08:04     WSW
21    11.5   016.3   14:37    09.2   23:33     06.8     00.0    00.0   05.7     14.8    23:29     WSW
22    11.0   013.9   14:20    08.9   23:37     07.3     00.0    00.0   06.8     18.5    22:41     WSW
23    10.6   012.8   15:04    08.1   04:40     07.7     00.0    00.0   05.4     14.8    04:36     WSW
24    11.3   012.7   15:41    10.1   08:28     07.0     00.0    02.0   03.8     12.9    23:39     WSW
25    12.2   017.4   12:36    09.7   23:38     06.1     00.0    02.7   07.7     31.4    13:04     WSW
26    09.8   011.1   12:28    08.6   23:24     08.5     00.0    00.5   05.5     16.6    00:46     WSW
27    08.1   009.9   10:52    05.6   00:00     10.2     00.0    00.3   05.1     18.5    15:02     SSE
28    04.5   006.7   15:12    00.7   00:00     13.8     00.0    00.0   04.6     18.5    18:22      SE
29    01.5   006.3   15:50   -00.6   23:16     16.8     00.0    00.0   05.9     16.6    00:00      SW
30    01.4   007.0   16:06   -02.5   07:17     16.9     00.0    00.0   08.9     20.4    21:05     WSW
31    02.0   008.7   15:36   -00.9   08:11     16.3     00.0    00.0   09.4     18.5    21:25     WSW
----------------------------------------------------------------------------------------------------------------------------------------------------------
06.8 (7.2)   25.3  day 02    -04.2  day 15   358.7    002.0   041.2   06.6     40.7   day 11     WSW
Max <=   0: 1
Min <=   30: 31
Max Rain: 19.9 ON 4-12-11
Days of Rain: 9 (> .2mm) 6 (> 2mm) 0 (> 20mm)