MONTHLY CLIMATOLOGICAL SUMMARY for DEC. 2011

NAME: Stenimachos   CITY: Naousa STATE: Imathia
ELEV: 140 LAT: 040:36:00 LONG: -022:07:00

                            TEMPERATURE ( C), RAIN (mm), WIND SPEED (kmh)

                                               HEAT     COOL           AVG
      MEAN                                     DEG      DEG            WIND                       DOM
DAY   TEMP    HIGH   TIME     LOW    TIME      DAYS     DAYS    RAIN   SPEED    HIGH    TIME      DIR
----------------------------------------------------------------------------------------------------------------------------------------------------------
01    07.3    14.7   15:28    03.6   06:37     11.0     00.0    00.0   09.5     20.4    22:24     WSW
02    06.6    11.9   15:46    03.5   08:08     11.7     00.0    00.0   09.4     18.5    23:55     WSW
03    07.0    12.8   15:45    04.3   08:14     11.3     00.0    00.0   09.7     18.5    23:30     WSW
04    07.3    12.4   15:46    03.5   07:12     11.0     00.0    00.0   08.2     18.5    06:00     WSW
05    07.9    09.8   22:39    05.2   08:09     10.4     00.0    00.0   04.8     16.6    00:49      W 
06    13.0    20.0   15:06    09.2   02:22     05.3     00.0    00.0   06.5     42.5    11:18      W 
07    09.2    12.0   15:52    04.8   00:00     09.1     00.0    00.3   07.5     20.4    21:52     WSW
08    06.6    12.0   14:23    03.0   08:32     11.7     00.0    00.0   10.5     42.5    14:29      W 
09    05.1    11.7   14:51    02.3   23:02     13.2     00.0    00.0   10.0     22.2    22:22     WSW
10    06.1    10.3   14:10    01.4   04:36     12.2     00.0    00.0   06.6     16.6    07:54     WSW
11    08.9    11.6   15:19    06.8   04:11     09.4     00.0    00.0   05.8     16.6    19:12     WSW
12    09.9    12.2   14:36    07.8   07:36     08.4     00.0    00.0   06.6     18.5    23:22     WSW
13    10.9    13.8   15:28    09.0   22:44     07.4     00.0    00.0   06.3     16.6    22:26      W 
14    09.4    15.3   15:26    06.5   07:44     08.9     00.0    00.0   09.3     20.4    00:47     WSW
15    08.7    12.3   13:29    05.1   06:15     09.6     00.0    00.0   06.9     16.6    06:29     WSW
18    09.9    16.7   13:06    04.9   23:47     08.4     00.0    04.4   08.2     44.4    10:01      SW
19    05.9    07.8   15:41    04.2   00:00     12.4     00.0    06.5   05.6     12.9    22:35      W 
20    06.4    09.6   15:51    02.6   00:00     11.9     00.0    00.3   05.5     22.2    20:29     WSW
21    03.3    06.1   16:50    00.5   08:04     15.0     00.0    07.1   05.9     16.6    11:53      SW
22    02.4    03.4   14:39    01.4   18:19     15.9     00.0    39.8   04.6     14.8    08:40      W 
23    03.7    05.0   13:56    01.9   00:00     14.6     00.0    07.1   05.6     14.8    10:24      SW
24    01.1    03.2   13:01   -00.9   23:49     17.2     00.0    00.0   05.8     18.5    23:42     WSW
25    01.2    05.8   16:00   -01.7   04:39     17.1     00.0    00.0   07.6     16.6    20:56     WSW
26    03.2    07.2   14:06    00.9   01:03     15.1     00.0    00.0   07.7     18.5    19:03      SW
27    01.9    07.0   15:57   -01.0   06:44     16.4     00.0    00.0   08.9     18.5    18:21     WSW
28    01.0    06.8   15:56   -01.9   08:22     17.3     00.0    00.0   09.1     16.6    20:26     WSW
29    01.7    06.5   16:11   -01.6   07:06     16.6     00.0    00.0   07.0     16.6    22:31     WSW
30    02.5    05.7   15:38   -00.6   08:00     15.8     00.0    01.0   06.0     14.8    06:10     WSW
31    04.5    07.5   15:44    01.7   22:16     13.8     00.0    07.4   04.7     16.6    22:15     WSW
----------------------------------------------------------------------------------------------------------------------------------------------------------
06.0 (6.5)   20.0  day 06    -01.9  day 28   358.0    000.0   073.8   07.2     44.4   day 17     WSW
Min <=   30: 29
Max Rain: 39.8 ON 22-12-12
Days of Rain: 63 (> .2mm) 60 (> 2mm) 1 (> 20mm)