MONTHLY CLIMATOLOGICAL SUMMARY for DEC. 2012

NAME: Stenimachos   CITY: Naousa STATE: Imathia
ELEV: 140 LAT: 040:36:00 LONG: -022:07:00

                            TEMPERATURE ( C), RAIN (mm), WIND SPEED (kmh)

                                               HEAT     COOL           AVG
      MEAN                                     DEG      DEG            WIND                       DOM
DAY   TEMP    HIGH   TIME     LOW    TIME      DAYS     DAYS    RAIN   SPEED    HIGH    TIME      DIR
----------------------------------------------------------------------------------------------------------------------------------------------------------
01    13.9    18.7   14:51    10.9   23:50     04.4     00.0    00.0   06.5     24.1    20:03     WSW
02    09.6    11.9   00:28    08.1   22:15     08.7     00.0    16.0   05.4     27.8    22:20     WSW
03    08.9    12.7   13:35    05.8   22:36     09.4     00.0    00.5   06.5     37.0    23:57     WNW
04    05.3    12.0   15:43    01.6   08:08     13.0     00.0    00.0   08.0     44.4    00:52     WSW
05    05.3    08.3   15:59    02.8   00:29     13.0     00.0    01.7   05.5     16.7    21:34     WSW
06    05.5    08.4   14:48    03.8   01:16     12.8     00.0    00.0   06.4     16.7    14:10      SW
07    04.0    09.0   14:40    00.4   00:00     14.3     00.0    00.0   06.2     16.7    23:38     WSW
08    03.5    06.3   13:47    00.1   01:56     14.8     00.0    02.8   05.0     14.8    04:58      W 
09    05.4    08.4   10:15    02.1   00:00     12.9     00.0    04.9   05.7     22.2    04:02      SW
10    01.7    07.3   15:20   -00.9   07:51     16.6     00.0    00.3   06.6     18.5    17:58     WSW
11    01.3    04.7   15:17   -00.8   01:16     17.0     00.0    05.2   04.9     24.1    20:04     WSW
12    01.2    05.9   14:44   -02.4   00:00     17.1     00.0    00.0   07.7     20.4    08:16     WSW
13   -00.9    04.6   15:34   -04.4   08:09     19.2     00.0    00.0   08.6     18.5    22:11     WSW
14    00.2    05.7   12:57   -03.3   02:38     18.1     00.0    00.0   08.7     18.5    20:49     WSW
15    03.0    08.1   15:01   -00.9   04:06     15.3     00.0    00.0   07.3     16.7    08:28     WSW
16    06.0    09.0   12:08    02.6   06:31     12.3     00.0    00.0   06.3     16.7    07:17     WSW
17    07.5    09.2   09:51    05.8   03:26     10.8     00.0    01.0   04.8     13.0    23:28     WSW
18    06.7    07.7   04:38    06.0   18:32     11.6     00.0    36.6   05.4     14.8    22:26      W 
19    06.3    09.8   14:44    01.9   00:00     12.0     00.0    00.5   05.8     16.7    19:06     WSW
20    03.7    08.2   14:32    00.7   07:52     14.6     00.0    00.0   08.9     25.9    11:47      W 
21    02.3    05.3   14:21   -01.0   07:42     16.0     00.0    00.0   06.7     16.7    08:26     WSW
22    02.8    04.8   15:30    00.8   03:20     15.5     00.0    00.0   05.2     18.5    02:07     WSW
23    02.0    04.9   15:00   -00.2   20:51     16.3     00.0    00.0   06.1     18.5    12:19      SW
24    02.2    07.4   15:44   -01.0   04:17     16.1     00.0    00.0   08.2     18.5    22:08     WSW
25    04.8    11.6   15:50    01.6   06:37     13.5     00.0    00.0   08.1     18.5    20:27     WSW
26    06.0    10.3   16:10    03.1   06:53     12.3     00.0    00.0   07.3     16.7    23:23     WSW
27    06.4    09.3   11:49    04.1   06:27     11.9     00.0    00.0   07.6     20.4    05:26     WSW
28    07.1    10.8   13:39    04.2   08:23     11.2     00.0    00.0   05.5     18.5    06:38     WSW
29    08.5    10.3   09:46    06.9   21:03     09.8     00.0    12.2   07.7     27.8    15:23     WSW
30    06.7    08.6   15:06    03.8   00:00     11.6     00.0    00.0   04.9     22.2    00:19     WSW
31    04.8    07.2   15:02    02.6   05:37     13.5     00.0    00.0   06.4     18.5    02:48     WSW
----------------------------------------------------------------------------------------------------------------------------------------------------------
04.9 (5.3)   18.7  day 01    -04.4  day 13   415.4    000.0   081.4   06.6     44.4   day 04     WSW
Min <=   30: 31
Max Rain: 36.6 ON 18-12-13
Days of Rain: 11 (> .2mm) 6 (> 2mm) 1 (> 20mm)