MONTHLY CLIMATOLOGICAL SUMMARY for DEC. 2013

NAME: Stenimachos   CITY: Naousa STATE: Imathia
ELEV: 140 LAT: 040:36:00 LONG: -022:07:00

                            TEMPERATURE ( C), RAIN (mm), WIND SPEED (kmh)

                                               HEAT     COOL           AVG
      MEAN                                     DEG      DEG            WIND                       DOM
DAY   TEMP    HIGH   TIME     LOW    TIME      DAYS     DAYS    RAIN   SPEED    HIGH    TIME      DIR
----------------------------------------------------------------------------------------------------------------------------------------------------------
01    08.3    09.1   23:45    06.7   01:52     10.0     00.0    17.3   03.4     11.1    19:49      W 
02    09.8    11.5   15:21    07.0   23:57     08.5     00.0    01.0   03.6     12.9    21:21      SW
03    05.1    07.5   01:33    01.8   22:25     13.2     00.0    08.0   05.5     20.4    23:01     WSW
04    02.8    08.6   15:09   -00.1   08:20     15.5     00.0    00.0   08.4     16.6    22:31     WSW
05    04.4    11.5   15:42    00.3   07:49     13.9     00.0    00.0   08.5     18.5    19:17     WSW
06    05.0    10.9   15:37    01.5   06:43     13.3     00.0    00.0   08.6     20.4    18:59     WSW
07    05.8    09.4   13:31    01.6   23:42     12.5     00.0    00.0   07.9     31.4    14:40     WNW
08    04.2    11.0   15:38   -00.2   06:06     14.1     00.0    00.0   08.6     24.1    01:15     WSW
09    05.1    10.2   14:23    01.7   08:13     13.2     00.0    00.0   07.3     20.4    00:02     WSW
10    08.7    14.4   12:27    03.3   23:45     09.6     00.0    00.0   11.2     40.7    11:17      NW
11    01.9    07.1   15:43   -01.2   07:41     16.4     00.0    00.0   09.4     20.4    19:33     WSW
12    04.8    12.1   14:24   -00.2   03:05     13.5     00.0    00.0   07.2     24.1    16:29     WSW
13    05.2    10.0   15:47    02.5   23:54     13.1     00.0    00.0   07.1     18.5    23:35     WSW
14    04.6    11.4   15:40    01.1   08:22     13.7     00.0    00.0   09.9     20.4    23:26     WSW
15    04.7    10.5   14:14    01.3   07:57     13.6     00.0    00.0   09.5     20.4    20:34     WSW
16    03.2    08.9   15:02    00.0   03:57     15.1     00.0    00.0   07.7     16.6    23:46     WSW
17    02.7    09.5   14:39   -00.6   07:39     15.6     00.0    00.0   08.7     18.5    23:05     WSW
18    03.2    10.1   15:39    00.0   01:58     15.1     00.0    00.0   09.5     18.5    18:19     WSW
19    02.5    09.0   15:52   -01.0   07:30     15.8     00.0    00.0   10.4     20.4    22:56     WSW
20    02.8    09.7   15:35   -00.6   07:54     15.5     00.0    00.0   10.1     18.5    00:00     WSW
21    04.7    12.4   15:43    00.3   08:33     13.6     00.0    00.0   09.9     22.2    18:37     WSW
22    05.0    12.9   15:30    01.7   08:36     13.3     00.0    00.0   10.6     20.4    00:46     WSW
23    04.1    10.4   15:30    01.4   06:08     14.2     00.0    00.0   11.5     18.5    22:46     WSW
24    03.7    06.0   15:12    01.1   03:49     14.6     00.0    00.3   05.8     16.6    00:29     WSW
25    06.3    07.7   15:19    04.9   03:11     12.0     00.0    01.5   02.6     12.9    00:17      SW
26    07.8    09.3   16:22    05.2   03:37     10.5     00.0    00.0   03.7     11.1    23:31     WSW
----------------------------------------------------------------------------------------------------------------------------------------------------------
04.9 (5.8)   14.4  day 10    -01.2  day 11   349.4    000.0   028.1   07.9     40.7   day 10     WSW
Min <=   30: 26
Max Rain: 17.3 ON 1-12-13
Days of Rain: 5 (> .2mm) 2 (> 2mm) 0 (> 20mm)