MONTHLY CLIMATOLOGICAL SUMMARY for DEC. 2014

NAME: Stenimachos   CITY: Naousa STATE: Imathia
ELEV: 140 LAT: 040:36:00 LONG: -022:07:00

                            TEMPERATURE ( C), RAIN (mm), WIND SPEED (kmh)

                                               HEAT     COOL           AVG
      MEAN                                     DEG      DEG            WIND                       DOM
DAY   TEMP    HIGH   TIME     LOW    TIME      DAYS     DAYS    RAIN   SPEED    HIGH    TIME      DIR
----------------------------------------------------------------------------------------------------------------------------------------------------------
01    12.1    12.9   16:10    10.7   00:00     06.2     00.0    05.1   02.0     14.8    19:55     ESE
02    10.2    11.3   00:00    09.5   08:31     08.1     00.0    51.0   02.0     12.9    23:53     WSW
03    12.2    13.9   16:00    10.1   04:02     06.1     00.0    02.2   04.1     12.9    05:20     WSW
04    13.5    15.0   14:12    12.5   22:21     04.8     00.0    01.6   04.6     16.6    00:36     WSW
05    12.8    13.3   13:34    11.7   00:00     05.5     00.0    28.3   02.3     09.3    21:16      N 
06    11.6    14.0   16:04    10.2   21:20     06.7     00.0    14.4   04.4     16.6    21:38      W 
07    11.3    13.5   15:59    09.3   00:00     07.0     00.0    00.0   06.1     16.6    23:50     WSW
08    10.3    11.2   14:01    08.8   22:30     08.0     00.0    29.3   06.5     16.6    20:39      W 
09    08.6    09.4   14:09    07.3   00:00     09.7     00.0    04.8   03.2     11.1    14:01     SSE
10    07.5    08.7   11:53    06.5   08:06     10.8     00.0    00.3   02.9     11.1    20:42      SE
11    08.0    09.2   14:59    06.7   00:48     10.3     00.0    01.4   01.7     07.4    13:01     WSW
12    09.8    14.8   14:46    05.9   00:00     08.5     00.0    00.0   06.1     14.8    23:04     WSW
13    06.8    12.1   15:32    04.0   08:23     11.5     00.0    00.0   09.0     18.5    20:27     WSW
14    06.4    11.4   15:30    03.6   07:39     11.9     00.0    00.0   09.2     18.5    21:31     WSW
15    05.7    09.3   15:17    03.2   06:50     12.6     00.0    00.0   07.2     16.6    23:33     WSW
16    06.5    08.2   23:21    03.6   04:29     11.8     00.0    00.5   04.7     14.8    01:37      W 
17    08.6    10.2   13:06    06.5   23:23     09.7     00.0    03.5   04.1     14.8    23:46     WSW
18    07.2    11.3   15:35    04.5   06:20     11.1     00.0    00.3   05.6     18.5    21:18     WSW
19    07.1    12.7   15:50    04.1   07:51     11.2     00.0    00.0   08.9     18.5    19:44     WSW
20    07.0    11.9   15:37    03.6   08:03     11.3     00.0    00.0   08.0     16.6    06:22     WSW
21    08.3    11.4   14:17    05.4   01:32     10.0     00.0    00.0   10.9     42.5    11:51     WNW
22    05.2    10.6   14:40    01.2   08:01     13.1     00.0    00.0   08.6     20.4    23:57     WSW
23    07.9    15.5   15:22    02.4   02:20     10.4     00.0    00.0   08.9     20.4    19:43     WSW
24    09.0    14.7   15:22    05.9   23:59     09.3     00.0    00.0   09.0     20.4    21:24     WSW
25    07.1    12.9   15:31    03.7   07:48     11.2     00.0    00.0   09.7     20.4    05:15     WSW
26    08.5    13.4   14:02    04.3   00:00     09.8     00.0    03.6   06.6     18.5    02:44      SW
27    04.1    08.4   15:15   -01.5   23:29     14.2     00.0    00.3   08.7     27.8    14:46     WNW
28    01.5    04.2   17:32   -01.8   07:07     16.8     00.0    10.1   05.7     14.8    07:47     WSW
29    03.9    05.8   04:31   -00.3   00:00     14.4     00.0    02.7   06.9     29.6    15:46      NW
30   -02.6   -00.3   00:01   -03.7   23:28     20.9     00.0    00.5   03.7     12.9    12:42     WSW
31   -02.1   -00.3   16:50   -03.6   08:12     20.4     00.0    01.0   03.0     11.1    22:54      W 
----------------------------------------------------------------------------------------------------------------------------------------------------------
07.5 (7.8)   15.5  day 23    -03.7  day 30   333.4    000.0   160.7   05.9     42.6   day 21     WSW
Max <=   0: 2
Min <=   30: 31
Max Rain: 51.0 ON 2-12-15
Days of Rain: 19 (> .2mm) 11 (> 2mm) 3 (> 20mm)