MONTHLY CLIMATOLOGICAL SUMMARY for DEC. 2015

NAME: Stenimachos   CITY: Naousa STATE: Imathia
ELEV: 140 LAT: 040:36:00 LONG: -022:07:00

                            TEMPERATURE ( C), RAIN (mm), WIND SPEED (kmh)

                                               HEAT     COOL           AVG
      MEAN                                     DEG      DEG            WIND                       DOM
DAY   TEMP    HIGH   TIME     LOW    TIME      DAYS     DAYS    RAIN   SPEED    HIGH    TIME      DIR
----------------------------------------------------------------------------------------------------------------------------------------------------------
01    07.9    12.0   15:33    04.8   02:09     10.4     00.0    00.0   05.3     18.5    22:51     WSW
02    11.9    18.6   14:07    07.4   04:55     06.4     00.0    00.0   08.1     24.1    14:20      W 
03    12.0    17.3   14:06    07.6   00:00     06.3     00.0    00.0   07.9     20.4    01:35     WSW
04    09.3    14.5   13:17    05.8   07:59     09.0     00.0    00.0   07.7     18.5    22:24     WSW
05    09.2    14.2   13:22    06.2   00:00     09.1     00.0    00.0   07.3     18.5    20:03     WSW
06    07.4    12.7   14:48    04.7   08:05     10.9     00.0    00.0   06.9     16.6    18:51     WSW
07    06.5    12.5   14:10    03.2   08:06     11.8     00.0    00.0   06.4     18.5    19:40     WSW
08    06.9    13.9   14:43    03.5   06:47     11.4     00.0    00.0   08.8     20.4    18:57     WSW
09    05.7    11.4   13:37    02.6   07:39     12.6     00.0    00.0   08.0     18.5    06:35     WSW
10    04.7    07.0   15:54    01.6   05:24     13.6     00.0    00.0   02.7     11.1    05:04      W 
11    06.3    08.3   13:21    05.2   07:17     12.0     00.0    00.0   02.7     09.3    23:58     WSW
12    04.6    09.7   14:45    01.4   08:08     13.7     00.0    00.0   06.8     18.5    17:56     WSW
13    04.8    11.4   14:31    01.6   07:12     13.5     00.0    00.0   08.9     20.4    20:40     WSW
14    05.3    11.7   14:09    02.2   07:58     13.0     00.0    00.0   08.3     18.5    21:40     WSW
15    05.4    10.8   13:48    02.3   07:52     12.9     00.0    00.0   07.8     18.5    19:04     WSW
16    05.8    10.1   13:37    01.9   05:31     12.5     00.0    00.0   06.3     18.5    06:29     WSW
17    06.3    09.8   15:14    03.4   00:00     12.0     00.0    00.0   05.3     18.5    20:05     WSW
18    03.2    08.8   14:02   -00.3   08:15     15.1     00.0    00.0   07.1     16.6    21:36     WSW
19    05.9    11.1   15:52    02.1   01:41     12.4     00.0    00.0   05.5     16.6    19:26     WSW
20    06.0    11.9   14:46    02.8   08:36     12.3     00.0    00.0   08.4     18.5    23:12     WSW
21    05.8    12.1   14:45    02.0   07:57     12.5     00.0    00.0   08.3     20.4    20:08     WSW
22    07.3    15.0   14:29    03.0   07:38     11.0     00.0    00.0   07.5     20.4    20:33     WSW
23    08.7    15.5   14:35    04.7   07:29     09.6     00.0    00.0   08.3     20.4    03:22     WSW
24    08.7    15.3   14:31    05.1   08:08     09.6     00.0    00.0   08.4     18.5    20:36     WSW
25    08.6    15.4   14:40    05.0   08:01     09.7     00.0    00.0   08.1     18.5    19:07     WSW
26    07.5    14.0   14:11    04.1   08:33     10.8     00.0    00.0   08.9     18.5    21:10     WSW
27    07.8    14.5   14:58    04.1   06:24     10.5     00.0    00.0   08.2     18.5    21:52     WSW
28    09.1    15.8   14:42    05.6   08:10     09.2     00.0    00.0   08.4     18.5    23:27     WSW
29    10.2    19.3   13:31    06.4   04:17     08.1     00.0    00.0   07.4     18.5    17:52     WSW
30    05.3    09.5   00:05    00.5   00:00     13.0     00.0    08.0   04.7     18.5    09:27     WSW
31   -01.4    00.5   01:26   -05.5   00:00     19.7     00.0    03.1   04.9     18.5    19:38     WNW
----------------------------------------------------------------------------------------------------------------------------------------------------------
06.9 (7.9)   19.3  day 29    -05.5  day 31   354.6    000.0   011.1   07.1     24.1   day 29     WSW
Min <=   30: 31
Min <=  -5: 1
Max Rain: 8.0 ON 30-12-16
Days of Rain: 2 (> .2mm) 2 (> 2mm) 0 (> 20mm)