MONTHLY CLIMATOLOGICAL SUMMARY for DEC. 2016

NAME: Stenimachos   CITY: Naousa STATE: Imathia
ELEV: 140 LAT: 040:36:00 LONG: -022:07:00

                            TEMPERATURE ( C), RAIN (mm), WIND SPEED (kmh)

                                               HEAT     COOL           AVG
      MEAN                                     DEG      DEG            WIND                       DOM
DAY   TEMP    HIGH   TIME     LOW    TIME      DAYS     DAYS    RAIN   SPEED    HIGH    TIME      DIR
----------------------------------------------------------------------------------------------------------------------------------------------------------
01    01.9    09.5   13:55   -03.8   05:27     16.4     00.0    00.0   07.9     20.4    17:21     WSW
02    08.0    14.7   18:32    01.6   05:50     10.3     00.0    00.0   08.5     37.0    18:19      W 
03    07.7    11.3   14:22    03.8   08:12     10.6     00.0    00.0   07.5     24.1    12:10      SW
04    07.1    09.3   12:14    05.5   02:54     11.2     00.0    00.0   03.2     18.5    11:46      SW
05    06.5    07.9   12:06    05.3   00:00     11.8     00.0    00.0   02.4     11.1    22:38     WSW
06    06.1    09.9   15:24    04.4   19:43     12.2     00.0    00.0   05.7     20.4    20:04     WSW
07    06.3    13.6   12:46    01.7   23:12     12.0     00.0    00.0   07.3     20.4    06:33     WSW
08    04.2    08.7   13:42    00.9   00:00     14.1     00.0    00.0   05.7     18.5    19:23     WSW
09    04.5    11.1   15:03    00.3   07:00     13.8     00.0    00.0   06.9     16.6    23:11     WSW
10    09.3    18.6   13:52    04.9   07:28     09.0     00.0    00.0   08.1     22.2    06:14     WSW
11    07.4    14.5   14:25    03.8   08:27     10.9     00.0    00.0   09.2     20.4    20:57     WSW
12    09.1    15.2   14:20    03.6   04:19     09.2     00.0    00.0   08.4     24.1    23:34     WNW
13    05.5    09.7   00:47   -01.4   00:00     12.8     00.0    00.0   11.3     40.7    12:15      NW
14   -00.2    05.8   14:25   -04.5   08:06     18.5     00.0    00.0   08.2     18.5    02:11     WSW
15    02.6    10.0   14:55   -01.8   03:42     15.7     00.0    00.0   07.2     24.1    15:19     WSW
16    02.8    05.8   14:58   -00.6   04:13     15.5     00.0    00.0   06.5     18.5    04:13     WSW
17    02.1    06.7   14:45   -01.7   00:00     16.2     00.0    00.0   08.2     18.5    18:53     WSW
18    00.9    07.0   14:28   -02.6   08:22     17.4     00.0    00.0   07.9     18.5    05:58     WSW
19    01.3    08.0   14:37   -02.2   07:34     17.0     00.0    00.0   09.0     18.5    22:51     WSW
20    02.3    08.9   14:47   -01.3   07:43     16.0     00.0    00.0   08.1     20.4    19:56     WSW
21    03.0    07.0   14:36    00.5   23:59     15.3     00.0    00.0   07.0     18.5    01:00     WSW
22    00.8    05.4   15:18   -02.1   07:29     17.5     00.0    00.0   07.2     18.5    19:14     WSW
23    03.1    10.5   14:42   -01.4   08:18     15.2     00.0    00.0   07.8     20.4    19:51     WSW
24    02.4    08.5   14:24   -01.4   08:26     15.9     00.0    00.0   07.8     18.5    20:30     WSW
25    06.2    13.0   13:40    00.0   06:31     12.1     00.0    00.0   07.7     27.8    15:53     WNW
26    09.5    15.5   12:14    03.9   04:22     08.8     00.0    00.0   08.8     33.3    12:55     WNW
27    08.9    14.3   13:28    05.3   07:22     09.4     00.0    00.0   06.4     27.8    22:43     WNW
28    05.5    09.3   12:57    02.7   20:23     12.8     00.0    00.0   12.9     53.6    14:28     NNW
29    03.5    06.9   13:35   -00.8   00:00     14.8     00.0    00.0   11.9     42.5    14:49     NNW
30    00.7    04.9   14:15   -03.0   23:19     17.6     00.0    00.0   09.1     35.1    10:08      NW
31    00.7    04.7   16:11   -03.1   01:21     17.6     00.0    00.0   05.8     16.6    20:32     WSW
----------------------------------------------------------------------------------------------------------------------------------------------------------
04.5 (5.2)   18.6  day 10    -04.5  day 14   427.5    000.0   000.0   07.7     53.7   day 28      W 
Min <=   30: 31
Max Rain: 0.0 ON 30-12-17
Days of Rain: 0 (> .2mm) 0 (> 2mm) 0 (> 20mm)