MONTHLY CLIMATOLOGICAL SUMMARY for DEC. 2017

NAME: Stenimachos   CITY: Naousa STATE: Imathia
ELEV: 140 LAT: 040:36:00 LONG: -022:07:00

                            TEMPERATURE ( C), RAIN (mm), WIND SPEED (kmh)

                                               HEAT     COOL           AVG
      MEAN                                     DEG      DEG            WIND                       DOM
DAY   TEMP    HIGH   TIME     LOW    TIME      DAYS     DAYS    RAIN   SPEED    HIGH    TIME      DIR
----------------------------------------------------------------------------------------------------------------------------------------------------------
01    12.9    15.3   13:14    09.3   02:42     05.4     00.0    04.2   02.3     12.9    07:48      W 
02    13.1    14.2   15:28    11.9   21:56     05.2     00.0    20.1   00.5     09.3    18:18      NW
03    13.0    18.8   13:53    09.2   23:30     05.3     00.0    00.3   03.7     25.9    12:43      W 
04    09.7    14.9   14:08    04.5   00:00     08.6     00.0    00.0   05.1     18.5    23:11      W 
05    05.0    10.0   12:58    01.6   06:44     13.3     00.0    00.0   08.1     33.3    13:42      NW
06    05.4    12.4   13:42    00.9   03:01     12.9     00.0    00.0   06.6     24.1    00:28      W 
07    06.9    15.3   14:22    02.2   01:22     11.4     00.0    00.0   08.1     20.4    23:27      W 
08    06.0    12.2   14:17    02.0   08:08     12.3     00.0    00.0   08.1     22.2    20:29      W 
09    06.9    10.9   15:09    02.6   07:41     11.4     00.0    01.2   04.5     20.4    01:51      W 
10    07.5    12.1   11:49    01.6   00:00     10.8     00.0    00.3   08.7     53.6    03:59      W 
11    04.5    11.0   14:27    00.5   05:07     13.8     00.0    00.0   07.7     20.4    21:16      W 
12    06.7    12.7   14:08    02.7   06:40     11.6     00.0    00.0   07.2     20.4    20:01      W 
13    09.0    13.7   12:58    05.4   07:33     09.3     00.0    00.0   04.7     20.4    23:18      W 
14    13.1    17.7   14:26    09.4   08:29     05.2     00.0    00.0   04.9     27.8    20:38      W 
15    10.9    14.7   14:47    08.1   23:46     07.4     00.0    00.0   04.8     20.4    21:54      W 
16    11.1    14.1   12:08    07.7   08:02     07.2     00.0    00.0   04.8     18.5    01:54      W 
17    09.3    11.8   14:28    04.7   23:39     09.0     00.0    02.2   03.0     14.8    22:31     WSW
18    03.9    05.5   13:52    02.1   23:44     14.4     00.0    00.8   02.2     12.9    22:54      W 
19    01.9    06.6   13:48   -01.0   23:56     16.4     00.0    00.0   05.8     20.4    14:32      W 
20    00.2    05.5   14:37   -02.9   08:18     18.1     00.0    00.0   05.5     16.6    06:05      W 
21    01.3    02.6   15:48   -00.1   00:01     17.0     00.0    00.0   00.2     09.3    00:26     WSW
22    01.2    03.8   15:27   -00.6   21:39     17.1     00.0    00.0   03.5     18.5    21:25     WSW
23    04.8    09.6   14:17   -00.5   02:44     13.5     00.0    00.0   12.8     40.7    12:29      NW
24    09.5    16.5   14:26    03.3   03:10     08.8     00.0    00.0   05.4     18.5    22:05     WSW
25    08.6    14.8   14:51    04.9   07:48     09.7     00.0    00.0   08.2     22.2    00:46      W 
26    06.2    11.7   15:23    02.8   08:13     12.1     00.0    00.0   08.4     20.4    22:22     WSW
27    06.9    10.2   15:40    04.3   06:54     11.4     00.0    00.0   05.5     20.4    04:13      W 
28    07.9    10.2   14:35    05.2   08:04     10.4     00.0    01.1   03.9     22.2    22:49      W 
29    08.5    13.1   13:07    04.5   23:22     09.8     00.0    00.0   04.5     18.5    23:44      W 
30    05.3    11.4   14:07    02.2   06:22     13.0     00.0    00.0   07.4     20.4    23:28      W 
31    04.4    10.5   14:55    00.1   08:11     13.9     00.0    00.0   07.0     18.5    23:46      W 
----------------------------------------------------------------------------------------------------------------------------------------------------------
07.1 (7.6)   18.8  day 03    -02.9  day 20   346.0    000.0   030.3   05.6     53.7   day 10      W 
Min <=   30: 31
Max Rain: 20.1 ON 2-12-18
Days of Rain: 8 (> .2mm) 3 (> 2mm) 1 (> 20mm)