MONTHLY CLIMATOLOGICAL SUMMARY for DEC. 2018 NAME: Stenimachos CITY: Naousa STATE: Imathia ELEV: 140 LAT: 040:36:00 LONG: -022:07:00 TEMPERATURE ( °C), RAIN (mm), WIND SPEED (kmh) HEAT COOL AVG MEAN DEG DEG WIND DOM DAY TEMP HIGH TIME LOW TIME DAYS DAYS RAIN SPEED HIGH TIME DIR ---------------------------------------------------------------------------------------------------------------------------------------------------------- 01 03.6 08.3 15:32 00.0 07:51 14.7 00.0 00.0 05.5 16.6 02:22 WSW 02 05.3 09.5 15:17 02.8 00:22 13.0 00.0 00.0 05.0 18.5 19:08 WSW 03 05.0 10.5 14:25 01.6 08:00 13.3 00.0 00.0 06.4 16.6 22:11 WSW 04 07.2 11.1 15:19 02.7 04:21 11.1 00.0 00.0 03.0 14.8 04:13 WSW 05 10.1 15.4 13:19 03.1 23:28 08.2 00.0 00.0 07.0 31.4 12:10 NW 06 04.2 10.1 14:19 00.5 07:05 14.1 00.0 00.0 08.1 20.4 19:49 WSW 07 02.8 08.6 14:31 -01.0 07:56 15.5 00.0 00.0 07.7 18.5 23:30 WSW 08 03.5 07.1 13:44 00.1 06:13 14.8 00.0 00.0 05.3 16.6 21:09 WSW 09 06.3 11.5 14:05 04.5 04:40 12.0 00.0 00.0 04.9 22.2 18:47 WSW 10 07.8 12.2 15:28 04.4 05:30 10.5 00.0 00.5 05.2 38.9 15:30 NW 11 05.4 10.2 14:12 01.7 22:23 12.9 00.0 00.0 08.2 27.8 11:40 WNW 12 03.6 10.2 13:36 -00.1 05:34 14.7 00.0 00.0 08.0 18.5 21:50 WSW 13 03.5 07.1 14:25 00.4 01:00 14.8 00.0 00.0 02.5 18.5 01:15 WSW 14 05.2 07.5 15:34 03.0 01:32 13.1 00.0 00.0 00.6 09.3 02:35 SW 15 08.1 10.7 13:44 05.9 03:21 10.2 00.0 00.0 01.3 12.9 18:40 WSW 16 08.0 11.9 11:27 01.5 00:00 10.3 00.0 00.3 03.6 18.5 15:48 WSW 17 03.4 06.7 14:54 -00.1 04:57 14.9 00.0 00.0 01.9 12.9 06:28 WSW 18 04.6 05.5 12:20 03.9 09:09 13.7 00.0 12.5 00.5 09.3 13:56 SSE 19 03.2 07.3 14:33 00.4 00:00 15.1 00.0 00.0 02.6 12.9 22:28 SW 20 02.3 07.3 14:38 -00.3 07:46 16.0 00.0 00.0 05.5 14.8 23:33 WSW 21 04.3 08.6 15:54 01.6 00:14 14.0 00.0 00.0 05.1 16.6 04:14 WSW 22 04.4 09.3 14:58 01.7 08:10 13.9 00.0 00.0 04.0 16.6 18:59 WSW 23 08.0 16.8 14:36 02.7 06:32 10.3 00.0 00.0 05.1 20.4 19:13 WSW 24 08.9 12.4 15:54 05.1 08:31 09.4 00.0 00.8 04.5 42.5 23:25 WNW 25 05.2 09.2 01:45 -00.4 00:00 13.1 00.0 00.0 09.5 38.9 14:03 NNW 26 02.4 08.8 14:43 -01.6 06:52 15.9 00.0 00.0 09.5 22.2 15:09 W 27 03.3 09.3 13:13 00.1 07:26 15.0 00.0 00.0 07.3 20.4 07:09 WSW 28 02.7 08.0 15:20 -01.1 06:17 15.6 00.0 00.0 07.9 16.6 19:49 WSW 29 08.0 13.9 12:15 03.4 00:00 10.3 00.0 00.0 09.5 31.4 15:14 NW 30 04.4 08.8 13:08 00.2 07:11 13.9 00.0 00.0 07.5 18.5 06:54 WSW 31 04.8 08.1 14:47 00.6 08:24 13.5 00.0 00.0 05.5 18.5 05:38 WSW ---------------------------------------------------------------------------------------------------------------------------------------------------------- 05.1 (5.6) 16.8 day 23 -01.6 day 26 408.0 000.0 014.1 05.4 42.6 day 25 W Min <= 30: 31 Max Rain: 12.5 ON 18-12-19 Days of Rain: 4 (> .2mm) 1 (> 2mm) 0 (> 20mm)