MONTHLY CLIMATOLOGICAL SUMMARY for FEB. 2010

NAME: Stenimachos   CITY: Naoussa STATE: Imathia
ELEV: 140 LAT: 040:36:14 LONG: 0022:07:25

                            TEMPERATURE ( C), RAIN (mm), WIND SPEED (kmh)

                                                 HEAT     COOL           AVG
      MEAN                                       DEG      DEG            WIND                        DOM
DAY   TEMP    HIGH   TIME      LOW     TIME      DAYS     DAYS   RAIN    SPEED    HIGH    TIME       DIR
----------------------------------------------------------------------------------------------------------------------------------------------------------
01    09.0    12.5   14:22    02.1   00:00     09.3     00.0    00.8   07.7     37.0    21:54      W 
02    02.4    06.1   14:50    00.1   20:50     15.9     00.0    00.0   07.8     37.0    21:09     NNW
04    03.7    11.5   16:40   -03.3   07:44     14.6     00.0    00.0   09.2     27.8    01:16     WSW
05    05.2    09.3   14:23    01.7   04:22     13.1     00.0    00.0   06.2     18.5    07:31      W 
06    03.8    04.4   23:48    02.7   16:24     14.5     00.0    11.4   03.2     16.6    15:25      W 
07    04.3    05.1   22:46    03.4   13:19     14.0     00.0    32.6   06.3     22.2    13:38      W 
08    03.4    06.1   16:27   -00.4   00:00     14.9     00.0    02.7   05.5     16.6    22:47     WSW
09    01.6    06.0   15:42   -02.9   07:23     16.7     00.0    00.3   07.7     18.5    19:10     WSW
10    03.9    06.5   20:38    01.5   07:30     14.4     00.0    28.5   08.1     18.5    22:41      W 
11    07.0    10.1   16:03    04.4   01:09     11.3     00.0    00.0   06.4     22.2    22:26     WSW
12    07.6    11.2   13:36    04.7   01:02     10.7     00.0    08.8   06.3     27.8    18:31     WSW
13    09.1    12.7   14:35    04.4   23:43     09.2     00.0    00.0   11.1     70.3    17:30      W 
14    04.1    07.8   10:18    01.4   20:05     14.2     00.0    19.0   06.1     20.4    00:28      W 
15    06.9    13.0   15:38    02.8   08:00     11.4     00.0    01.4   07.8     27.8    16:03     SSW
16    06.7    11.2   15:37    02.5   03:34     11.6     00.0    02.5   05.5     16.6    00:02     WSW
17    08.2    10.4   17:32    06.7   01:49     10.1     00.0    04.9   03.5     18.5    21:53      W 
18    11.4    16.6   18:45    07.0   01:42     06.9     00.0    00.3   07.1     31.4    15:56     WSW
19    11.9    15.8   14:52    07.9   07:46     06.4     00.0    00.0   08.0     22.2    06:51      W 
20    14.1    20.7   16:51    09.3   07:37     04.2     00.0    00.0   10.3     59.2    19:10      W 
21    12.6    16.9   01:06    06.5   22:58     05.7     00.0    00.0   14.5     64.8    06:58      NW
22    06.7    10.0   16:33    02.6   07:40     11.6     00.0    00.0   06.3     18.5    04:15     WSW
23    08.2    11.3   14:45    05.7   07:07     10.1     00.0    00.3   06.4     18.5    19:47      W 
24    08.0    10.8   16:52    05.3   06:10     10.3     00.0    01.9   06.4     18.5    04:10     WSW
25    11.5    17.3   15:07    06.9   00:43     06.8     00.0    00.3   08.0     22.2    21:29      W 
26    10.6    15.3   16:24    06.1   06:03     07.7     00.0    00.3   07.5     20.4    06:12     WSW
27    10.5    17.5   14:18    06.5   03:34     07.8     00.0    00.8   11.1     51.8    14:45     WNW
28    09.5    13.3   15:38    05.2   07:01     08.8     00.0    00.0   07.1     22.2    04:53     WSW
----------------------------------------------------------------------------------------------------------------------------------------------------------
07.5 (7.6)   20.7  day 20    -03.3  day 03   292.2    000.0   116.5   07.5     70.3   day 21      W 
Min <=   30: 27
Max Rain: 32.6 ON 7-02-10
Days of Rain: 17 (> .2mm) 8 (> 2mm) 2 (> 20mm)