MONTHLY CLIMATOLOGICAL SUMMARY for FEB. 2011

NAME: Stenimachos   CITY: Naoussa STATE: Imathia
ELEV: 140 LAT: 040:36:14 LONG: 0022:07:25

                            TEMPERATURE ( C), RAIN (mm), WIND SPEED (kmh)

                                               HEAT     COOL           AVG
      MEAN                                     DEG      DEG            WIND                       DOM
DAY   TEMP    HIGH   TIME     LOW    TIME      DAYS     DAYS    RAIN   SPEED    HIGH    TIME      DIR
----------------------------------------------------------------------------------------------------------------------------------------------------------
01    02.6    07.3   15:32   -00.8   08:17     15.7     00.0    00.0   08.3     18.5    23:56     WSW
02    02.2    07.9   16:40   -01.8   07:21     16.1     00.0    00.0   09.2     20.4    19:19     WSW
03    03.5    06.4   15:19    01.6   00:00     14.8     00.0    00.0   05.4     22.2    08:43      S 
04    01.1    07.6   16:55   -01.5   08:23     17.2     00.0    00.0   05.8     20.4    21:53     WSW
05    04.2    12.4   15:51   -01.2   07:22     14.1     00.0    00.0   08.4     18.5    21:48     WSW
06    10.9    18.7   16:54    04.0   02:26     07.4     00.0    00.0   08.8     24.1    20:52     WSW
07    11.8    18.3   16:29    07.7   08:12     06.5     00.0    00.0   10.6     24.1    10:06      SW
08    10.4    19.3   15:42    04.6   07:50     07.9     00.0    00.0   10.4     22.2    20:38     WSW
09    10.8    18.6   16:31    05.4   01:47     07.5     00.0    00.0   09.9     22.2    22:46     WSW
10    07.2    13.8   15:56    03.3   00:00     11.1     00.0    00.0   09.2     20.4    06:42     WSW
11    06.0    13.2   16:20    01.8   08:03     12.3     00.0    00.0   09.6     20.4    23:24     WSW
12    08.6    17.5   16:54    02.6   05:58     09.7     00.0    00.0   09.0     22.2    04:02     WSW
13    08.7    13.2   14:41    04.1   08:03     09.6     00.0    00.0   08.5     18.5    00:34     WSW
14    08.7    12.3   15:34    04.9   07:35     09.6     00.0    00.0   07.4     14.8    21:44     WSW
15    08.4    10.6   14:38    06.7   07:06     09.9     00.0    01.9   04.9     11.1    21:53     WSW
16    05.0    07.5   00:22    04.1   00:00     13.3     00.0    06.4   03.0     09.3    13:50      NE
17    04.9    06.3   00:00    03.7   07:35     13.4     00.0    05.8   02.5     09.3    14:21      N 
18    07.8    10.4   00:00    05.8   03:18     10.5     00.0    43.1   03.0     31.4    23:14     WNW
19    09.3    10.9   17:06    06.7   00:00     09.0     00.0    29.0   04.9     14.8    00:29     WSW
20    08.1    10.2   16:17    05.7   06:25     10.2     00.0    00.0   05.4     18.5    21:56     SSE
21    05.6    07.8   00:39    04.6   23:28     12.7     00.0    15.2   02.7     09.3    14:44      NW
22    05.6    08.1   16:10    04.1   07:36     12.7     00.0    07.4   03.3     14.8    20:14      SW
23    06.2    07.5   14:41    04.8   22:49     12.1     00.0    02.1   03.5     12.9    22:29      SW
24    05.3    06.5   16:44    04.3   02:51     13.0     00.0    04.9   03.5     14.8    10:32     WSW
25    03.7    04.7   00:30    02.5   00:00     14.6     00.0    01.0   03.2     12.9    23:52      SE
26    02.8    04.5   17:14    01.2   09:17     15.5     00.0    00.5   04.0     16.6    12:53      SE
27    03.5    04.5   16:50    02.8   08:06     14.8     00.0    00.0   03.2     09.3    09:50     SSW
28    04.9    06.7   16:47    03.5   05:05     13.4     00.0    00.0   03.7     09.3    22:12     WSW
----------------------------------------------------------------------------------------------------------------------------------------------------------
06.4 (6.9)   19.3  day 08    -01.8  day 02   334.6    000.0   117.3   06.1     31.5   day 18     WSW
Min <=   30: 28
Max Rain: 43.1 ON 18-02-11
Days of Rain: 11 (> .2mm) 8 (> 2mm) 2 (> 20mm)