MONTHLY CLIMATOLOGICAL SUMMARY for FEB. 2012

NAME: Stenimachos   CITY: Naousa STATE: Imathia
ELEV: 140 LAT: 040:36:00 LONG: -022:07:00

                            TEMPERATURE ( C), RAIN (mm), WIND SPEED (kmh)

                                               HEAT     COOL           AVG
      MEAN                                     DEG      DEG            WIND                       DOM
DAY   TEMP    HIGH   TIME     LOW    TIME      DAYS     DAYS    RAIN   SPEED    HIGH    TIME      DIR
----------------------------------------------------------------------------------------------------------------------------------------------------------
01   -02.6    00.2   13:57   -05.2   04:19     20.9     00.0    03.3   05.5     16.6    04:16     WSW
02   -02.5   -00.5   15:58   -04.3   08:08     20.8     00.0    11.4   03.2     11.1    19:37     ENE
03    00.1    01.6   23:22   -01.5   01:22     18.2     00.0    03.1   03.7     09.3    23:57     NNE
04    04.0    06.8   16:07    01.4   00:02     14.3     00.0    04.6   06.1     16.6    22:30     WSW
05    05.7    09.4   14:18    03.1   23:48     12.6     00.0    02.3   05.9     18.5    00:39     WSW
06    02.7    06.1   19:44    00.6   10:16     15.6     00.0    25.5   04.1     14.8    22:46     WSW
07    01.5    02.7   06:27    00.2   22:42     16.8     00.0    43.2   03.9     18.5    04:39      W 
08   -01.2    00.3   01:56   -02.4   23:44     19.5     00.0    04.7   01.3     11.1    22:56     NNE
09   -02.2   -01.1   17:57   -03.7   09:23     20.5     00.0    00.3   03.0     12.9    13:22      NE
10   -01.7   -00.9   00:00   -02.4   04:41     20.0     00.0    04.6   02.5     09.3    22:24      E 
11   -00.3    00.5   23:09   -01.0   09:10     18.6     00.0    06.1   03.3     07.4    13:47      NE
12    01.6    02.7   16:09    00.4   01:12     16.7     00.0    04.5   04.8     11.1    22:32     WSW
13    03.2    07.1   14:13   -01.5   23:55     15.1     00.0    08.7   06.5     16.6    20:02     SSW
14   -00.7    02.8   14:14   -04.3   07:39     19.0     00.0    00.3   03.8     12.9    21:27      W 
15    00.9    05.9   22:59   -03.2   07:55     17.4     00.0    00.0   05.3     27.8    22:29      NW
16    03.3    05.7   15:12    00.9   07:31     15.0     00.0    00.0   07.6     37.0    22:41     NNW
17    02.8    05.8   15:03   -00.2   00:00     15.5     00.0    00.0   13.3     40.7    10:14     NNW
18    04.5    11.3   15:40   -01.0   00:49     13.8     00.0    00.0   06.5     16.6    12:12     WSW
19    05.2    10.9   15:22    00.5   06:51     13.1     00.0    00.0   09.1     18.5    04:53     WSW
20    06.9    11.2   15:03    03.4   07:50     11.4     00.0    00.0   07.2     16.6    19:52     WSW
21    08.5    12.4   15:29    05.9   06:00     09.8     00.0    00.0   06.8     14.8    18:37     WSW
22    08.3    11.6   16:37    05.8   00:00     10.0     00.0    00.0   05.9     14.8    21:18      W 
23    07.9    13.7   15:32    04.8   03:48     10.4     00.0    00.0   08.8     18.5    22:07     WSW
24    10.2    17.3   13:37    03.5   02:37     08.1     00.0    00.0   10.3     31.4    14:22      W 
25    14.3    22.3   15:35    08.7   07:07     04.0     00.0    00.0   08.8     20.4    00:00      W 
26    10.0    13.7   12:12    06.0   00:00     08.3     00.0    09.3   06.5     20.4    23:57     WSW
27    04.9    06.9   14:57    02.0   00:00     13.4     00.0    04.5   11.7     31.4    15:01      NW
28    01.8    04.7   14:51   -01.0   23:55     16.5     00.0    00.0   14.0     42.5    04:51     NNW
29    05.0    12.4   14:23   -00.9   00:14     13.3     00.0    00.0   11.8     57.4    15:07      N 
----------------------------------------------------------------------------------------------------------------------------------------------------------
03.5 (3.8)   22.3  day 25    -05.2  day 01   428.8    000.0   136.8   06.6     57.4   day 29     WNW
Max <=   0: 3
Min <=   30: 29
Min <=  -5: 1
Max Rain: 43.2 ON 7-02-12
Days of Rain: 16 (> .2mm) 14 (> 2mm) 2 (> 20mm)