MONTHLY CLIMATOLOGICAL SUMMARY for FEB. 2013

NAME: Stenimachos   CITY: Naousa STATE: Imathia
ELEV: 140 LAT: 040:36:00 LONG: -022:07:00

                            TEMPERATURE ( C), RAIN (mm), WIND SPEED (kmh)

                                               HEAT     COOL           AVG
      MEAN                                     DEG      DEG            WIND                       DOM
DAY   TEMP    HIGH   TIME     LOW    TIME      DAYS     DAYS    RAIN   SPEED    HIGH    TIME      DIR
----------------------------------------------------------------------------------------------------------------------------------------------------------
01    06.8    13.7   14:27    01.9   08:19     11.5     00.0    00.0   10.0     22.2    01:41     WSW
02    08.3    11.9   16:13    04.6   09:00     10.0     00.0    00.0   07.4     18.5    23:21      W 
03    10.6    16.2   18:12    05.7   06:58     07.7     00.0    00.0   07.9     20.4    00:22      W
04    10.8    15.2   16:14    06.4   12:00     09.1     00.0    00.0   05.2     14.8    18:33      W 
05    09.4    15.2   17:00    04.8   23:13     08.9     00.0    00.0   08.6     20.4    21:28     WSW
06    07.1    11.7   16:26    03.3   06:42     11.2     00.0    00.0   08.0     20.4    03:31     WSW
07    09.0    11.3   13:08    07.0   05:22     09.3     00.0    00.3   03.9     16.6    03:44      W 
08    06.5    09.4   15:22    03.1   23:22     11.8     00.0    10.2   05.9     20.4    16:12     SSE
09    05.5    08.8   14:51    02.0   03:22     12.8     00.0    00.3   05.1     14.8    01:18     WSW
10    06.6    12.6   15:01    02.4   06:00     11.7     00.0    00.0   08.2     29.6    15:43     WSW
11    06.9    12.2   15:48    02.8   08:03     11.4     00.0    00.0   07.6     33.3    11:46      W 
12    06.5    10.3   14:12    03.0   00:26     11.8     00.0    00.0   06.5     16.6    04:46     WSW
13    09.5    11.3   16:08    07.7   07:23     11.7     00.0    01.4   05.7     16.6    06:51     WSW
14    09.2    11.3   16:14    00.1   12:00     09.1     00.0    02.6   05.2     14.8    18:33      W 
15    09.7    11.8   12:22    06.4   08:36     08.6     00.0    00.0   05.9     22.2    12:00     SSW
16    06.6    07.7   00:18    03.1   09:14     11.7     00.0    07.3   04.0     11.1    09:15     WNW
17    05.1    07.6   23:00    04.3   00:00     13.2     00.0    01.1   02.7     12.9    23:04     WNW
18    04.0    06.0   15:22    02.1   23:22     11.8     00.0    10.0   05.9     20.4    16:12     SSE
19    03.9    05.3   10:04    01.7   00:00     14.4     00.0    11.0   05.1     14.8    00:00      W 
20    05.5    10.1   15:22    01.0   23:22     11.8     00.0    00.0   05.9     20.4    16:12     SSE
21    06.0    07.2   15:22    04.8   23:22     11.8     00.0    18.6   05.9     20.4    16:12     SSE
22    07.0    09.5   16:13    04.5   09:00     10.0     00.0    03.6   07.4     18.5    23:21      W
23    06.6    10.6   16:08    01.0   07:23     11.7     00.0    00.0   05.7     16.6    06:51     WSW
24    10.2    11.7   00:00    08.4   08:03     08.1     00.0    06.6   03.3     11.1    00:03     WNW
25    11.9    13.3   17:28    08.1   00:00     06.4     00.0    14.6   03.5     37.0    22:11      W 
26    10.1    14.4   14:15    06.5   07:42     08.2     00.0    02.0   06.2     16.6    22:44      SW
27    08.7    11.7   14:45    03.8   07:33     09.6     00.0    00.0   05.7     16.6    06:46      SW
28    07.5    09.1   16:59    05.4   21:32     10.8     00.0    00.0   05.9     20.4    11:09     SSE
----------------------------------------------------------------------------------------------------------------------------------------------------------
07.7 (7.6)   16.2  day 03     00.1  day 13   230.1    000.0   089.6   06.0     37.0   day 25     WSW
Min <=   30: 22
Max Rain: 14.6 ON 25-02-13
Days of Rain: 10 (> .2mm) 6 (> 2mm) 0 (> 20mm)