MONTHLY CLIMATOLOGICAL SUMMARY for FEB. 2015

NAME: Stenimachos   CITY: Naousa STATE: Imathia
ELEV: 140 LAT: 040:36:00 LONG: -022:07:00

                            TEMPERATURE ( C), RAIN (mm), WIND SPEED (kmh)

                                               HEAT     COOL           AVG
      MEAN                                     DEG      DEG            WIND                       DOM
DAY   TEMP    HIGH   TIME     LOW    TIME      DAYS     DAYS    RAIN   SPEED    HIGH    TIME      DIR
----------------------------------------------------------------------------------------------------------------------------------------------------------
01    10.1    15.7   12:53    06.4   01:25     08.2     00.0    28.1   09.2     64.8    18:55     WSW
02    09.2    11.8   14:50    05.2   23:39     09.1     00.0    00.0   07.1     29.6    02:51     WSW
03    07.4    12.6   16:21    03.3   08:01     10.9     00.0    00.0   08.3     22.2    00:32     WSW
04    06.3    10.5   16:37    03.0   02:45     12.0     00.0    00.0   06.9     18.5    23:53     WSW
05    09.4    13.7   16:27    05.0   01:58     08.9     00.0    00.0   07.2     18.5    05:35     WSW
06    11.0    14.2   16:01    07.2   22:43     07.3     00.0    05.5   06.8     37.0    15:10     WSW
07    08.3    11.7   16:39    04.7   07:41     10.0     00.0    00.3   07.8     18.5    22:50     SSW
08    05.5    07.5   15:58    02.5   22:49     12.8     00.0    00.8   05.7     27.8    19:02     WSW
09    01.6    03.7   01:33   -01.7   00:00     16.7     00.0    00.3   08.8     29.6    08:32     WNW
10    01.0    05.0   14:08   -04.2   06:24     17.3     00.0    00.0   11.3     38.9    14:10     NNW
11    02.9    06.5   14:57   -01.4   23:54     15.4     00.0    00.0   12.0     38.9    09:40     NNW
12    00.9    06.7   15:25   -04.3   07:37     17.4     00.0    00.0   09.2     18.5    20:54     WSW
13    03.2    09.9   16:40   -01.7   06:40     15.1     00.0    00.0   10.0     22.2    20:07     WSW
14    04.4    10.9   16:27    00.4   07:46     13.9     00.0    00.0   10.1     20.4    23:24     WSW
15    04.5    11.1   15:29   -00.3   07:28     13.8     00.0    00.0   09.1     18.5    23:22     WSW
16    05.5    11.3   14:46    00.9   07:47     12.8     00.0    00.0   07.8     18.5    02:45     WSW
17    02.7    05.6   03:15    00.7   00:00     15.6     00.0    08.9   03.8     14.8    02:04     NNW
18    01.2    05.6   15:10   -02.3   07:59     17.1     00.0    00.0   05.8     16.6    19:10     WSW
19    02.9    10.8   16:39   -03.3   05:34     15.4     00.0    00.0   10.0     24.1    23:56     WSW
20    06.2    13.1   16:25    00.4   07:54     12.1     00.0    00.0   09.3     20.4    05:40     WSW
21    06.6    12.5   16:41    01.7   07:36     11.7     00.0    00.0   07.4     16.6    07:26     WSW
22    06.9    07.6   00:00    06.2   02:55     11.4     00.0    17.2   03.3     11.1    01:30     WNW
23    09.8    12.3   15:40    07.6   00:29     08.5     00.0    00.3   04.5     14.8    23:19     WSW
24    11.0    14.6   14:34    07.7   03:30     07.3     00.0    00.0   06.8     16.6    15:38      SW
25    09.2    10.8   17:18    06.1   22:23     09.1     00.0    10.8   05.0     20.4    22:24      W 
26    09.1    13.0   16:12    04.7   07:27     09.2     00.0    01.3   07.0     18.5    03:24     WSW
27    09.0    10.2   00:00    08.0   00:42     09.3     00.0    13.9   05.1     14.8    23:43      W 
28    12.1    16.0   15:24    09.3   07:50     06.2     00.0    00.0   07.1     16.6    14:43     WSW
----------------------------------------------------------------------------------------------------------------------------------------------------------
06.4 (6.5)   16.0  day 28    -04.3  day 12   334.4    000.0   086.5   07.6     64.8   day 01      W 
Min <=   30: 28
Max Rain: 28.1 ON 1-02-15
Days of Rain: 11 (> .2mm) 6 (> 2mm) 1 (> 20mm)