MONTHLY CLIMATOLOGICAL SUMMARY for FEB. 2016

NAME: Stenimachos   CITY: Naousa STATE: Imathia
ELEV: 140 LAT: 040:36:00 LONG: -022:07:00

                            TEMPERATURE ( C), RAIN (mm), WIND SPEED (kmh)

                                               HEAT     COOL           AVG
      MEAN                                     DEG      DEG            WIND                       DOM
DAY   TEMP    HIGH   TIME     LOW    TIME      DAYS     DAYS    RAIN   SPEED    HIGH    TIME      DIR
----------------------------------------------------------------------------------------------------------------------------------------------------------
01    13.3    19.5   15:53    07.3   08:40     05.0     00.0    00.0   05.9     20.4    20:26      SW
02    13.6    21.0   15:38    09.3   00:00     04.7     00.0    00.0   06.9     16.6    19:19     WSW
03    11.3    18.3   15:02    07.3   08:02     07.0     00.0    00.0   06.8     16.6    07:03     WSW
04    09.4    10.9   19:54    07.4   00:00     08.9     00.0    00.3   02.8     20.4    23:10     SSW
05    06.2    07.6   00:59    03.4   00:00     12.1     00.0    00.0   08.0     35.1    11:22     NNW
06    05.7    12.1   14:35    01.3   08:09     12.6     00.0    00.0   07.2     20.4    20:22      W 
07    04.4    11.0   15:11   -00.5   07:56     13.9     00.0    00.0   07.4     16.6    19:48     WSW
08    05.8    11.8   15:49    01.6   06:49     12.5     00.0    00.0   07.4     16.6    22:56     WSW
09    06.9    12.7   13:53    02.0   07:27     11.4     00.0    00.0   06.4     16.6    02:37     WSW
10    08.5    11.8   13:59    05.0   03:37     09.8     00.0    00.0   04.8     16.6    23:32      W 
11    11.3    16.5   12:48    07.3   00:00     07.0     00.0    00.0   06.6     37.0    04:32      SW
12    09.5    14.8   15:36    04.9   08:07     08.8     00.0    00.9   07.0     24.1    00:51     WSW
13    10.0    13.1   15:01    07.3   04:31     08.3     00.0    06.9   05.4     22.2    20:19      W 
14    11.6    16.0   16:16    07.3   04:12     06.7     00.0    00.0   04.2     20.4    00:24     WSW
15    14.6    19.7   15:18    11.2   01:20     03.7     00.0    00.0   06.2     16.6    23:52      W 
16    13.6    16.6   11:40    11.5   05:01     04.7     00.0    00.0   06.1     18.5    06:32     WSW
17    14.2    18.8   13:34    11.8   05:13     04.1     00.0    00.0   05.8     14.8    20:33     WSW
18    13.3    16.1   13:13    11.2   03:55     05.0     00.0    06.0   03.3     14.8    00:03     WSW
19    13.2    19.9   16:06    08.7   07:52     05.1     00.0    00.0   05.9     18.5    19:44     WSW
20    10.5    16.1   14:07    05.4   23:39     07.8     00.0    01.6   06.1     20.4    18:56     WSW
21    08.6    15.4   15:46    03.2   06:40     09.7     00.0    00.0   06.7     18.5    23:39     WSW
22    11.8    18.6   15:01    07.0   06:49     06.5     00.0    00.0   06.7     18.5    06:47     WSW
23    12.6    19.0   15:55    07.1   05:43     05.7     00.0    00.0   05.7     16.6    03:55     WSW
24    11.7    14.5   13:59    09.0   23:22     06.6     00.0    00.3   03.7     16.6    22:26      W 
25    10.6    15.7   15:01    06.4   06:58     07.7     00.0    00.3   03.0     14.8    22:14      SW
26    11.4    16.1   15:10    07.9   04:30     06.9     00.0    00.5   05.5     18.5    19:38      W 
27    11.3    17.7   15:44    06.1   07:21     07.0     00.0    00.0   07.1     18.5    01:04      SW
28    10.7    12.1   15:41    08.4   00:24     07.6     00.0    01.6   01.9     11.1    04:53      W 
29    11.7    13.3   15:42    10.4   03:29     06.6     00.0    13.1   00.5     11.1    21:14     WNW
----------------------------------------------------------------------------------------------------------------------------------------------------------
10.6 (11.1)   21.0  day 02    -00.5  day 07   223.3    000.0   031.5   05.6     37.0   day 05     WSW
Min <=   30: 29
Max Rain: 13.1 ON 29-02-16
Days of Rain: 10 (> .2mm) 3 (> 2mm) 0 (> 20mm)