MONTHLY CLIMATOLOGICAL SUMMARY for FEB. 2018 NAME: Stenimachos CITY: Naousa STATE: Imathia ELEV: 140 LAT: 040:36:00 LONG: -022:07:00 TEMPERATURE ( °C), RAIN (mm), WIND SPEED (kmh) HEAT COOL AVG MEAN DEG DEG WIND DOM DAY TEMP HIGH TIME LOW TIME DAYS DAYS RAIN SPEED HIGH TIME DIR ---------------------------------------------------------------------------------------------------------------------------------------------------------- 01 07.9 13.9 15:34 03.5 07:54 10.4 00.0 00.0 07.0 18.5 05:50 WSW 02 09.4 12.9 15:35 06.9 06:30 08.9 00.0 00.5 03.8 14.8 22:09 W 03 11.1 14.0 14:50 08.8 03:38 07.2 00.0 00.0 03.2 16.6 00:11 W 04 10.6 15.2 15:56 05.1 00:00 07.7 00.0 04.5 05.3 22.2 11:45 WSW 05 06.8 12.9 15:06 01.9 08:14 11.5 00.0 00.0 07.3 18.5 18:26 WSW 06 07.7 11.6 13:48 02.5 07:16 10.6 00.0 00.0 04.5 18.5 07:10 WSW 07 07.3 08.5 00:34 06.7 10:11 11.0 00.0 13.7 00.1 11.1 23:58 WNW 08 08.2 13.8 15:37 04.4 04:54 10.1 00.0 00.3 05.5 20.4 03:33 WSW 09 09.2 15.4 14:46 05.0 08:07 09.1 00.0 00.0 06.3 20.4 02:35 WSW 10 07.3 08.4 05:34 05.3 23:58 11.0 00.0 28.9 04.4 18.5 23:39 W 11 06.6 09.0 14:45 04.8 00:00 11.7 00.0 04.5 02.5 16.6 17:36 SSW 12 05.7 08.9 13:09 03.1 23:51 12.6 00.0 00.0 02.7 16.6 23:21 WSW 13 05.2 07.7 14:07 02.2 04:46 13.1 00.0 02.8 03.0 16.6 03:36 W 14 08.5 13.7 14:10 03.1 00:00 09.8 00.0 00.3 06.5 38.9 10:27 WNW 15 06.0 09.0 15:39 03.1 00:04 12.3 00.0 00.0 01.6 12.9 06:04 WSW 16 06.4 11.4 16:40 04.1 00:00 11.9 00.0 00.0 03.5 18.5 22:02 WSW 17 07.2 13.7 15:48 02.5 07:40 11.1 00.0 00.0 05.6 16.6 00:01 WSW 18 08.5 11.9 16:13 04.5 06:10 09.8 00.0 00.0 02.2 12.9 04:59 WSW 19 08.3 09.3 16:18 07.1 00:00 10.0 00.0 02.8 01.1 11.1 19:47 W 20 06.1 07.4 01:32 05.5 11:02 12.2 00.0 09.3 01.4 14.8 15:53 W 21 06.2 07.0 16:24 05.6 08:20 12.1 00.0 05.1 00.1 07.4 01:11 NW 22 07.4 08.2 17:44 06.6 01:30 10.9 00.0 05.4 00.8 11.1 21:42 WNW 23 07.7 08.3 16:45 07.1 11:30 10.6 00.0 03.8 00.6 09.3 00:39 WNW 24 07.5 08.9 16:54 06.2 09:14 10.8 00.0 11.7 01.1 11.1 22:36 NW 25 03.5 07.1 01:20 01.2 22:19 14.8 00.0 12.4 02.9 16.6 13:41 SSE 26 01.5 02.6 17:38 00.7 05:59 16.8 00.0 20.7 00.5 07.4 08:14 W 27 03.8 07.8 15:35 00.9 07:38 14.5 00.0 01.9 01.5 14.8 18:52 WSW 28 04.5 09.5 14:22 -01.7 00:00 13.8 00.0 00.3 04.0 44.4 14:52 WSW ---------------------------------------------------------------------------------------------------------------------------------------------------------- 07.0 (7.2) 15.4 day 09 -01.7 day 28 316.2 000.0 128.5 03.2 44.4 day 28 W Min <= 30: 28 Max Rain: 28.9 ON 10-02-18 Days of Rain: 18 (> .2mm) 13 (> 2mm) 2 (> 20mm)