MONTHLY CLIMATOLOGICAL SUMMARY for FEB. 2019 NAME: Stenimachos CITY: Naousa STATE: Imathia ELEV: 140 LAT: 040:36:00 LONG: -022:07:00 TEMPERATURE ( °C), RAIN (mm), WIND SPEED (kmh) HEAT COOL AVG MEAN DEG DEG WIND DOM DAY TEMP HIGH TIME LOW TIME DAYS DAYS RAIN SPEED HIGH TIME DIR -------------------------------------------------------------------------------------------------------- 01 07.7 11.8 16:01 04.0 08:16 10.6 00.0 00.0 06.0 42.5 01:36 W 02 09.1 14.0 15:04 05.1 05:51 09.2 00.0 00.0 05.0 14.8 05:35 WSW 03 10.8 13.1 15:54 08.7 01:08 07.5 00.0 00.0 01.9 11.1 01:05 W 04 12.5 14.7 16:41 10.9 00:00 05.8 00.0 00.0 01.4 11.1 19:30 W 05 11.7 16.7 14:53 09.0 22:00 06.6 00.0 00.0 03.4 16.6 20:34 WSW 06 08.1 10.4 03:18 06.7 00:00 10.2 00.0 09.4 03.0 14.8 19:20 WSW 07 07.5 11.1 14:31 05.6 00:00 10.8 00.0 00.0 02.8 14.8 16:00 SW 08 06.4 08.3 13:03 05.0 00:37 11.9 00.0 00.0 01.4 12.9 00:26 W 09 06.4 10.4 14:52 03.0 00:00 11.9 00.0 00.0 03.9 18.5 12:28 SW 10 05.7 12.4 16:15 01.4 07:57 12.6 00.0 00.0 06.6 16.6 23:39 WSW 11 09.6 12.4 13:36 03.5 07:01 08.7 00.0 00.0 02.8 18.5 00:27 WNW 12 08.4 12.4 13:38 04.7 00:00 09.9 00.0 00.0 07.9 33.3 14:10 NNW 13 05.1 08.2 14:47 03.4 03:44 13.2 00.0 00.0 10.5 40.7 10:59 NNW 14 06.0 12.6 15:02 -00.1 07:45 12.3 00.0 00.0 07.8 35.1 15:59 NW 15 06.7 11.4 13:23 03.8 22:23 11.6 00.0 01.2 07.8 27.8 17:11 WNW 16 06.4 12.2 15:58 02.4 07:49 11.9 00.0 00.0 08.0 18.5 23:15 WSW 17 06.2 13.8 15:55 00.4 07:38 12.1 00.0 00.0 08.7 20.4 23:13 WSW 18 08.8 16.9 14:50 03.2 07:44 09.5 00.0 00.0 08.9 22.2 21:52 WSW 19 08.7 16.4 16:09 03.2 07:49 09.6 00.0 00.0 08.8 18.5 23:51 WSW 20 10.2 18.9 15:09 03.6 07:18 08.1 00.0 00.0 09.3 22.2 23:17 WSW 21 11.6 17.8 15:28 06.8 07:40 06.7 00.0 00.0 10.1 24.1 14:48 WNW 22 09.2 14.7 14:00 03.0 07:38 09.1 00.0 00.0 06.9 22.2 03:11 W 23 02.6 09.7 02:55 -01.1 09:35 15.7 00.0 04.5 07.2 37.0 03:23 NW 24 -00.5 01.0 16:12 -02.7 00:00 18.8 00.0 00.0 04.4 16.6 23:55 W 25 00.6 04.9 00:00 -04.2 07:37 17.7 00.0 00.0 06.1 18.5 06:54 WSW 26 07.5 15.3 15:38 00.0 07:35 10.8 00.0 00.0 07.3 40.7 23:07 W 27 10.0 14.1 12:53 05.5 23:40 08.3 00.0 00.0 10.3 44.4 00:49 NNW 28 09.6 17.7 16:26 03.6 07:40 08.7 00.0 00.0 09.4 24.1 14:07 WSW -------------------------------------------------------------------------------------------------------- 07.6 (8.1) 18.9 day 20 -04.2 day 25 299.9 000.0 015.0 06.3 44.4 day 27 W Min <= 30: 28 Max Rain: 9.4 ON 6-02-19 Days of Rain: 3 (> .2mm) 2 (> 2mm) 0 (> 20mm)