MONTHLY CLIMATOLOGICAL SUMMARY for FEB. 2022 NAME: Stenimachos CITY: Naousa STATE: Imathia ELEV: 140 LAT: 040:36:00 LONG: -022:07:00 TEMPERATURE ( °C), RAIN (mm), WIND SPEED (kmh) HEAT COOL AVG MEAN DEG DEG WIND DOM DAY TEMP HIGH TIME LOW TIME DAYS DAYS RAIN SPEED HIGH TIME DIR -------------------------------------------------------------------------------------------------------- 01 05.4 08.0 13:15 03.0 01:26 12.9 00.0 04.7 02.9 12.9 00:00 W 02 05.4 07.0 23:16 03.4 08:14 12.9 00.0 00.3 03.0 27.8 20:32 NW 03 06.6 10.6 13:52 02.2 23:35 11.7 00.0 00.0 12.5 44.4 07:00 N 04 03.2 09.7 15:29 -01.2 08:18 15.1 00.0 00.0 07.5 20.4 21:03 WSW 05 04.9 11.6 16:35 -01.0 07:17 13.4 00.0 00.0 06.9 18.5 02:18 WSW 06 08.5 14.9 14:09 04.6 01:39 09.8 00.0 00.0 05.8 18.5 19:47 WSW 07 07.5 10.7 16:52 04.1 07:50 10.8 00.0 01.3 04.5 40.7 22:40 W 08 06.3 09.0 14:38 04.0 22:40 12.0 00.0 00.0 15.8 50.0 03:20 N 09 09.3 15.4 14:08 04.6 06:38 09.0 00.0 00.0 12.1 42.5 10:22 NNW 10 07.5 14.6 15:44 02.1 08:17 10.8 00.0 00.0 07.1 20.4 21:10 WSW 11 07.2 14.7 15:50 02.0 07:43 11.1 00.0 00.0 08.1 20.4 20:14 WSW 12 08.9 14.6 15:55 03.0 05:54 09.4 00.0 00.0 06.0 20.4 18:22 WSW 13 08.5 10.7 00:22 07.1 00:00 09.8 00.0 09.8 01.9 14.8 00:52 W 14 07.9 11.3 15:37 05.4 00:00 10.4 00.0 00.0 01.5 14.8 23:45 W 15 07.5 12.7 15:51 03.0 05:32 10.8 00.0 00.0 05.2 16.6 22:57 WSW 16 08.8 11.6 15:21 05.2 02:44 09.5 00.0 00.5 03.5 16.6 02:37 W 17 11.9 17.0 15:40 07.9 23:47 06.4 00.0 00.0 03.9 18.5 23:37 WSW 18 11.4 18.6 14:02 06.5 03:19 06.9 00.0 00.0 11.2 44.4 10:00 WNW 19 09.6 16.8 15:42 03.6 06:58 08.7 00.0 00.0 07.0 20.4 06:44 WSW 20 10.5 15.4 16:22 06.3 07:16 07.8 00.0 00.0 05.9 20.4 21:37 WSW 21 11.3 17.6 16:20 06.7 04:29 07.0 00.0 00.0 04.5 18.5 06:26 W 22 10.3 14.2 14:39 07.3 20:50 08.0 00.0 11.9 03.9 27.8 19:52 WNW 23 09.2 12.7 15:14 05.9 00:00 09.1 00.0 00.3 04.5 18.5 05:38 W 24 09.3 14.2 15:42 03.7 00:00 09.0 00.0 00.0 12.5 48.1 10:34 NNW 25 06.5 14.0 15:02 00.8 07:24 11.8 00.0 00.0 08.5 20.4 20:57 WSW 26 07.3 13.1 13:47 01.5 05:00 11.0 00.0 00.3 05.4 18.5 17:03 WSW 27 05.0 07.4 02:06 01.4 11:32 13.3 00.0 59.0 03.5 27.8 09:22 SW 28 04.8 07.5 11:25 03.1 07:01 13.5 00.0 00.0 06.1 16.6 11:22 WSW -------------------------------------------------------------------------------------------------------- 07.9 (8.2) 18.6 day 18 -01.2 day 04 292.0 000.0 088.2 06.5 50.0 day 24 WNW Min <= 30: 28 Max Rain: 59.0 ON 27-02-22 Days of Rain: 9 (> .2mm) 4 (> 2mm) 1 (> 20mm)