MONTHLY CLIMATOLOGICAL SUMMARY for MAR. 2010

NAME: Stenimachos   CITY: Naoussa STATE: Imathia
ELEV: 140 LAT: 040:36:14 LONG: 0022:07:25

                            TEMPERATURE ( C), RAIN (mm), WIND SPEED (kmh)

                                                 HEAT     COOL           AVG
      MEAN                                       DEG      DEG            WIND                        DOM
DAY   TEMP    HIGH   TIME      LOW     TIME      DAYS     DAYS   RAIN    SPEED    HIGH    TIME       DIR
----------------------------------------------------------------------------------------------------------------------------------------------------------
01    10.1    14.4   15:21    07.6   23:57     08.2     00.0    00.0   06.7     20.4    22:32      W 
02    12.9    20.5   13:31    06.7   05:09     05.4     00.0    00.0   11.3     44.4    13:41     WNW
03    11.1    14.5   16:03    07.0   07:24     07.2     00.0    00.0   07.2     24.1    10:39      SW
04    09.1    09.9   16:58    07.8   04:50     09.2     00.0    04.0   04.4     12.9    05:17      W 
05    09.2    14.9   16:13    03.7   00:00     09.1     00.0    00.5   05.1     22.2    17:46     SSW
06    04.4    08.4   16:57    00.3   00:00     13.9     00.0    00.9   06.6     33.3    16:57     SSE
07    02.4    06.1   12:32   -01.4   07:09     15.9     00.0    05.2   04.0     14.8    18:45     WSW
08    00.9    01.7   19:43    00.3   08:15     17.4     00.0    21.7   02.0     14.8    18:42      W 
09    02.9    06.0   17:03    00.2   03:45     15.4     00.0    06.8   03.1     16.6    14:31     SSW
10    02.3    04.6   01:04    00.6   00:00     16.0     00.0    20.4   04.7     11.1    08:27     WNW
11    04.3    09.6   15:33    00.6   00:03     14.0     00.0    02.2   06.8     20.4    22:26      W 
12    08.6    14.6   17:17    03.3   00:44     09.7     00.0    00.0   07.6     50.0    14:08     WNW
13    07.6    13.7   15:30    02.9   06:53     10.7     00.0    00.0   09.1     22.2    02:48     WSW
14    07.9    11.5   14:54    04.8   00:06     10.4     00.0    00.0   08.1     27.8    08:39     NNW
15    07.2    12.5   15:29    02.1   06:11     11.1     00.0    00.0   13.2     33.3    15:45      NW
16    08.0    14.2   16:30    02.2   07:06     10.3     00.0    00.0   09.6     25.9    00:09     WSW
17    08.1    13.5   13:45    02.8   04:50     10.2     00.0    00.0   14.4     40.7    09:31      NW
18    07.5    14.1   16:42    01.9   06:34     10.8     00.0    00.0   09.3     20.4    22:17     WSW
19    09.1    16.6   16:13    02.6   06:30     09.2     00.0    00.0   08.3     18.5    13:16     WSW
20    10.4    16.6   16:09    06.1   02:41     07.9     00.0    00.0   07.6     20.4    14:01     WSW
21    11.8    19.0   15:49    05.5   06:29     06.5     00.0    00.0   07.2     18.5    04:27     WSW
22    15.5    22.9   16:26    08.1   04:56     02.8     00.0    00.0   06.7     16.6    19:36     WSW
23    14.4    17.5   13:26    12.0   23:18     03.9     00.0    03.7   04.7     16.6    20:17      W 
24    14.6    19.0   13:07    11.4   07:35     03.7     00.0    05.0   05.4     14.8    05:52      W 
25    14.5    19.1   16:32    10.0   06:42     03.8     00.0    03.8   06.4     16.6    20:16     WSW
26    13.6    18.9   16:01    08.5   06:44     04.7     00.0    00.0   07.3     18.5    06:38     WNW
27    11.4    15.2   17:18    07.5   06:54     06.9     00.0    00.0   04.5     14.8    03:15     WNW
28    13.4    18.5   17:57    09.1   06:45     04.9     00.0    00.0   10.8     44.4    12:02      NW
29    15.4    20.7   17:27    08.4   07:35     02.9     00.0    00.0   10.5     38.9    00:32     WNW
30    14.3    20.2   17:41    07.9   07:50     04.0     00.0    00.0   07.9     22.2    03:03     WSW
31    15.2    21.0   18:09    10.1   07:38     03.1     00.0    00.0   05.8     20.4    22:29      W 
----------------------------------------------------------------------------------------------------------------------------------------------------------
09.6 (9.8)   22.9  day 22    -01.4  day 07   269.3    000.0   073.3   07.3     50.0   day 28      W 
Min <=   30: 31
Max Rain: 21.7 ON 8-03-10
Days of Rain: 11 (> .2mm) 9 (> 2mm) 2 (> 20mm)