MONTHLY CLIMATOLOGICAL SUMMARY for MAR. 2011

NAME: Stenimachos   CITY: Naoussa STATE: Imathia
ELEV: 140 LAT: 040:36:14 LONG: 0022:07:25

                            TEMPERATURE ( C), RAIN (mm), WIND SPEED (kmh)

                                               HEAT     COOL           AVG
      MEAN                                     DEG      DEG            WIND                       DOM
DAY   TEMP    HIGH   TIME     LOW    TIME      DAYS     DAYS    RAIN   SPEED    HIGH    TIME      DIR
----------------------------------------------------------------------------------------------------------------------------------------------------------
01    05.3    06.4   14:14    04.8   00:00     13.0     00.0    00.5   03.0     09.3    14:38     WNW
02    02.6    04.8   00:43    01.8   16:41     15.7     00.0    07.1   03.4     11.1    15:56      N 
03    02.8    05.0   17:40    00.7   05:36     15.5     00.0    07.9   04.2     11.1    21:30      W 
04    05.1    07.1   15:13    03.2   00:07     13.2     00.0    00.0   04.7     11.1    00:25     SSW
05    05.5    06.8   15:36    04.7   08:41     12.8     00.0    07.9   03.0     09.3    14:43      SW
06    06.9    10.6   16:30    04.6   23:11     11.4     00.0    00.6   04.4     12.9    23:42     SSW
07    02.6    06.0   13:45    00.1   22:02     15.7     00.0    07.7   07.3     27.8    11:06     NNE
08    01.6    05.2   15:20   -00.7   07:39     16.7     00.0    00.0   09.3     27.8    18:47     NNW
09    01.7    07.1   15:39   -02.7   02:45     16.6     00.0    00.0   10.9     33.3    12:22     WNW
10    03.6    10.4   16:24   -03.3   06:22     14.7     00.0    00.0   08.9     20.4    23:18      SW
13    08.7    15.4   17:30    00.8   07:08     09.6     00.0    00.0   07.8     20.4    00:53     WSW
14    11.7    17.6   17:07    07.3   00:25     06.6     00.0    00.0   06.5     16.6    23:20     WSW
15    10.8    15.7   16:35    07.2   04:09     07.5     00.0    00.0   07.0     16.6    23:54     WSW
16    11.1    16.8   15:19    07.0   06:36     07.2     00.0    00.0   07.4     18.5    03:47      SW
17    11.1    11.9   02:31    10.0   00:01     07.2     00.0    02.1   03.5     14.8    01:24     WNW
18    12.4    16.0   17:14    09.4   05:41     05.9     00.0    01.7   06.6     16.6    15:40      SW
19    11.1    15.2   11:30    09.2   00:00     07.2     00.0    35.2   05.7     16.6    14:36     WSW
20    09.3    11.0   16:27    07.7   23:57     09.0     00.0    11.1   03.7     14.8    21:56      S 
21    07.8    09.6   15:44    06.3   08:02     10.5     00.0    07.6   02.6     09.3    23:11      S 
22    08.5    11.4   17:38    05.8   08:49     09.8     00.0    01.3   05.8     16.6    11:55     SSW
23    09.8    15.2   17:08    03.3   06:42     08.5     00.0    00.0   08.2     20.4    23:06      W 
24    14.3    19.8   17:38    09.2   07:11     04.0     00.0    00.0   08.7     20.4    20:54      W 
25    14.5    20.3   15:52    09.6   23:53     03.8     00.0    00.0   09.0     20.4    23:07      SW
26    13.7    20.9   16:32    06.2   06:21     04.6     00.0    00.0   07.7     20.4    14:40     WSW
27    15.5    21.0   16:02    09.1   07:13     02.8     00.0    00.0   07.7     20.4    21:06      SW
28    13.7    18.9   15:12    08.4   07:00     04.6     00.0    00.0   07.5     22.2    14:49     WSW
29    12.2    14.4   17:29    09.4   00:00     06.1     00.0    04.7   05.5     16.6    00:00     WSW
30    12.7    17.7   18:12    07.9   07:34     05.6     00.0    00.0   08.4     20.4    23:03      SW
----------------------------------------------------------------------------------------------------------------------------------------------------------
08.8 (9.0)   21.0  day 27    -03.3  day 10   265.7    000.0   095.1   06.4     33.3   day 09     WSW
Min <=   30: 28
Max Rain: 35.2 ON 19-03-11
Days of Rain: 13 (> .2mm) 9 (> 2mm) 1 (> 20mm)