MONTHLY CLIMATOLOGICAL SUMMARY for MAR. 2012

NAME: Stenimachos   CITY: Naousa STATE: Imathia
ELEV: 140 LAT: 040:36:00 LONG: -022:07:00

                            TEMPERATURE ( C), RAIN (mm), WIND SPEED (kmh)

                                               HEAT     COOL           AVG
      MEAN                                     DEG      DEG            WIND                       DOM
DAY   TEMP    HIGH   TIME     LOW    TIME      DAYS     DAYS    RAIN   SPEED    HIGH    TIME      DIR
----------------------------------------------------------------------------------------------------------------------------------------------------------
01    07.8    10.7   16:26    04.0   00:00     10.5     00.0    00.0   14.2     48.1    06:27     NNW
02    08.2    16.1   23:55    01.0   07:04     10.1     00.0    00.0   09.4     29.6    23:43     WSW
03    14.5    21.7   15:04    07.2   07:23     03.8     00.0    00.0   08.8     27.8    13:37     WNW
04    08.3    14.1   16:15    02.0   07:12     10.0     00.0    00.0   09.3     18.5    20:26     WSW
05    08.1    12.2   15:42    03.1   07:16     10.2     00.0    00.0   06.4     16.6    07:12      W 
06    08.1    10.5   16:42    06.3   08:19     10.2     00.0    00.0   04.4     14.8    13:06     WNW
07    05.7    07.4   01:50    04.4   22:07     12.6     00.0    06.9   05.8     18.5    11:29      S 
08    04.8    05.4   14:01    04.3   07:35     13.5     00.0    06.3   01.7     07.4    23:21      NW
09    06.0    07.4   17:12    05.1   08:16     12.3     00.0    11.7   02.0     11.1    00:43      NW
10    05.5    06.2   06:14    04.9   21:05     12.8     00.0    01.6   03.2     16.6    11:13     WSW
11    03.9    05.6   00:00    02.9   11:38     14.4     00.0    01.6   06.7     18.5    09:14      S 
12    06.4    08.2   16:28    03.9   22:06     11.9     00.0    00.3   10.6     33.3    06:46     NNW
13    07.2    11.4   16:02    03.7   07:05     11.1     00.0    00.0   08.9     22.2    10:49      NW
14    09.2    15.0   15:35    03.0   05:12     09.1     00.0    00.0   12.6     33.3    11:04      NW
15    10.2    15.1   13:48    04.1   05:12     08.1     00.0    00.0   12.7     38.9    15:26      NW
16    10.4    16.3   15:32    05.1   00:48     07.9     00.0    00.0   07.5     14.8    02:17     WNW
17    09.7    15.4   17:11    06.5   01:07     08.6     00.0    00.0   07.1     18.5    19:40      W 
18    10.4    18.5   16:39    04.2   06:32     07.9     00.0    00.0   08.3     14.8    19:53     WSW
19    11.2    19.2   15:49    05.7   03:47     07.1     00.0    00.0   07.3     14.8    06:05     WSW
20    13.5    23.6   15:11    05.7   06:58     04.8     00.0    00.0   06.7     18.5    20:18     WSW
21    16.6    23.7   16:58    09.9   05:38     01.7     00.0    00.0   09.4     20.4    04:52     WSW
22    16.0    22.5   14:33    10.6   00:00     02.3     00.0    00.0   10.2     25.9    09:05      SW
23    13.4    20.8   16:20    07.5   05:38     04.9     00.0    00.0   08.4     18.5    04:05     WSW
24    13.9    22.3   16:05    07.2   06:15     04.4     00.0    00.0   08.4     18.5    18:53     WSW
25    15.2    22.0   15:09    09.4   07:33     03.1     00.0    00.0   08.7     16.6    22:23     WSW
26    16.3    21.5   16:07    10.6   05:53     02.0     00.0    00.0   12.7     31.4    13:03      NW
27    12.2    18.3   17:53    06.1   07:40     06.1     00.0    00.0   09.8     24.1    10:04      SW
28    14.9    19.6   15:31    08.4   00:36     03.4     00.0    00.0   12.1     35.1    15:41     NNW
29    14.2    21.9   17:07    06.7   07:49     04.1     00.0    00.0   08.0     20.4    15:45      SW
30    16.6    22.9   14:59    11.7   00:01     01.7     00.0    00.0   09.3     40.7    12:10      W 
31    13.3    19.2   17:32    07.5   07:16     05.0     00.0    00.0   06.7     16.6    22:11      W 
----------------------------------------------------------------------------------------------------------------------------------------------------------
10.7 (10.9)   23.7  day 21     01.0  day 02   235.3    000.0   028.3   08.3     48.1   day 01      W 
Min <=   30: 31
Max Rain: 11.7 ON 9-03-12
Days of Rain: 6 (> .2mm) 3 (> 2mm) 0 (> 20mm)