MONTHLY CLIMATOLOGICAL SUMMARY for MAR. 2013

NAME: Stenimachos   CITY: Naousa STATE: Imathia
ELEV: 140 LAT: 040:36:00 LONG: -022:07:00

                            TEMPERATURE ( C), RAIN (mm), WIND SPEED (kmh)

                                               HEAT     COOL           AVG
      MEAN                                     DEG      DEG            WIND                       DOM
DAY   TEMP    HIGH   TIME     LOW    TIME      DAYS     DAYS    RAIN   SPEED    HIGH    TIME      DIR
----------------------------------------------------------------------------------------------------------------------------------------------------------
13    13.2    15.6   15:42    05.7   20:00     05.1     00.0    00.0   04.5     16.6    20:01     NNW
14    12.3    13.1   21:12    10.8   00:00     06.0     00.0    04.9   09.4     59.2    20:27     WNW
15    10.4    14.9   13:48    04.3   00:00     07.9     00.0    00.6   05.6     27.8    13:52      SW
16    04.8    08.4   13:47    01.9   04:25     13.5     00.0    00.0   05.2     24.1    12:02     ESE
17    04.4    09.0   15:36   -01.5   07:05     13.9     00.0    00.0   07.5     18.5    12:29      S 
18    04.5    07.1   10:35    02.5   06:44     13.8     00.0    04.1   05.0     12.9    05:19      W 
19    09.3    14.3   17:26    04.0   07:02     09.0     00.0    00.0   06.6     22.2    21:51      W 
20    12.4    18.3   16:08    07.5   07:10     05.9     00.0    00.0   08.4     22.2    06:00     WSW
21    12.0    15.5   13:18    08.6   03:07     06.3     00.0    04.4   06.5     46.3    23:01      W 
22    11.5    15.0   15:51    07.5   07:17     06.8     00.0    00.0   16.1     50.0    15:53      NW
23    09.8    15.3   16:18    02.7   06:20     08.5     00.0    00.0   09.4     31.4    00:06     SSW
24    10.2    15.5   14:24    04.8   06:33     08.1     00.0    00.0   07.4     18.5    03:07      W 
25    11.4    13.0   14:24    09.6   00:00     06.9     00.0    01.3   03.8     29.6    21:12      W 
26    13.4    17.3   18:04    09.3   00:11     04.9     00.0    00.9   06.5     24.1    19:38     WSW
27    11.5    14.5   16:02    08.7   06:29     06.8     00.0    00.9   06.1     18.5    02:37     WSW
28    11.2    12.7   15:13    09.2   00:50     07.1     00.0    00.0   04.6     12.9    20:58     WNW
29    10.5    11.3   15:33    10.0   09:57     07.8     00.0    04.4   05.3     14.8    06:41     NNW
30    12.9    14.5   19:17    11.7   06:22     05.4     00.0    01.6   03.4     20.4    22:18     WNW
----------------------------------------------------------------------------------------------------------------------------------------------------------
10.3 (10.1)   18.3  day 20    -01.5  day 17   151.1    000.0   037.3   06.5     59.2   day 22     WNW
Min <=   30: 19
Max Rain: 4.9 ON 14-03-13
Days of Rain: 10 (> .2mm) 4 (> 2mm) 0 (> 20mm)