MONTHLY CLIMATOLOGICAL SUMMARY for MAR. 2014

NAME: Stenimachos   CITY: Naousa STATE: Imathia
ELEV: 140 LAT: 040:36:00 LONG: -022:07:00

                            TEMPERATURE ( C), RAIN (mm), WIND SPEED (kmh)

                                               HEAT     COOL           AVG
      MEAN                                     DEG      DEG            WIND                       DOM
DAY   TEMP    HIGH   TIME     LOW    TIME      DAYS     DAYS    RAIN   SPEED    HIGH    TIME      DIR
----------------------------------------------------------------------------------------------------------------------------------------------------------
01    09.0    10.7   13:02    06.3   05:22     09.3     00.0    18.1   04.9     16.6    02:03     WSW
02    09.4    11.7   17:01    07.4   21:22     08.9     00.0    14.2   04.2     18.5    19:23      W 
03    08.4    10.1   15:24    07.4   00:00     09.9     00.0    05.0   05.3     14.8    22:30     WSW
04    09.7    14.4   14:13    04.6   07:23     08.6     00.0    04.1   07.5     20.4    03:22      W 
05    09.1    13.7   14:40    05.5   06:38     09.2     00.0    13.2   09.0     31.4    17:39     WSW
06    09.7    14.7   15:52    05.4   05:29     08.6     00.0    01.9   07.8     24.1    19:51     WSW
07    09.2    10.1   23:35    08.2   07:55     09.1     00.0    10.1   06.6     16.6    23:09     WSW
08    11.3    15.4   14:46    08.5   23:00     07.0     00.0    02.7   07.6     22.2    17:45     WNW
09    09.0    12.3   13:03    06.0   03:24     09.3     00.0    03.2   06.3     20.4    23:01     WSW
10    06.6    09.4   15:05    04.3   00:00     11.7     00.0    03.2   06.3     20.4    20:29     WSW
11    06.4    09.6   14:42    03.6   04:42     11.9     00.0    01.0   05.3     16.6    12:40     WSW
12    11.5    17.8   16:26    04.7   07:25     06.8     00.0    00.0   07.9     25.9    20:59     WSW
13    11.2    17.1   17:05    05.8   07:17     07.1     00.0    00.0   09.5     20.4    20:39     WSW
14    10.3    16.7   17:06    05.0   07:23     08.0     00.0    00.0   07.9     16.6    20:20     WSW
15    10.5    17.3   15:39    05.3   06:54     07.8     00.0    00.0   07.1     16.6    06:57     WSW
16    13.4    18.9   16:18    08.5   00:39     04.9     00.0    00.0   09.2     25.9    11:51     WNW
17    16.8    21.1   17:03    11.0   00:10     01.5     00.0    00.0   11.8     38.9    11:20      NW
18    16.5    24.7   17:19    10.1   06:33     01.8     00.0    00.0   09.3     22.2    20:33     WSW
19    16.2    23.7   16:23    09.3   06:49     02.1     00.0    00.0   09.7     44.4    22:24      W 
20    14.6    19.7   15:37    08.6   06:57     03.7     00.0    00.0   08.5     38.9    04:01      W 
21    12.9    19.5   15:41    07.0   06:40     05.4     00.0    00.0   09.0     27.8    15:01      SW
22    13.7    20.7   15:15    07.1   06:47     04.6     00.0    00.0   07.8     20.4    01:46     WSW
23    14.1    21.0   16:10    07.7   06:52     04.2     00.0    00.0   06.9     18.5    07:01     WSW
24    13.7    17.6   16:39    09.0   06:54     04.6     00.0    00.0   07.7     29.6    23:46      W 
25    13.7    17.9   17:50    08.6   00:00     04.6     00.0    00.0   07.2     29.6    03:35     SSW
26    10.7    13.9   15:16    08.1   23:00     07.6     00.0    00.8   06.9     16.6    22:58      W 
27    10.3    12.4   16:32    07.7   00:00     08.0     00.0    09.1   05.2     62.9    20:06     WSW
28    10.9    14.7   17:25    06.7   03:58     07.4     00.0    01.3   07.0     20.4    03:37      W 
29    14.3    19.9   16:00    10.2   05:39     04.0     00.0    01.6   07.5     20.4    05:59      W 
30    11.7    13.4   15:02    10.4   00:00     06.6     00.0    00.0   04.9     16.6    13:28     NNW
31    12.6    18.6   17:38    08.7   08:41     05.7     00.0    00.0   04.2     16.6    13:47      S 
----------------------------------------------------------------------------------------------------------------------------------------------------------
11.5 (11.7)   24.7  day 18     03.6  day 11   210.0    000.0   089.8   07.3     62.9   day 27     WSW
Min <=   30: 31
Max Rain: 18.1 ON 1-03-14
Days of Rain: 15 (> .2mm) 10 (> 2mm) 0 (> 20mm)