MONTHLY CLIMATOLOGICAL SUMMARY for MAR. 2015

NAME: Stenimachos   CITY: Naousa STATE: Imathia
ELEV: 140 LAT: 040:36:00 LONG: -022:07:00

                            TEMPERATURE ( C), RAIN (mm), WIND SPEED (kmh)

                                               HEAT     COOL           AVG
      MEAN                                     DEG      DEG            WIND                       DOM
DAY   TEMP    HIGH   TIME     LOW    TIME      DAYS     DAYS    RAIN   SPEED    HIGH    TIME      DIR
----------------------------------------------------------------------------------------------------------------------------------------------------------
01    09.8    11.4   15:16    06.9   21:29     08.5     00.0    07.0   04.6     14.8    21:11      W 
02    08.1    10.8   16:56    05.0   07:10     10.2     00.0    00.0   05.7     14.8    01:28      W 
03    11.2    15.9   15:02    07.8   07:14     07.1     00.0    00.0   07.3     22.2    14:10     WNW
04    08.4    13.3   16:42    03.2   05:57     09.9     00.0    00.0   08.3     18.5    17:02      SW
05    06.2    08.0   00:05    05.5   00:00     12.1     00.0    12.8   02.7     09.3    07:46     WNW
06    06.8    09.0   10:47    04.8   00:00     11.5     00.0    38.3   05.6     24.1    19:31     WSW
07    05.4    06.5   14:08    04.1   03:51     12.9     00.0    10.7   03.8     14.8    22:15     WSW
08    04.4    05.5   00:09    02.4   08:38     13.9     00.0    08.9   03.2     16.6    02:54      W 
09    05.6    07.0   17:11    04.6   03:12     12.7     00.0    00.0   04.5     12.9    13:28      SW
10    06.3    08.7   14:50    04.7   06:08     12.0     00.0    00.0   05.6     12.9    19:18      SW
11    06.2    07.9   16:07    05.1   00:36     12.1     00.0    03.3   03.4     12.9    00:46      SW
12    07.2    12.4   14:34    02.2   06:19     11.1     00.0    00.0   09.6     27.8    14:17     WNW
13    06.7    11.3   14:25    01.5   06:24     11.6     00.0    00.0   07.3     18.5    02:22     WSW
14    08.6    13.7   17:20    03.9   07:22     09.7     00.0    00.0   07.6     18.5    23:53     WSW
15    08.7    15.2   15:45    02.8   07:07     09.6     00.0    00.0   08.6     20.4    21:33     WSW
16    08.5    11.7   17:10    05.4   02:22     09.8     00.0    00.0   06.1     16.6    22:09     WSW
17    09.3    13.3   15:57    05.0   00:00     09.0     00.0    00.0   06.4     16.6    19:07      SW
18    05.4    07.3   10:17    03.1   00:00     12.9     00.0    00.0   04.9     14.8    10:38      NW
19    04.4    07.0   14:40    01.0   01:51     13.9     00.0    08.1   04.6     20.4    22:41      W 
20    05.7    10.5   14:37    01.0   06:17     12.6     00.0    00.0   10.2     27.8    16:15     WNW
21    07.7    14.7   14:37    02.0   07:08     10.6     00.0    00.0   09.3     20.4    03:40     WSW
22    08.2    12.8   15:15    02.8   04:33     10.1     00.0    00.3   06.9     18.5    03:38      W 
23    08.4    10.3   14:40    06.5   01:25     09.9     00.0    09.2   04.7     14.8    02:11      W 
24    08.9    09.7   16:04    08.4   06:47     09.4     00.0    03.1   02.9     12.9    12:34      N 
25    08.8    09.4   14:02    08.3   23:03     09.5     00.0    19.7   02.6     09.3    15:47     NNW
26    09.5    10.6   00:00    08.4   05:44     08.8     00.0    07.6   02.9     09.3    22:30      W 
27    11.4    13.0   18:08    10.5   04:45     06.9     00.0    30.1   02.8     07.4    23:50     WNW
28    11.3    13.3   15:15    10.0   00:00     07.0     00.0    03.2   04.1     12.9    20:28      W 
29    11.1    14.8   17:48    07.9   04:42     07.2     00.0    00.0   08.5     24.1    11:43     WNW
30    11.2    16.2   15:31    05.1   06:43     07.1     00.0    00.0   06.4     16.6    06:34     WSW
31    14.1    20.0   17:21    09.2   05:37     04.2     00.0    00.0   08.2     22.2    12:33      SW
----------------------------------------------------------------------------------------------------------------------------------------------------------
08.2 (8.2)   20.0  day 31     01.0  day 20   313.9    000.0   162.3   05.8     27.8   day 12      W 
Min <=   30: 31
Max Rain: 38.3 ON 6-03-15
Days of Rain: 14 (> .2mm) 13 (> 2mm) 2 (> 20mm)